Last updated on 2025-07-04 09:49:53 CEST.
Flavor | Version | Tinstall | Tcheck | Ttotal | Status | Flags |
---|---|---|---|---|---|---|
r-devel-linux-x86_64-debian-clang | 0.0.4 | 9.08 | 63.96 | 73.04 | OK | |
r-devel-linux-x86_64-debian-gcc | 0.0.4 | 7.13 | 49.21 | 56.34 | OK | |
r-devel-linux-x86_64-fedora-clang | 0.0.4 | 104.25 | OK | |||
r-devel-linux-x86_64-fedora-gcc | 0.0.4 | 110.60 | OK | |||
r-devel-windows-x86_64 | 0.0.4 | 12.00 | 75.00 | 87.00 | OK | |
r-patched-linux-x86_64 | 0.0.4 | 9.86 | 60.54 | 70.40 | OK | |
r-release-linux-x86_64 | 0.0.4 | 9.21 | 61.39 | 70.60 | OK | |
r-release-macos-arm64 | 0.0.4 | 41.00 | OK | |||
r-release-macos-x86_64 | 0.0.4 | 72.00 | OK | |||
r-release-windows-x86_64 | 0.0.4 | 12.00 | 79.00 | 91.00 | OK | |
r-oldrel-macos-arm64 | 0.0.4 | 52.00 | NOTE | |||
r-oldrel-macos-x86_64 | 0.0.4 | 85.00 | NOTE | |||
r-oldrel-windows-x86_64 | 0.0.4 | 16.00 | 87.00 | 103.00 | OK |
Version: 0.0.4
Check: package dependencies
Result: NOTE
Package suggested but not available for checking: ‘INLA’
Flavors: r-oldrel-macos-arm64, r-oldrel-macos-x86_64
Version: 0.0.4
Check: Rd cross-references
Result: NOTE
Package unavailable to check Rd xrefs: ‘INLA’
Flavors: r-oldrel-macos-arm64, r-oldrel-macos-x86_64