Last updated on 2025-02-16 09:50:41 CET.
Flavor | Version | Tinstall | Tcheck | Ttotal | Status | Flags |
---|---|---|---|---|---|---|
r-devel-linux-x86_64-debian-clang | 1.1 | 6.03 | 48.14 | 54.17 | OK | |
r-devel-linux-x86_64-debian-gcc | 1.1 | 4.51 | 36.37 | 40.88 | OK | |
r-devel-linux-x86_64-fedora-clang | 1.1 | 89.32 | OK | |||
r-devel-linux-x86_64-fedora-gcc | 1.1 | 81.80 | OK | |||
r-devel-macos-arm64 | 1.1 | 28.00 | OK | |||
r-devel-macos-x86_64 | 1.1 | 48.00 | OK | |||
r-devel-windows-x86_64 | 1.1 | 7.00 | 73.00 | 80.00 | OK | |
r-patched-linux-x86_64 | 1.1 | 5.72 | 44.92 | 50.64 | NOTE | |
r-release-linux-x86_64 | 1.1 | 5.55 | 45.82 | 51.37 | NOTE | |
r-release-macos-arm64 | 1.1 | 28.00 | NOTE | |||
r-release-macos-x86_64 | 1.1 | 41.00 | NOTE | |||
r-release-windows-x86_64 | 1.1 | 7.00 | 69.00 | 76.00 | NOTE | |
r-oldrel-macos-arm64 | 1.1 | 29.00 | NOTE | |||
r-oldrel-macos-x86_64 | 1.1 | 40.00 | NOTE | |||
r-oldrel-windows-x86_64 | 1.1 | 10.00 | 101.00 | 111.00 | NOTE |
Version: 1.1
Check: LazyData
Result: NOTE
'LazyData' is specified without a 'data' directory
Flavors: r-patched-linux-x86_64, r-release-linux-x86_64, r-release-macos-arm64, r-release-macos-x86_64, r-release-windows-x86_64, r-oldrel-macos-arm64, r-oldrel-macos-x86_64, r-oldrel-windows-x86_64