Last updated on 2025-02-19 09:50:51 CET.
Flavor | Version | Tinstall | Tcheck | Ttotal | Status | Flags |
---|---|---|---|---|---|---|
r-devel-linux-x86_64-debian-clang | 0.3 | 10.10 | 79.60 | 89.70 | NOTE | |
r-devel-linux-x86_64-debian-gcc | 0.3 | 6.36 | 57.53 | 63.89 | NOTE | |
r-devel-linux-x86_64-fedora-clang | 0.3 | 148.63 | NOTE | |||
r-devel-linux-x86_64-fedora-gcc | 0.3 | 135.55 | NOTE | |||
r-devel-macos-arm64 | 0.3 | 42.00 | NOTE | |||
r-devel-macos-x86_64 | 0.3 | 77.00 | NOTE | |||
r-devel-windows-x86_64 | 0.3 | 11.00 | 92.00 | 103.00 | NOTE | |
r-patched-linux-x86_64 | 0.3 | 9.85 | 75.15 | 85.00 | NOTE | |
r-release-linux-x86_64 | 0.3 | 9.38 | 74.14 | 83.52 | NOTE | |
r-release-macos-arm64 | 0.3 | 42.00 | NOTE | |||
r-release-macos-x86_64 | 0.3 | 59.00 | NOTE | |||
r-release-windows-x86_64 | 0.3 | 10.00 | 101.00 | 111.00 | NOTE | |
r-oldrel-macos-arm64 | 0.3 | 46.00 | OK | |||
r-oldrel-macos-x86_64 | 0.3 | 73.00 | OK | |||
r-oldrel-windows-x86_64 | 0.3 | 15.00 | 112.00 | 127.00 | OK |
Version: 0.3
Check: Rd files
Result: NOTE
checkRd: (-1) lab.qcs.Rd:24: Lost braces
24 | It develops an object of \code{lab.qcs}-code{link{class}} to perform statistical quality control.
| ^
checkRd: (-1) lab.qcs.Rd:24: Lost braces
24 | It develops an object of \code{lab.qcs}-code{link{class}} to perform statistical quality control.
| ^
Flavors: r-devel-linux-x86_64-debian-clang, r-devel-linux-x86_64-debian-gcc, r-devel-linux-x86_64-fedora-clang, r-devel-linux-x86_64-fedora-gcc, r-devel-macos-arm64, r-devel-macos-x86_64, r-devel-windows-x86_64, r-patched-linux-x86_64, r-release-linux-x86_64, r-release-macos-arm64, r-release-macos-x86_64, r-release-windows-x86_64