Last updated on 2025-02-19 09:50:51 CET.
Flavor | Version | Tinstall | Tcheck | Ttotal | Status | Flags |
---|---|---|---|---|---|---|
r-devel-linux-x86_64-debian-clang | 0.2.1 | 56.16 | 131.69 | 187.85 | OK | |
r-devel-linux-x86_64-debian-gcc | 0.2.1 | 42.43 | 83.82 | 126.25 | OK | |
r-devel-linux-x86_64-fedora-clang | 0.2.1 | 324.97 | OK | |||
r-devel-linux-x86_64-fedora-gcc | 0.2.1 | 311.87 | OK | |||
r-devel-macos-arm64 | 0.2.1 | 69.00 | OK | |||
r-devel-macos-x86_64 | 0.2.1 | 130.00 | OK | |||
r-devel-windows-x86_64 | 0.2.1 | 64.00 | 179.00 | 243.00 | OK | |
r-patched-linux-x86_64 | 0.2.1 | 61.99 | 122.53 | 184.52 | NOTE | |
r-release-linux-x86_64 | 0.2.1 | 55.82 | 122.19 | 178.01 | NOTE | |
r-release-macos-arm64 | 0.2.1 | 66.00 | NOTE | |||
r-release-macos-x86_64 | 0.2.1 | 106.00 | NOTE | |||
r-release-windows-x86_64 | 0.2.1 | 64.00 | 169.00 | 233.00 | NOTE | |
r-oldrel-macos-arm64 | 0.2.1 | 78.00 | NOTE | |||
r-oldrel-macos-x86_64 | 0.2.1 | 149.00 | NOTE | |||
r-oldrel-windows-x86_64 | 0.2.1 | 78.00 | 203.00 | 281.00 | NOTE |
Version: 0.2.1
Check: package dependencies
Result: NOTE
Package suggested but not available for checking: ‘IFCdata’
Flavors: r-patched-linux-x86_64, r-release-linux-x86_64, r-release-macos-arm64, r-release-macos-x86_64, r-release-windows-x86_64, r-oldrel-macos-arm64, r-oldrel-macos-x86_64, r-oldrel-windows-x86_64
Version: 0.2.1
Check: installed package size
Result: NOTE
installed size is 7.4Mb
sub-directories of 1Mb or more:
R 2.0Mb
libs 4.6Mb
Flavors: r-release-macos-arm64, r-release-macos-x86_64, r-oldrel-macos-arm64, r-oldrel-macos-x86_64