Last updated on 2025-02-19 09:50:51 CET.
Flavor | Version | Tinstall | Tcheck | Ttotal | Status | Flags |
---|---|---|---|---|---|---|
r-devel-linux-x86_64-debian-clang | 0.1.0 | 14.82 | 109.67 | 124.49 | OK | |
r-devel-linux-x86_64-debian-gcc | 0.1.0 | 10.95 | 79.64 | 90.59 | OK | |
r-devel-linux-x86_64-fedora-clang | 0.1.0 | 207.67 | OK | |||
r-devel-linux-x86_64-fedora-gcc | 0.1.0 | 202.37 | OK | |||
r-devel-macos-arm64 | 0.1.0 | 70.00 | OK | |||
r-devel-macos-x86_64 | 0.1.0 | 125.00 | OK | |||
r-devel-windows-x86_64 | 0.1.0 | 16.00 | 111.00 | 127.00 | OK | |
r-patched-linux-x86_64 | 0.1.0 | 14.95 | 102.09 | 117.04 | OK | |
r-release-linux-x86_64 | 0.1.0 | 12.91 | 100.89 | 113.80 | OK | |
r-release-macos-arm64 | 0.1.0 | 64.00 | NOTE | |||
r-release-macos-x86_64 | 0.1.0 | 93.00 | NOTE | |||
r-release-windows-x86_64 | 0.1.0 | 17.00 | 111.00 | 128.00 | OK | |
r-oldrel-macos-arm64 | 0.1.0 | 64.00 | NOTE | |||
r-oldrel-macos-x86_64 | 0.1.0 | 77.00 | NOTE | |||
r-oldrel-windows-x86_64 | 0.1.0 | 23.00 | 136.00 | 159.00 | OK |
Version: 0.1.0
Check: installed package size
Result: NOTE
installed size is 5.2Mb
sub-directories of 1Mb or more:
data 5.0Mb
Flavors: r-release-macos-arm64, r-release-macos-x86_64, r-oldrel-macos-arm64, r-oldrel-macos-x86_64