Last updated on 2025-02-16 09:50:41 CET.
Flavor | Version | Tinstall | Tcheck | Ttotal | Status | Flags |
---|---|---|---|---|---|---|
r-devel-linux-x86_64-debian-clang | 0.5.1 | 8.19 | 82.44 | 90.63 | OK | |
r-devel-linux-x86_64-debian-gcc | 0.5.1 | 5.74 | 60.80 | 66.54 | OK | |
r-devel-linux-x86_64-fedora-clang | 0.5.1 | 149.72 | OK | |||
r-devel-linux-x86_64-fedora-gcc | 0.5.1 | 130.58 | OK | |||
r-devel-macos-arm64 | 0.5.1 | 41.00 | OK | |||
r-devel-macos-x86_64 | 0.5.1 | 90.00 | OK | |||
r-devel-windows-x86_64 | 0.5.1 | 10.00 | 88.00 | 98.00 | OK | |
r-patched-linux-x86_64 | 0.5.1 | 7.70 | 75.93 | 83.63 | NOTE | |
r-release-linux-x86_64 | 0.5.1 | 7.70 | 76.29 | 83.99 | NOTE | |
r-release-macos-arm64 | 0.5.1 | 42.00 | NOTE | |||
r-release-macos-x86_64 | 0.5.1 | 62.00 | NOTE | |||
r-release-windows-x86_64 | 0.5.1 | 10.00 | 90.00 | 100.00 | NOTE | |
r-oldrel-macos-arm64 | 0.5.1 | 54.00 | NOTE | |||
r-oldrel-macos-x86_64 | 0.5.1 | 83.00 | NOTE | |||
r-oldrel-windows-x86_64 | 0.5.1 | 13.00 | 107.00 | 120.00 | NOTE |
Version: 0.5.1
Check: LazyData
Result: NOTE
'LazyData' is specified without a 'data' directory
Flavors: r-patched-linux-x86_64, r-release-linux-x86_64, r-release-macos-arm64, r-release-macos-x86_64, r-release-windows-x86_64, r-oldrel-macos-arm64, r-oldrel-macos-x86_64, r-oldrel-windows-x86_64
Version: 0.5.1
Check: package dependencies
Result: NOTE
Package suggested but not available for checking: ‘LTRCtrees’
Flavor: r-oldrel-macos-x86_64
Version: 0.5.1
Check: Rd cross-references
Result: NOTE
Package unavailable to check Rd xrefs: ‘LTRCtrees’
Flavor: r-oldrel-macos-x86_64