Last updated on 2025-02-19 09:50:51 CET.
Flavor | Version | Tinstall | Tcheck | Ttotal | Status | Flags |
---|---|---|---|---|---|---|
r-devel-linux-x86_64-debian-clang | 1.0-15 | 3.40 | 217.12 | 220.52 | OK | |
r-devel-linux-x86_64-debian-gcc | 1.0-15 | 2.28 | 168.55 | 170.83 | OK | |
r-devel-linux-x86_64-fedora-clang | 1.0-15 | 359.28 | OK | |||
r-devel-linux-x86_64-fedora-gcc | 1.0-15 | 365.90 | OK | |||
r-devel-macos-arm64 | 1.0-15 | 159.00 | OK | |||
r-devel-macos-x86_64 | 1.0-15 | 490.00 | OK | |||
r-devel-windows-x86_64 | 1.0-15 | 6.00 | 87.00 | 93.00 | OK | --no-vignettes |
r-patched-linux-x86_64 | 1.0-15 | 4.15 | 210.10 | 214.25 | OK | |
r-release-linux-x86_64 | 1.0-15 | 3.58 | 208.84 | 212.42 | OK | |
r-release-macos-arm64 | 1.0-15 | 150.00 | OK | |||
r-release-macos-x86_64 | 1.0-15 | 559.00 | OK | |||
r-release-windows-x86_64 | 1.0-15 | 5.00 | 67.00 | 72.00 | OK | --no-vignettes |
r-oldrel-macos-arm64 | 1.0-15 | 233.00 | OK | |||
r-oldrel-macos-x86_64 | 1.0-15 | 594.00 | NOTE | |||
r-oldrel-windows-x86_64 | 1.0-15 | 6.00 | 105.00 | 111.00 | OK | --no-vignettes |
Version: 1.0-15
Check: re-building of vignette outputs
Result: NOTE
Note: skipping ‘Ch_cluster_analysis.Rnw’ due to unavailable dependencies:
'mvtnorm'
Flavor: r-oldrel-macos-x86_64