Last updated on 2025-02-16 09:50:41 CET.
Flavor | Version | Tinstall | Tcheck | Ttotal | Status | Flags |
---|---|---|---|---|---|---|
r-devel-linux-x86_64-debian-clang | 0.2-6 | 3.69 | 34.56 | 38.25 | NOTE | |
r-devel-linux-x86_64-debian-gcc | 0.2-6 | 2.95 | 25.80 | 28.75 | NOTE | |
r-devel-linux-x86_64-fedora-clang | 0.2-6 | 65.15 | OK | |||
r-devel-linux-x86_64-fedora-gcc | 0.2-6 | 58.06 | OK | |||
r-devel-macos-arm64 | 0.2-6 | 23.00 | OK | |||
r-devel-macos-x86_64 | 0.2-6 | 39.00 | OK | |||
r-devel-windows-x86_64 | 0.2-6 | 6.00 | 67.00 | 73.00 | NOTE | |
r-patched-linux-x86_64 | 0.2-6 | 6.90 | 32.33 | 39.23 | OK | |
r-release-linux-x86_64 | 0.2-6 | 3.03 | 32.27 | 35.30 | OK | |
r-release-macos-arm64 | 0.2-6 | 19.00 | OK | |||
r-release-macos-x86_64 | 0.2-6 | 31.00 | OK | |||
r-release-windows-x86_64 | 0.2-6 | 5.00 | 62.00 | 67.00 | OK | |
r-oldrel-macos-arm64 | 0.2-6 | 23.00 | OK | |||
r-oldrel-macos-x86_64 | 0.2-6 | 28.00 | OK | |||
r-oldrel-windows-x86_64 | 0.2-6 | 7.00 | 63.00 | 70.00 | OK |
Version: 0.2-6
Check: Rd cross-references
Result: NOTE
Found the following Rd file(s) with Rd \link{} targets missing package
anchors:
fh_hetop.Rd: jags
Please provide package anchors for all Rd \link{} targets not in the
package itself and the base packages.
Flavors: r-devel-linux-x86_64-debian-clang, r-devel-linux-x86_64-debian-gcc, r-devel-windows-x86_64