Last updated on 2025-02-16 09:50:41 CET.
Flavor | Version | Tinstall | Tcheck | Ttotal | Status | Flags |
---|---|---|---|---|---|---|
r-devel-linux-x86_64-debian-clang | 0.0.2 | 11.13 | 132.38 | 143.51 | OK | |
r-devel-linux-x86_64-debian-gcc | 0.0.2 | 7.42 | 90.57 | 97.99 | OK | |
r-devel-linux-x86_64-fedora-clang | 0.0.2 | 244.94 | OK | |||
r-devel-linux-x86_64-fedora-gcc | 0.0.2 | 235.42 | OK | |||
r-devel-macos-arm64 | 0.0.2 | 59.00 | OK | |||
r-devel-macos-x86_64 | 0.0.2 | 113.00 | OK | |||
r-devel-windows-x86_64 | 0.0.2 | 14.00 | 130.00 | 144.00 | OK | |
r-patched-linux-x86_64 | 0.0.2 | 12.45 | 123.91 | 136.36 | OK | |
r-release-linux-x86_64 | 0.0.2 | 10.12 | 123.23 | 133.35 | OK | |
r-release-macos-arm64 | 0.0.2 | 63.00 | OK | |||
r-release-macos-x86_64 | 0.0.2 | 210.00 | OK | |||
r-release-windows-x86_64 | 0.0.2 | 13.00 | 132.00 | 145.00 | OK | |
r-oldrel-macos-arm64 | 0.0.2 | 66.00 | OK | |||
r-oldrel-macos-x86_64 | 0.0.2 | 164.00 | NOTE | |||
r-oldrel-windows-x86_64 | 0.0.2 | 17.00 | 159.00 | 176.00 | OK |
Version: 0.0.2
Check: re-building of vignette outputs
Result: NOTE
Error(s) in re-building vignettes:
...
--- re-building ‘HDXBoxeR.Rmd’ using rmarkdown
Error: processing vignette 'HDXBoxeR.Rmd' failed with diagnostics:
Error writing to connection: No space left on device
--- failed re-building ‘HDXBoxeR.Rmd’
SUMMARY: processing the following file failed:
‘HDXBoxeR.Rmd’
Error: Vignette re-building failed.
Execution halted
Flavor: r-oldrel-macos-x86_64