Last updated on 2025-02-19 09:50:51 CET.
Flavor | Version | Tinstall | Tcheck | Ttotal | Status | Flags |
---|---|---|---|---|---|---|
r-devel-linux-x86_64-debian-clang | 2.0.2 | 45.94 | 78.36 | 124.30 | NOTE | |
r-devel-linux-x86_64-debian-gcc | 2.0.2 | 34.80 | 56.09 | 90.89 | NOTE | |
r-devel-linux-x86_64-fedora-clang | 2.0.2 | 219.27 | NOTE | |||
r-devel-linux-x86_64-fedora-gcc | 2.0.2 | 221.86 | NOTE | |||
r-devel-macos-arm64 | 2.0.2 | 68.00 | NOTE | |||
r-devel-macos-x86_64 | 2.0.2 | 117.00 | NOTE | |||
r-devel-windows-x86_64 | 2.0.2 | 51.00 | 103.00 | 154.00 | NOTE | |
r-patched-linux-x86_64 | 2.0.2 | 47.78 | 69.49 | 117.27 | NOTE | |
r-release-linux-x86_64 | 2.0.2 | 52.20 | 69.14 | 121.34 | NOTE | |
r-release-macos-arm64 | 2.0.2 | 67.00 | NOTE | |||
r-release-macos-x86_64 | 2.0.2 | 87.00 | NOTE | |||
r-release-windows-x86_64 | 2.0.2 | 51.00 | 102.00 | 153.00 | NOTE | |
r-oldrel-macos-arm64 | 2.0.2 | 70.00 | NOTE | |||
r-oldrel-macos-x86_64 | 2.0.2 | 115.00 | NOTE | |||
r-oldrel-windows-x86_64 | 2.0.2 | 65.00 | 149.00 | 214.00 | NOTE |
Version: 2.0.2
Check: C++ specification
Result: NOTE
Specified C++11: please drop specification unless essential
Flavors: r-devel-linux-x86_64-debian-clang, r-devel-linux-x86_64-debian-gcc, r-devel-linux-x86_64-fedora-clang, r-devel-linux-x86_64-fedora-gcc, r-devel-macos-arm64, r-devel-macos-x86_64, r-devel-windows-x86_64, r-patched-linux-x86_64, r-release-linux-x86_64, r-release-macos-arm64, r-release-macos-x86_64, r-release-windows-x86_64, r-oldrel-macos-arm64, r-oldrel-macos-x86_64, r-oldrel-windows-x86_64