Last updated on 2025-02-19 09:50:50 CET.
Flavor | Version | Tinstall | Tcheck | Ttotal | Status | Flags |
---|---|---|---|---|---|---|
r-devel-linux-x86_64-debian-clang | 0.1.0 | 4.70 | 44.30 | 49.00 | OK | |
r-devel-linux-x86_64-debian-gcc | 0.1.0 | 3.10 | 32.49 | 35.59 | OK | |
r-devel-linux-x86_64-fedora-clang | 0.1.0 | 76.72 | NOTE | |||
r-devel-linux-x86_64-fedora-gcc | 0.1.0 | 73.69 | NOTE | |||
r-devel-macos-arm64 | 0.1.0 | 27.00 | OK | |||
r-devel-macos-x86_64 | 0.1.0 | 47.00 | OK | |||
r-devel-windows-x86_64 | 0.1.0 | 6.00 | 64.00 | 70.00 | OK | |
r-patched-linux-x86_64 | 0.1.0 | 3.93 | 40.53 | 44.46 | OK | |
r-release-linux-x86_64 | 0.1.0 | 3.99 | 40.73 | 44.72 | OK | |
r-release-macos-arm64 | 0.1.0 | 25.00 | OK | |||
r-release-macos-x86_64 | 0.1.0 | 36.00 | OK | |||
r-release-windows-x86_64 | 0.1.0 | 5.00 | 64.00 | 69.00 | OK | |
r-oldrel-macos-arm64 | 0.1.0 | 27.00 | OK | |||
r-oldrel-macos-x86_64 | 0.1.0 | 37.00 | OK | |||
r-oldrel-windows-x86_64 | 0.1.0 | 7.00 | 70.00 | 77.00 | OK |
Version: 0.1.0
Check: dependencies in R code
Result: NOTE
Namespace in Imports field not imported from: ‘velociraptr’
All declared Imports should be used.
Flavors: r-devel-linux-x86_64-fedora-clang, r-devel-linux-x86_64-fedora-gcc