CRAN Package Check Results for Package GeneralizedWendland

Last updated on 2025-04-15 09:52:21 CEST.

Flavor Version Tinstall Tcheck Ttotal Status Flags
r-devel-linux-x86_64-debian-clang 0.6.0 29.15 99.87 129.02 NOTE
r-devel-linux-x86_64-debian-gcc 0.6.0 20.85 70.31 91.16 NOTE
r-devel-linux-x86_64-fedora-clang 0.6.0 216.11 OK
r-devel-linux-x86_64-fedora-gcc 0.6.0 217.26 OK
r-devel-windows-x86_64 0.6.0 32.00 126.00 158.00 NOTE
r-patched-linux-x86_64 0.6.0 27.96 98.20 126.16 NOTE
r-release-linux-x86_64 0.6.0 28.03 99.45 127.48 NOTE
r-release-macos-arm64 0.6.0 67.00 OK
r-release-macos-x86_64 0.6.0 123.00 OK
r-release-windows-x86_64 0.6.0 32.00 127.00 159.00 NOTE
r-oldrel-macos-arm64 0.6.0 61.00 OK
r-oldrel-macos-x86_64 0.6.0 95.00 OK
r-oldrel-windows-x86_64 0.6.0 38.00 157.00 195.00 OK

Check Details

Version: 0.6.0
Check: Rd cross-references
Result: NOTE Found the following Rd file(s) with Rd \link{} targets missing package anchors: factory-mleFactory.Rd: optimParallel factory-optimFactory.Rd: optimParallel Please provide package anchors for all Rd \link{} targets not in the package itself and the base packages. Flavors: r-devel-linux-x86_64-debian-clang, r-devel-linux-x86_64-debian-gcc, r-devel-windows-x86_64, r-patched-linux-x86_64, r-release-linux-x86_64, r-release-windows-x86_64