Last updated on 2025-02-16 09:50:39 CET.
Flavor | Version | Tinstall | Tcheck | Ttotal | Status | Flags |
---|---|---|---|---|---|---|
r-devel-linux-x86_64-debian-clang | 0.8-6 | 8.65 | 77.39 | 86.04 | NOTE | |
r-devel-linux-x86_64-debian-gcc | 0.8-6 | 5.92 | 53.37 | 59.29 | NOTE | |
r-devel-linux-x86_64-fedora-clang | 0.8-6 | 146.75 | OK | |||
r-devel-linux-x86_64-fedora-gcc | 0.8-6 | 131.58 | OK | |||
r-devel-macos-arm64 | 0.8-6 | 38.00 | OK | |||
r-devel-macos-x86_64 | 0.8-6 | 107.00 | OK | |||
r-devel-windows-x86_64 | 0.8-6 | 10.00 | 102.00 | 112.00 | NOTE | |
r-patched-linux-x86_64 | 0.8-6 | 12.95 | 73.28 | 86.23 | OK | |
r-release-linux-x86_64 | 0.8-6 | 8.28 | 72.18 | 80.46 | OK | |
r-release-macos-arm64 | 0.8-6 | 37.00 | OK | |||
r-release-macos-x86_64 | 0.8-6 | 57.00 | OK | |||
r-release-windows-x86_64 | 0.8-6 | 11.00 | 103.00 | 114.00 | OK | |
r-oldrel-macos-arm64 | 0.8-6 | 42.00 | OK | |||
r-oldrel-macos-x86_64 | 0.8-6 | 109.00 | OK | |||
r-oldrel-windows-x86_64 | 0.8-6 | 14.00 | 135.00 | 149.00 | OK |
Version: 0.8-6
Check: Rd cross-references
Result: NOTE
Found the following Rd file(s) with Rd \link{} targets missing package
anchors:
summary.hyperblm.Rd: tsHessian
Please provide package anchors for all Rd \link{} targets not in the
package itself and the base packages.
Flavors: r-devel-linux-x86_64-debian-clang, r-devel-linux-x86_64-debian-gcc, r-devel-windows-x86_64