Last updated on 2025-02-16 09:50:40 CET.
Flavor | Version | Tinstall | Tcheck | Ttotal | Status | Flags |
---|---|---|---|---|---|---|
r-devel-linux-x86_64-debian-clang | 1.2 | 1.66 | 18.06 | 19.72 | NOTE | |
r-devel-linux-x86_64-debian-gcc | 1.2 | 1.42 | 14.91 | 16.33 | NOTE | |
r-devel-linux-x86_64-fedora-clang | 1.2 | 34.23 | NOTE | |||
r-devel-linux-x86_64-fedora-gcc | 1.2 | 31.07 | NOTE | |||
r-devel-macos-arm64 | 1.2 | 14.00 | OK | |||
r-devel-macos-x86_64 | 1.2 | 25.00 | OK | |||
r-devel-windows-x86_64 | 1.2 | 2.00 | 39.00 | 41.00 | OK | |
r-patched-linux-x86_64 | 1.2 | 1.68 | 17.60 | 19.28 | NOTE | |
r-release-linux-x86_64 | 1.2 | 1.63 | 17.53 | 19.16 | NOTE | |
r-release-macos-arm64 | 1.2 | 14.00 | OK | |||
r-release-macos-x86_64 | 1.2 | 20.00 | OK | |||
r-release-windows-x86_64 | 1.2 | 3.00 | 40.00 | 43.00 | OK | |
r-oldrel-macos-arm64 | 1.2 | 16.00 | OK | |||
r-oldrel-macos-x86_64 | 1.2 | 21.00 | OK | |||
r-oldrel-windows-x86_64 | 1.2 | 2.00 | 41.00 | 43.00 | OK |
Version: 1.2
Check: for non-standard things in the check directory
Result: NOTE
Found the following files/directories:
‘testdata1.txt’ ‘testdata2.txt’ ‘testdata3.txt’
Flavors: r-devel-linux-x86_64-debian-clang, r-devel-linux-x86_64-debian-gcc, r-devel-linux-x86_64-fedora-clang, r-devel-linux-x86_64-fedora-gcc, r-patched-linux-x86_64, r-release-linux-x86_64