CRAN Package Check Results for Package GWmodel

Last updated on 2025-04-16 09:53:01 CEST.

Flavor Version Tinstall Tcheck Ttotal Status Flags
r-devel-linux-x86_64-debian-clang 2.4-1 99.12 152.58 251.70 OK
r-devel-linux-x86_64-debian-gcc 2.4-1 80.32 112.03 192.35 OK
r-devel-linux-x86_64-fedora-clang 2.4-1 441.61 OK
r-devel-linux-x86_64-fedora-gcc 2.4-1 447.90 OK
r-devel-windows-x86_64 2.4-1 102.00 174.00 276.00 OK
r-patched-linux-x86_64 2.4-1 108.85 154.94 263.79 OK
r-release-linux-x86_64 2.4-1 115.77 151.34 267.11 OK
r-release-macos-arm64 2.4-1 112.00 OK
r-release-macos-x86_64 2.4-1 226.00 OK
r-release-windows-x86_64 2.4-1 107.00 175.00 282.00 OK
r-oldrel-macos-arm64 2.4-1 103.00 NOTE
r-oldrel-macos-x86_64 2.4-1 232.00 NOTE
r-oldrel-windows-x86_64 2.4-1 130.00 221.00 351.00 OK

Check Details

Version: 2.4-1
Check: installed package size
Result: NOTE installed size is 27.9Mb sub-directories of 1Mb or more: data 1.5Mb libs 25.6Mb Flavors: r-oldrel-macos-arm64, r-oldrel-macos-x86_64