Last updated on 2025-02-16 09:50:40 CET.
Flavor | Version | Tinstall | Tcheck | Ttotal | Status | Flags |
---|---|---|---|---|---|---|
r-devel-linux-x86_64-debian-clang | 1.0.0 | 17.79 | 220.90 | 238.69 | OK | |
r-devel-linux-x86_64-debian-gcc | 1.0.0 | 12.92 | 155.68 | 168.60 | OK | |
r-devel-linux-x86_64-fedora-clang | 1.0.0 | 397.94 | NOTE | |||
r-devel-linux-x86_64-fedora-gcc | 1.0.0 | 377.25 | NOTE | |||
r-devel-macos-arm64 | 1.0.0 | 110.00 | OK | |||
r-devel-macos-x86_64 | 1.0.0 | 242.00 | OK | |||
r-devel-windows-x86_64 | 1.0.0 | 20.00 | 196.00 | 216.00 | OK | |
r-patched-linux-x86_64 | 1.0.0 | 18.79 | 207.17 | 225.96 | OK | |
r-release-linux-x86_64 | 1.0.0 | 18.37 | 209.42 | 227.79 | OK | |
r-release-macos-arm64 | 1.0.0 | 125.00 | OK | |||
r-release-macos-x86_64 | 1.0.0 | 346.00 | OK | |||
r-release-windows-x86_64 | 1.0.0 | 21.00 | 200.00 | 221.00 | OK | |
r-oldrel-macos-arm64 | 1.0.0 | 150.00 | OK | |||
r-oldrel-macos-x86_64 | 1.0.0 | 425.00 | OK | |||
r-oldrel-windows-x86_64 | 1.0.0 | 25.00 | 279.00 | 304.00 | OK |
Version: 1.0.0
Check: dependencies in R code
Result: NOTE
Namespace in Imports field not imported from: ‘devtools’
All declared Imports should be used.
Flavors: r-devel-linux-x86_64-fedora-clang, r-devel-linux-x86_64-fedora-gcc