Last updated on 2025-02-16 09:50:40 CET.
Flavor | Version | Tinstall | Tcheck | Ttotal | Status | Flags |
---|---|---|---|---|---|---|
r-devel-linux-x86_64-debian-clang | 1.4.2 | 42.79 | 225.89 | 268.68 | OK | |
r-devel-linux-x86_64-debian-gcc | 1.4.2 | 35.20 | 195.35 | 230.55 | OK | |
r-devel-linux-x86_64-fedora-clang | 1.4.2 | 464.36 | OK | |||
r-devel-linux-x86_64-fedora-gcc | 1.4.2 | 521.51 | OK | |||
r-devel-macos-arm64 | 1.4.2 | 177.00 | OK | |||
r-devel-macos-x86_64 | 1.4.2 | 399.00 | OK | |||
r-devel-windows-x86_64 | 1.4.2 | 60.00 | 340.00 | 400.00 | OK | |
r-patched-linux-x86_64 | 1.4.2 | 50.54 | 264.24 | 314.78 | OK | |
r-release-linux-x86_64 | 1.4.2 | 51.02 | 254.35 | 305.37 | OK | |
r-release-macos-arm64 | 1.4.2 | 175.00 | NOTE | |||
r-release-macos-x86_64 | 1.4.2 | 396.00 | NOTE | |||
r-release-windows-x86_64 | 1.4.2 | 64.00 | 345.00 | 409.00 | NOTE | |
r-oldrel-macos-arm64 | 1.4.2 | 321.00 | NOTE | |||
r-oldrel-macos-x86_64 | 1.4.2 | 953.00 | NOTE | |||
r-oldrel-windows-x86_64 | 1.4.2 | 76.00 | 385.00 | 461.00 | NOTE |
Version: 1.4.2
Check: package dependencies
Result: NOTE
Packages suggested but not available for checking:
'SeqArray', 'SeqVarTools'
Flavor: r-release-macos-arm64
Version: 1.4.2
Check: installed package size
Result: NOTE
installed size is 7.6Mb
sub-directories of 1Mb or more:
libs 5.7Mb
Flavors: r-release-macos-arm64, r-release-macos-x86_64, r-oldrel-macos-arm64, r-oldrel-macos-x86_64
Version: 1.4.2
Check: package dependencies
Result: NOTE
Package suggested but not available for checking: 'doMC'
Flavors: r-release-windows-x86_64, r-oldrel-windows-x86_64
Version: 1.4.2
Check: package dependencies
Result: NOTE
Package suggested but not available for checking: ‘SeqVarTools’
Flavor: r-oldrel-macos-x86_64