Last updated on 2025-02-16 09:50:40 CET.
Flavor | Version | Tinstall | Tcheck | Ttotal | Status | Flags |
---|---|---|---|---|---|---|
r-devel-linux-x86_64-debian-clang | 0.1.0 | 2.01 | 30.94 | 32.95 | OK | |
r-devel-linux-x86_64-debian-gcc | 0.1.0 | 1.63 | 22.18 | 23.81 | OK | |
r-devel-linux-x86_64-fedora-clang | 0.1.0 | 53.55 | NOTE | |||
r-devel-linux-x86_64-fedora-gcc | 0.1.0 | 50.97 | NOTE | |||
r-devel-macos-arm64 | 0.1.0 | 24.00 | OK | |||
r-devel-macos-x86_64 | 0.1.0 | 33.00 | OK | |||
r-devel-windows-x86_64 | 0.1.0 | 5.00 | 55.00 | 60.00 | OK | |
r-patched-linux-x86_64 | 0.1.0 | 2.51 | 28.95 | 31.46 | OK | |
r-release-linux-x86_64 | 0.1.0 | 2.06 | 28.88 | 30.94 | OK | |
r-release-macos-arm64 | 0.1.0 | 20.00 | OK | |||
r-release-macos-x86_64 | 0.1.0 | 28.00 | OK | |||
r-release-windows-x86_64 | 0.1.0 | 4.00 | 66.00 | 70.00 | OK | |
r-oldrel-macos-arm64 | 0.1.0 | 24.00 | OK | |||
r-oldrel-macos-x86_64 | 0.1.0 | 29.00 | OK | |||
r-oldrel-windows-x86_64 | 0.1.0 | 4.00 | 60.00 | 64.00 | OK |
Version: 0.1.0
Check: dependencies in R code
Result: NOTE
Namespaces in Imports field not imported from:
‘AER’ ‘MASS’ ‘Matrix’ ‘censReg’ ‘effects’ ‘foreign’ ‘lme4’ ‘lmtest’
‘nnet’ ‘pBrackets’ ‘plm’ ‘pscl’ ‘sandwich’
All declared Imports should be used.
Flavors: r-devel-linux-x86_64-fedora-clang, r-devel-linux-x86_64-fedora-gcc