Last updated on 2025-02-16 09:50:40 CET.
Flavor | Version | Tinstall | Tcheck | Ttotal | Status | Flags |
---|---|---|---|---|---|---|
r-devel-linux-x86_64-debian-clang | 1.0 | 21.13 | 26.24 | 47.37 | OK | |
r-devel-linux-x86_64-debian-gcc | 1.0 | 14.96 | 20.33 | 35.29 | OK | |
r-devel-linux-x86_64-fedora-clang | 1.0 | 88.08 | NOTE | |||
r-devel-linux-x86_64-fedora-gcc | 1.0 | 87.86 | NOTE | |||
r-devel-macos-arm64 | 1.0 | 25.00 | OK | |||
r-devel-macos-x86_64 | 1.0 | 39.00 | OK | |||
r-devel-windows-x86_64 | 1.0 | 23.00 | 70.00 | 93.00 | OK | |
r-patched-linux-x86_64 | 1.0 | 20.32 | 25.13 | 45.45 | OK | |
r-release-linux-x86_64 | 1.0 | 21.54 | 24.96 | 46.50 | OK | |
r-release-macos-arm64 | 1.0 | 26.00 | OK | |||
r-release-macos-x86_64 | 1.0 | 36.00 | OK | |||
r-release-windows-x86_64 | 1.0 | 24.00 | 67.00 | 91.00 | OK | |
r-oldrel-macos-arm64 | 1.0 | 29.00 | OK | |||
r-oldrel-macos-x86_64 | 1.0 | 44.00 | OK | |||
r-oldrel-windows-x86_64 | 1.0 | 29.00 | 69.00 | 98.00 | OK |
Version: 1.0
Check: compiled code
Result: NOTE
File ‘GLMaSPU/libs/GLMaSPU.so’:
Found no calls to: ‘R_registerRoutines’, ‘R_useDynamicSymbols’
It is good practice to register native routines and to disable symbol
search.
See ‘Writing portable packages’ in the ‘Writing R Extensions’ manual.
Flavors: r-devel-linux-x86_64-fedora-clang, r-devel-linux-x86_64-fedora-gcc