Last updated on 2025-02-16 09:50:40 CET.
Flavor | Version | Tinstall | Tcheck | Ttotal | Status | Flags |
---|---|---|---|---|---|---|
r-devel-linux-x86_64-debian-clang | 0.5.0 | 10.12 | 72.42 | 82.54 | NOTE | |
r-devel-linux-x86_64-debian-gcc | 0.5.0 | 7.23 | 54.74 | 61.97 | NOTE | |
r-devel-linux-x86_64-fedora-clang | 0.5.0 | 133.84 | OK | |||
r-devel-linux-x86_64-fedora-gcc | 0.5.0 | 125.52 | OK | |||
r-devel-macos-arm64 | 0.5.0 | 40.00 | OK | |||
r-devel-macos-x86_64 | 0.5.0 | 78.00 | OK | |||
r-devel-windows-x86_64 | 0.5.0 | 10.00 | 84.00 | 94.00 | NOTE | |
r-patched-linux-x86_64 | 0.5.0 | 11.81 | 68.81 | 80.62 | OK | |
r-release-linux-x86_64 | 0.5.0 | 10.37 | 68.66 | 79.03 | OK | |
r-release-macos-arm64 | 0.5.0 | 39.00 | OK | |||
r-release-macos-x86_64 | 0.5.0 | 73.00 | OK | |||
r-release-windows-x86_64 | 0.5.0 | 10.00 | 87.00 | 97.00 | OK | |
r-oldrel-macos-arm64 | 0.5.0 | 42.00 | OK | |||
r-oldrel-macos-x86_64 | 0.5.0 | 64.00 | OK | |||
r-oldrel-windows-x86_64 | 0.5.0 | 14.00 | 99.00 | 113.00 | OK |
Version: 0.5.0
Check: Rd cross-references
Result: NOTE
Found the following Rd file(s) with Rd \link{} targets missing package
anchors:
RRglmer.Rd: glmer, lmerControl, glmerControl, lme4
residuals.RRglmerMod.Rd: residuals.glmResp
Please provide package anchors for all Rd \link{} targets not in the
package itself and the base packages.
Flavors: r-devel-linux-x86_64-debian-clang, r-devel-linux-x86_64-debian-gcc, r-devel-windows-x86_64