Last updated on 2025-02-16 09:50:40 CET.
Flavor | Version | Tinstall | Tcheck | Ttotal | Status | Flags |
---|---|---|---|---|---|---|
r-devel-linux-x86_64-debian-clang | 0.5 | 13.11 | 111.65 | 124.76 | NOTE | |
r-devel-linux-x86_64-debian-gcc | 0.5 | 10.09 | 80.94 | 91.03 | NOTE | |
r-devel-linux-x86_64-fedora-clang | 0.5 | 205.83 | NOTE | |||
r-devel-linux-x86_64-fedora-gcc | 0.5 | 194.80 | NOTE | |||
r-devel-macos-arm64 | 0.5 | 57.00 | NOTE | |||
r-devel-macos-x86_64 | 0.5 | 174.00 | NOTE | |||
r-devel-windows-x86_64 | 0.5 | 14.00 | 105.00 | 119.00 | NOTE | |
r-patched-linux-x86_64 | 0.5 | 11.76 | 103.67 | 115.43 | NOTE | |
r-release-linux-x86_64 | 0.5 | 12.22 | 105.50 | 117.72 | NOTE | |
r-release-macos-arm64 | 0.5 | 57.00 | NOTE | |||
r-release-macos-x86_64 | 0.5 | 131.00 | NOTE | |||
r-release-windows-x86_64 | 0.5 | 14.00 | 107.00 | 121.00 | NOTE | |
r-oldrel-macos-arm64 | 0.5 | 67.00 | OK | |||
r-oldrel-macos-x86_64 | 0.5 | 98.00 | OK | |||
r-oldrel-windows-x86_64 | 0.5 | 16.00 | 131.00 | 147.00 | OK |
Version: 0.5
Check: Rd files
Result: NOTE
checkRd: (-1) MODFIT.Rd:33: Lost braces; missing escapes or markup?
33 | {chisq_i = sum( (O_iz - E_iz)^2 / E_iz; z = 0, ..., C ), }
| ^
checkRd: (-1) probs.GGUM.Rd:27: Lost braces; missing escapes or markup?
27 | GUM-based probabilities just constrain alpha to a unit vector of length {I}
| ^
Flavors: r-devel-linux-x86_64-debian-clang, r-devel-linux-x86_64-debian-gcc, r-devel-linux-x86_64-fedora-clang, r-devel-linux-x86_64-fedora-gcc, r-devel-macos-arm64, r-devel-macos-x86_64, r-devel-windows-x86_64, r-patched-linux-x86_64, r-release-linux-x86_64, r-release-macos-arm64, r-release-macos-x86_64, r-release-windows-x86_64