Last updated on 2025-02-16 09:50:39 CET.
Flavor | Version | Tinstall | Tcheck | Ttotal | Status | Flags |
---|---|---|---|---|---|---|
r-devel-linux-x86_64-debian-clang | 0.3.0 | 9.83 | 75.37 | 85.20 | OK | |
r-devel-linux-x86_64-debian-gcc | 0.3.0 | 7.07 | 53.02 | 60.09 | OK | |
r-devel-linux-x86_64-fedora-clang | 0.3.0 | 136.98 | OK | |||
r-devel-linux-x86_64-fedora-gcc | 0.3.0 | 128.37 | OK | |||
r-devel-macos-arm64 | 0.3.0 | 39.00 | OK | |||
r-devel-macos-x86_64 | 0.3.0 | 89.00 | OK | |||
r-devel-windows-x86_64 | 0.3.0 | 11.00 | 83.00 | 94.00 | OK | |
r-patched-linux-x86_64 | 0.3.0 | 10.43 | 69.34 | 79.77 | NOTE | |
r-release-linux-x86_64 | 0.3.0 | 8.20 | 69.84 | 78.04 | NOTE | |
r-release-macos-arm64 | 0.3.0 | 35.00 | NOTE | |||
r-release-macos-x86_64 | 0.3.0 | 56.00 | NOTE | |||
r-release-windows-x86_64 | 0.3.0 | 11.00 | 81.00 | 92.00 | NOTE | |
r-oldrel-macos-arm64 | 0.3.0 | 42.00 | NOTE | |||
r-oldrel-macos-x86_64 | 0.3.0 | 67.00 | NOTE | |||
r-oldrel-windows-x86_64 | 0.3.0 | 14.00 | 93.00 | 107.00 | NOTE |
Version: 0.3.0
Check: LazyData
Result: NOTE
'LazyData' is specified without a 'data' directory
Flavors: r-patched-linux-x86_64, r-release-linux-x86_64, r-release-macos-arm64, r-release-macos-x86_64, r-release-windows-x86_64, r-oldrel-macos-arm64, r-oldrel-macos-x86_64, r-oldrel-windows-x86_64