Last updated on 2025-02-19 09:50:49 CET.
Flavor | Version | Tinstall | Tcheck | Ttotal | Status | Flags |
---|---|---|---|---|---|---|
r-devel-linux-x86_64-debian-clang | 0.6.2 | 145.12 | 33.91 | 179.03 | OK | |
r-devel-linux-x86_64-debian-gcc | 0.6.2 | 116.97 | 38.94 | 155.91 | OK | |
r-devel-linux-x86_64-fedora-clang | 0.6.2 | 281.75 | OK | |||
r-devel-linux-x86_64-fedora-gcc | 0.6.2 | 360.59 | OK | |||
r-devel-macos-arm64 | 0.6.2 | 76.00 | OK | |||
r-devel-macos-x86_64 | 0.6.2 | 89.00 | OK | |||
r-devel-windows-x86_64 | 0.6.2 | 129.00 | 91.00 | 220.00 | OK | |
r-patched-linux-x86_64 | 0.6.2 | 157.13 | 49.55 | 206.68 | OK | |
r-release-linux-x86_64 | 0.6.2 | 149.74 | 49.72 | 199.46 | OK | |
r-release-macos-arm64 | 0.6.2 | 84.00 | NOTE | |||
r-release-macos-x86_64 | 0.6.2 | 76.00 | NOTE | |||
r-release-windows-x86_64 | 0.6.2 | 130.00 | 90.00 | 220.00 | OK | |
r-oldrel-macos-arm64 | 0.6.2 | 77.00 | NOTE | |||
r-oldrel-macos-x86_64 | 0.6.2 | 101.00 | NOTE | |||
r-oldrel-windows-x86_64 | 0.6.2 | 158.00 | 100.00 | 258.00 | OK |
Version: 0.6.2
Check: installed package size
Result: NOTE
installed size is 55.0Mb
sub-directories of 1Mb or more:
libs 54.8Mb
Flavors: r-release-macos-arm64, r-release-macos-x86_64, r-oldrel-macos-arm64, r-oldrel-macos-x86_64