Last updated on 2025-02-16 09:50:39 CET.
Flavor | Version | Tinstall | Tcheck | Ttotal | Status | Flags |
---|---|---|---|---|---|---|
r-devel-linux-x86_64-debian-clang | 1.1.2 | 17.92 | 80.16 | 98.08 | OK | |
r-devel-linux-x86_64-debian-gcc | 1.1.2 | 10.23 | 53.19 | 63.42 | OK | |
r-devel-linux-x86_64-fedora-clang | 1.1.2 | 160.63 | OK | |||
r-devel-linux-x86_64-fedora-gcc | 1.1.2 | 149.37 | OK | |||
r-devel-macos-arm64 | 1.1.2 | 39.00 | OK | |||
r-devel-macos-x86_64 | 1.1.2 | 88.00 | OK | |||
r-devel-windows-x86_64 | 1.1.2 | 17.00 | 86.00 | 103.00 | OK | |
r-patched-linux-x86_64 | 1.1.2 | 17.71 | 75.99 | 93.70 | OK | |
r-release-linux-x86_64 | 1.1.2 | 16.55 | 74.53 | 91.08 | OK | |
r-release-macos-arm64 | 1.1.2 | 205.00 | NOTE | |||
r-release-macos-x86_64 | 1.1.2 | 223.00 | NOTE | |||
r-release-windows-x86_64 | 1.1.2 | 17.00 | 87.00 | 104.00 | NOTE | |
r-oldrel-macos-arm64 | 1.1.2 | 216.00 | NOTE | |||
r-oldrel-macos-x86_64 | 1.1.2 | 226.00 | NOTE | |||
r-oldrel-windows-x86_64 | 1.1.2 | 21.00 | 109.00 | 130.00 | NOTE |
Version: 1.1.2
Check: installed package size
Result: NOTE
installed size is 5.5Mb
sub-directories of 1Mb or more:
data 1.4Mb
extdata 3.8Mb
Flavors: r-release-macos-arm64, r-release-macos-x86_64, r-release-windows-x86_64, r-oldrel-macos-arm64, r-oldrel-macos-x86_64, r-oldrel-windows-x86_64