CRAN Package Check Results for Package FinancialMath

Last updated on 2025-02-16 09:50:39 CET.

Flavor Version Tinstall Tcheck Ttotal Status Flags
r-devel-linux-x86_64-debian-clang 0.1.1 7.85 40.58 48.43 OK
r-devel-linux-x86_64-debian-gcc 0.1.1 5.07 28.17 33.24 OK
r-devel-linux-x86_64-fedora-clang 0.1.1 78.99 OK
r-devel-linux-x86_64-fedora-gcc 0.1.1 72.83 OK
r-devel-macos-arm64 0.1.1 19.00 OK
r-devel-macos-x86_64 0.1.1 39.00 OK
r-devel-windows-x86_64 0.1.1 10.00 58.00 68.00 OK
r-patched-linux-x86_64 0.1.1 8.16 38.12 46.28 NOTE
r-release-linux-x86_64 0.1.1 5.92 38.71 44.63 NOTE
r-release-macos-arm64 0.1.1 22.00 NOTE
r-release-macos-x86_64 0.1.1 35.00 NOTE
r-release-windows-x86_64 0.1.1 8.00 57.00 65.00 NOTE
r-oldrel-macos-arm64 0.1.1 22.00 NOTE
r-oldrel-macos-x86_64 0.1.1 36.00 NOTE
r-oldrel-windows-x86_64 0.1.1 12.00 64.00 76.00 NOTE

Check Details

Version: 0.1.1
Check: LazyData
Result: NOTE 'LazyData' is specified without a 'data' directory Flavors: r-patched-linux-x86_64, r-release-linux-x86_64, r-release-macos-arm64, r-release-macos-x86_64, r-release-windows-x86_64, r-oldrel-macos-arm64, r-oldrel-macos-x86_64, r-oldrel-windows-x86_64