Last updated on 2025-10-27 08:49:52 CET.
| Flavor | Version | Tinstall | Tcheck | Ttotal | Status | Flags | 
|---|---|---|---|---|---|---|
| r-devel-linux-x86_64-debian-clang | 3.2 | 15.85 | 139.90 | 155.75 | NOTE | |
| r-devel-linux-x86_64-debian-gcc | 3.2 | 9.77 | 90.21 | 99.98 | NOTE | |
| r-devel-linux-x86_64-fedora-clang | 3.2 | 27.00 | 217.42 | 244.42 | OK | |
| r-devel-linux-x86_64-fedora-gcc | 3.2 | 63.00 | 182.02 | 245.02 | OK | |
| r-devel-windows-x86_64 | 3.2 | 15.00 | 145.00 | 160.00 | OK | |
| r-patched-linux-x86_64 | 3.2 | 17.23 | 134.26 | 151.49 | OK | |
| r-release-linux-x86_64 | 3.2 | 13.99 | 133.19 | 147.18 | OK | |
| r-release-macos-arm64 | 3.2 | 6.00 | 59.00 | 65.00 | OK | |
| r-release-macos-x86_64 | 3.2 | 13.00 | 110.00 | 123.00 | OK | |
| r-release-windows-x86_64 | 3.2 | 16.00 | 148.00 | 164.00 | OK | |
| r-oldrel-macos-arm64 | 3.2 | 7.00 | 55.00 | 62.00 | OK | |
| r-oldrel-macos-x86_64 | 3.2 | 17.00 | 159.00 | 176.00 | OK | |
| r-oldrel-windows-x86_64 | 3.2 | 21.00 | 184.00 | 205.00 | OK | 
Version: 3.2
Check: CRAN incoming feasibility
Result: NOTE
  Maintainer: ‘Yun-Hee Choi <yun-hee.choi@schulich.uwo.ca>’
  
  No Authors@R field in DESCRIPTION.
  Please add one, modifying
    Authors@R: c(person(given = "Yun-Hee",
                        family = "Choi",
                        role = c("aut", "cre"),
                        email = "yun-hee.choi@schulich.uwo.ca"),
                 person(given = "Karen",
                        family = "Kopciuk",
                        role = "aut"),
                 person(given = "Wenqing",
                        family = "He",
                        role = "aut"),
                 person(given = "Laurent",
                        family = "Briollais",
                        role = "aut"))
  as necessary.
Flavors: r-devel-linux-x86_64-debian-clang, r-devel-linux-x86_64-debian-gcc