Last updated on 2025-02-19 09:50:49 CET.
Flavor | Version | Tinstall | Tcheck | Ttotal | Status | Flags |
---|---|---|---|---|---|---|
r-devel-linux-x86_64-debian-clang | 1.0 | 22.24 | 26.06 | 48.30 | NOTE | |
r-devel-linux-x86_64-debian-gcc | 1.0 | 17.40 | 20.46 | 37.86 | NOTE | |
r-devel-linux-x86_64-fedora-clang | 1.0 | 88.00 | NOTE | |||
r-devel-linux-x86_64-fedora-gcc | 1.0 | 87.51 | NOTE | |||
r-devel-macos-arm64 | 1.0 | 27.00 | NOTE | |||
r-devel-macos-x86_64 | 1.0 | 41.00 | NOTE | |||
r-devel-windows-x86_64 | 1.0 | 26.00 | 64.00 | 90.00 | NOTE | |
r-patched-linux-x86_64 | 1.0 | 23.76 | 24.92 | 48.68 | NOTE | |
r-release-linux-x86_64 | 1.0 | 25.28 | 24.90 | 50.18 | NOTE | |
r-release-macos-arm64 | 1.0 | 27.00 | NOTE | |||
r-release-macos-x86_64 | 1.0 | 47.00 | NOTE | |||
r-release-windows-x86_64 | 1.0 | 26.00 | 64.00 | 90.00 | NOTE | |
r-oldrel-macos-arm64 | 1.0 | 30.00 | NOTE | |||
r-oldrel-macos-x86_64 | 1.0 | 46.00 | NOTE | |||
r-oldrel-windows-x86_64 | 1.0 | 33.00 | 84.00 | 117.00 | NOTE |
Version: 1.0
Check: C++ specification
Result: NOTE
Specified C++11: please drop specification unless essential
Flavors: r-devel-linux-x86_64-debian-clang, r-devel-linux-x86_64-debian-gcc, r-devel-linux-x86_64-fedora-clang, r-devel-linux-x86_64-fedora-gcc, r-devel-macos-arm64, r-devel-macos-x86_64, r-devel-windows-x86_64, r-patched-linux-x86_64, r-release-linux-x86_64, r-release-macos-arm64, r-release-macos-x86_64, r-release-windows-x86_64, r-oldrel-macos-arm64, r-oldrel-macos-x86_64, r-oldrel-windows-x86_64