Last updated on 2025-10-27 08:49:52 CET.
| Flavor | Version | Tinstall | Tcheck | Ttotal | Status | Flags | 
|---|---|---|---|---|---|---|
| r-devel-linux-x86_64-debian-clang | 1.5.1 | 6.92 | 68.66 | 75.58 | NOTE | |
| r-devel-linux-x86_64-debian-gcc | 1.5.1 | 5.41 | 50.23 | 55.64 | NOTE | |
| r-devel-linux-x86_64-fedora-clang | 1.5.1 | 15.00 | 101.56 | 116.56 | OK | |
| r-devel-linux-x86_64-fedora-gcc | 1.5.1 | 19.00 | 94.88 | 113.88 | OK | |
| r-devel-windows-x86_64 | 1.5.1 | 9.00 | 82.00 | 91.00 | OK | |
| r-patched-linux-x86_64 | 1.5.1 | 6.96 | 65.37 | 72.33 | OK | |
| r-release-linux-x86_64 | 1.5.1 | 7.72 | 64.29 | 72.01 | OK | |
| r-release-macos-arm64 | 1.5.1 | 4.00 | 42.00 | 46.00 | OK | |
| r-release-macos-x86_64 | 1.5.1 | 8.00 | 70.00 | 78.00 | OK | |
| r-release-windows-x86_64 | 1.5.1 | 8.00 | 91.00 | 99.00 | OK | |
| r-oldrel-macos-arm64 | 1.5.1 | 4.00 | 34.00 | 38.00 | OK | |
| r-oldrel-macos-x86_64 | 1.5.1 | 5.00 | 53.00 | 58.00 | OK | |
| r-oldrel-windows-x86_64 | 1.5.1 | 11.00 | 103.00 | 114.00 | OK | 
Version: 1.5.1
Check: CRAN incoming feasibility
Result: NOTE
  Maintainer: ‘Ramon Oller <ramon.oller@uvic.cat>’
  
  No Authors@R field in DESCRIPTION.
  Please add one, modifying
    Authors@R: c(person(given = "Ramon",
                        family = "Oller",
                        role = c("aut", "cre"),
                        email = "ramon.oller@uvic.cat"),
                 person(given = "Klaus",
                        family = "Langohr",
                        role = "aut"))
  as necessary.
Flavors: r-devel-linux-x86_64-debian-clang, r-devel-linux-x86_64-debian-gcc