Last updated on 2025-02-19 09:50:48 CET.
Flavor | Version | Tinstall | Tcheck | Ttotal | Status | Flags |
---|---|---|---|---|---|---|
r-devel-linux-x86_64-debian-clang | 1.0-12.3 | 9.79 | 84.05 | 93.84 | NOTE | |
r-devel-linux-x86_64-debian-gcc | 1.0-12.3 | 7.65 | 58.09 | 65.74 | NOTE | |
r-devel-linux-x86_64-fedora-clang | 1.0-12.3 | 144.71 | NOTE | |||
r-devel-linux-x86_64-fedora-gcc | 1.0-12.3 | 140.73 | NOTE | |||
r-devel-macos-arm64 | 1.0-12.3 | 45.00 | OK | |||
r-devel-macos-x86_64 | 1.0-12.3 | 111.00 | OK | |||
r-devel-windows-x86_64 | 1.0-12.3 | 13.00 | 108.00 | 121.00 | OK | |
r-patched-linux-x86_64 | 1.0-12.3 | 9.26 | 80.03 | 89.29 | NOTE | |
r-release-linux-x86_64 | 1.0-12.3 | 9.26 | 79.23 | 88.49 | NOTE | |
r-release-macos-arm64 | 1.0-12.3 | 45.00 | OK | |||
r-release-macos-x86_64 | 1.0-12.3 | 62.00 | OK | |||
r-release-windows-x86_64 | 1.0-12.3 | 12.00 | 92.00 | 104.00 | OK | |
r-oldrel-macos-arm64 | 1.0-12.3 | 51.00 | OK | |||
r-oldrel-macos-x86_64 | 1.0-12.3 | 123.00 | OK | |||
r-oldrel-windows-x86_64 | 1.0-12.3 | 17.00 | 142.00 | 159.00 | OK |
Version: 1.0-12.3
Check: for non-standard things in the check directory
Result: NOTE
Found the following files/directories:
‘vert.txt’
Flavors: r-devel-linux-x86_64-debian-clang, r-devel-linux-x86_64-debian-gcc, r-devel-linux-x86_64-fedora-clang, r-devel-linux-x86_64-fedora-gcc, r-patched-linux-x86_64, r-release-linux-x86_64
Version: 1.0-12.3
Check: compiled code
Result: NOTE
File ‘FD/libs/FD.so’:
Found no calls to: ‘R_registerRoutines’, ‘R_useDynamicSymbols’
It is good practice to register native routines and to disable symbol
search.
See ‘Writing portable packages’ in the ‘Writing R Extensions’ manual.
Flavors: r-devel-linux-x86_64-fedora-clang, r-devel-linux-x86_64-fedora-gcc