Last updated on 2025-02-19 09:50:48 CET.
Flavor | Version | Tinstall | Tcheck | Ttotal | Status | Flags |
---|---|---|---|---|---|---|
r-devel-linux-x86_64-debian-clang | 1.3.0 | 15.53 | 127.37 | 142.90 | NOTE | |
r-devel-linux-x86_64-debian-gcc | 1.3.0 | 11.00 | 86.88 | 97.88 | NOTE | |
r-devel-linux-x86_64-fedora-clang | 1.3.0 | 223.88 | OK | |||
r-devel-linux-x86_64-fedora-gcc | 1.3.0 | 217.84 | OK | |||
r-devel-macos-arm64 | 1.3.0 | 63.00 | OK | |||
r-devel-macos-x86_64 | 1.3.0 | 127.00 | OK | |||
r-devel-windows-x86_64 | 1.3.0 | 17.00 | 118.00 | 135.00 | NOTE | |
r-patched-linux-x86_64 | 1.3.0 | 21.34 | 118.35 | 139.69 | OK | |
r-release-linux-x86_64 | 1.3.0 | 14.32 | 118.19 | 132.51 | OK | |
r-release-macos-arm64 | 1.3.0 | 60.00 | OK | |||
r-release-macos-x86_64 | 1.3.0 | 93.00 | OK | |||
r-release-windows-x86_64 | 1.3.0 | 17.00 | 117.00 | 134.00 | OK | |
r-oldrel-macos-arm64 | 1.3.0 | 65.00 | OK | |||
r-oldrel-macos-x86_64 | 1.3.0 | 102.00 | OK | |||
r-oldrel-windows-x86_64 | 1.3.0 | 21.00 | 143.00 | 164.00 | OK |
Version: 1.3.0
Check: Rd cross-references
Result: NOTE
Found the following Rd file(s) with Rd \link{} targets missing package
anchors:
ExplainPrediction-package.Rd: CORElearn, CoreModel, predict.CoreModel
explanation.Rd: CoreModel, discretize, semiArtificial-package,
CORElearn, predict.CoreModel, attrEval
wrap4Explanation.Rd: nnet, CORElearn-package
Please provide package anchors for all Rd \link{} targets not in the
package itself and the base packages.
Flavors: r-devel-linux-x86_64-debian-clang, r-devel-linux-x86_64-debian-gcc, r-devel-windows-x86_64