Last updated on 2025-02-19 09:50:48 CET.
Flavor | Version | Tinstall | Tcheck | Ttotal | Status | Flags |
---|---|---|---|---|---|---|
r-devel-linux-x86_64-debian-clang | 1.0 | 20.79 | 125.61 | 146.40 | OK | |
r-devel-linux-x86_64-debian-gcc | 1.0 | 13.31 | 83.91 | 97.22 | OK | |
r-devel-linux-x86_64-fedora-clang | 1.0 | 236.70 | NOTE | |||
r-devel-linux-x86_64-fedora-gcc | 1.0 | 218.55 | NOTE | |||
r-devel-macos-arm64 | 1.0 | 62.00 | OK | |||
r-devel-macos-x86_64 | 1.0 | 127.00 | OK | |||
r-devel-windows-x86_64 | 1.0 | 20.00 | 127.00 | 147.00 | OK | |
r-patched-linux-x86_64 | 1.0 | 19.69 | 117.79 | 137.48 | OK | |
r-release-linux-x86_64 | 1.0 | 20.95 | 115.78 | 136.73 | OK | |
r-release-macos-arm64 | 1.0 | 61.00 | OK | |||
r-release-macos-x86_64 | 1.0 | 98.00 | OK | |||
r-release-windows-x86_64 | 1.0 | 22.00 | 120.00 | 142.00 | OK | |
r-oldrel-macos-arm64 | 1.0 | 65.00 | OK | |||
r-oldrel-macos-x86_64 | 1.0 | 135.00 | OK | |||
r-oldrel-windows-x86_64 | 1.0 | 27.00 | 157.00 | 184.00 | OK |
Version: 1.0
Check: dependencies in R code
Result: NOTE
Namespaces in Imports field not imported from:
‘KMsurv’ ‘MLEcens’ ‘lubridate’ ‘msm’ ‘perm’
All declared Imports should be used.
Flavors: r-devel-linux-x86_64-fedora-clang, r-devel-linux-x86_64-fedora-gcc