Last updated on 2025-02-16 09:50:38 CET.
Flavor | Version | Tinstall | Tcheck | Ttotal | Status | Flags |
---|---|---|---|---|---|---|
r-devel-linux-x86_64-debian-clang | 1.0.0 | 25.70 | 98.09 | 123.79 | OK | |
r-devel-linux-x86_64-debian-gcc | 1.0.0 | 20.01 | 77.71 | 97.72 | OK | |
r-devel-linux-x86_64-fedora-clang | 1.0.0 | 219.06 | ERROR | |||
r-devel-linux-x86_64-fedora-gcc | 1.0.0 | 245.04 | ERROR | |||
r-devel-macos-arm64 | 1.0.0 | 73.00 | OK | |||
r-devel-macos-x86_64 | 1.0.0 | 137.00 | OK | |||
r-devel-windows-x86_64 | 1.0.0 | 34.00 | 150.00 | 184.00 | OK | |
r-patched-linux-x86_64 | 1.0.0 | 28.04 | 102.70 | 130.74 | OK | |
r-release-linux-x86_64 | 1.0.0 | 25.51 | 103.10 | 128.61 | OK | |
r-release-macos-arm64 | 1.0.0 | 51.00 | OK | |||
r-release-macos-x86_64 | 1.0.0 | 73.00 | OK | |||
r-release-windows-x86_64 | 1.0.0 | 34.00 | 147.00 | 181.00 | OK | |
r-oldrel-macos-arm64 | 1.0.0 | 78.00 | OK | |||
r-oldrel-macos-x86_64 | 1.0.0 | 131.00 | OK | |||
r-oldrel-windows-x86_64 | 1.0.0 | 39.00 | 168.00 | 207.00 | OK |
Version: 1.0.0
Check: tests
Result: ERROR
Running ‘testthat.R’ [78s/79s]
Running the tests in ‘tests/testthat.R’ failed.
Complete output:
> # This file is part of the standard setup for testthat.
> # It is recommended that you do not modify it.
> #
> # Where should you do additional test configuration?
> # Learn more about the roles of various files in:
> # * https://r-pkgs.org/testing-design.html#sec-tests-files-overview
> # * https://testthat.r-lib.org/articles/special-files.html
>
> library(testthat)
> library(EquiTrends)
>
> test_check("EquiTrends")
[ FAIL 10 | WARN 0 | SKIP 9 | PASS 442 ]
══ Skipped tests (9) ═══════════════════════════════════════════════════════════
• On CRAN (9): 'test-maxEquivTest-boot-input.R:4:3',
'test-maxEquivTest-boot-input.R:67:4', 'test-maxEquivTest-ouput-boot.R:3:3',
'test-maxEquivTest-output-IU.R:531:3', 'test-maxEquivTest-output-wild.R:2:3',
'test-maxEquivTest-wild-input.R:3:3', 'test-maxEquivTest-wild-input.R:66:3',
'test-meanEquivTest-results-methods.R:53:3',
'test-rmsEquivTest-results.R:110:3'
══ Failed tests ════════════════════════════════════════════════════════════════
── Failure ('test-meanEquivTest-results-methods.R:43:3'): meanEquivTest return for matrix input and standard variance-covariance matrix ──
meanEquivTest_results$minimum_equiv_threshold (`actual`) not equal to 0.242507044755375 (`expected`).
`actual`: 0.12
`expected`: 0.24
── Failure ('test-meanEquivTest-results-methods.R:51:3'): meanEquivTest return for matrix input and standard variance-covariance matrix ──
`p_val` (`actual`) not equal to `alpha` (`expected`).
`actual`: 0.49
`expected`: 0.10
── Failure ('test-meanEquivTest-results-methods.R:150:3'): meanEquivTest return for HC-type variance-covariance matrix ──
meanEquivTest_results$minimum_equiv_threshold (`actual`) not equal to 0.226873408151078 (`expected`).
`actual`: 0.12
`expected`: 0.23
── Failure ('test-meanEquivTest-results-methods.R:158:3'): meanEquivTest return for HC-type variance-covariance matrix ──
`p_val` (`actual`) not equal to `alpha` (`expected`).
`actual`: 0.50
`expected`: 0.10
── Failure ('test-meanEquivTest-results-methods.R:330:3'): meanEquivTest return for CL-type variance-covariance matrix ──
meanEquivTest_results$minimum_equiv_threshold (`actual`) not equal to 0.163227373735974 (`expected`).
`actual`: 0.118
`expected`: 0.163
── Failure ('test-meanEquivTest-results-methods.R:338:3'): meanEquivTest return for CL-type variance-covariance matrix ──
`p_val` (`actual`) not equal to `alpha` (`expected`).
`actual`: 0.50
`expected`: 0.10
── Failure ('test-meanEquivTest-results-methods.R:512:3'): meanEquivTest return for HAC type variance-covariance matrix ──
meanEquivTest_results$minimum_equiv_threshold (`actual`) not equal to 0.238900256760278 (`expected`).
`actual`: 0.12
`expected`: 0.24
── Failure ('test-meanEquivTest-results-methods.R:520:3'): meanEquivTest return for HAC type variance-covariance matrix ──
`p_val` (`actual`) not equal to `alpha` (`expected`).
`actual`: 0.49
`expected`: 0.10
── Failure ('test-meanEquivTest-results-methods.R:691:3'): meanEquivTest return for CL-type variance-covariance matrix (no cluster index) ──
meanEquivTest_results$minimum_equiv_threshold (`actual`) not equal to 0.238615231822536 (`expected`).
`actual`: 0.12
`expected`: 0.24
── Failure ('test-meanEquivTest-results-methods.R:699:3'): meanEquivTest return for CL-type variance-covariance matrix (no cluster index) ──
`p_val` (`actual`) not equal to `alpha` (`expected`).
`actual`: 0.49
`expected`: 0.10
[ FAIL 10 | WARN 0 | SKIP 9 | PASS 442 ]
Error: Test failures
Execution halted
Flavor: r-devel-linux-x86_64-fedora-clang
Version: 1.0.0
Check: tests
Result: ERROR
Running ‘testthat.R’ [98s/406s]
Running the tests in ‘tests/testthat.R’ failed.
Complete output:
> # This file is part of the standard setup for testthat.
> # It is recommended that you do not modify it.
> #
> # Where should you do additional test configuration?
> # Learn more about the roles of various files in:
> # * https://r-pkgs.org/testing-design.html#sec-tests-files-overview
> # * https://testthat.r-lib.org/articles/special-files.html
>
> library(testthat)
> library(EquiTrends)
>
> test_check("EquiTrends")
[ FAIL 10 | WARN 0 | SKIP 9 | PASS 442 ]
══ Skipped tests (9) ═══════════════════════════════════════════════════════════
• On CRAN (9): 'test-maxEquivTest-boot-input.R:4:3',
'test-maxEquivTest-boot-input.R:67:4', 'test-maxEquivTest-ouput-boot.R:3:3',
'test-maxEquivTest-output-IU.R:531:3', 'test-maxEquivTest-output-wild.R:2:3',
'test-maxEquivTest-wild-input.R:3:3', 'test-maxEquivTest-wild-input.R:66:3',
'test-meanEquivTest-results-methods.R:53:3',
'test-rmsEquivTest-results.R:110:3'
══ Failed tests ════════════════════════════════════════════════════════════════
── Failure ('test-meanEquivTest-results-methods.R:43:3'): meanEquivTest return for matrix input and standard variance-covariance matrix ──
meanEquivTest_results$minimum_equiv_threshold (`actual`) not equal to 0.242507044755375 (`expected`).
`actual`: 0.12
`expected`: 0.24
── Failure ('test-meanEquivTest-results-methods.R:51:3'): meanEquivTest return for matrix input and standard variance-covariance matrix ──
`p_val` (`actual`) not equal to `alpha` (`expected`).
`actual`: 0.49
`expected`: 0.10
── Failure ('test-meanEquivTest-results-methods.R:150:3'): meanEquivTest return for HC-type variance-covariance matrix ──
meanEquivTest_results$minimum_equiv_threshold (`actual`) not equal to 0.226873408151078 (`expected`).
`actual`: 0.12
`expected`: 0.23
── Failure ('test-meanEquivTest-results-methods.R:158:3'): meanEquivTest return for HC-type variance-covariance matrix ──
`p_val` (`actual`) not equal to `alpha` (`expected`).
`actual`: 0.50
`expected`: 0.10
── Failure ('test-meanEquivTest-results-methods.R:330:3'): meanEquivTest return for CL-type variance-covariance matrix ──
meanEquivTest_results$minimum_equiv_threshold (`actual`) not equal to 0.163227373735974 (`expected`).
`actual`: 0.118
`expected`: 0.163
── Failure ('test-meanEquivTest-results-methods.R:338:3'): meanEquivTest return for CL-type variance-covariance matrix ──
`p_val` (`actual`) not equal to `alpha` (`expected`).
`actual`: 0.50
`expected`: 0.10
── Failure ('test-meanEquivTest-results-methods.R:512:3'): meanEquivTest return for HAC type variance-covariance matrix ──
meanEquivTest_results$minimum_equiv_threshold (`actual`) not equal to 0.238900256760278 (`expected`).
`actual`: 0.12
`expected`: 0.24
── Failure ('test-meanEquivTest-results-methods.R:520:3'): meanEquivTest return for HAC type variance-covariance matrix ──
`p_val` (`actual`) not equal to `alpha` (`expected`).
`actual`: 0.49
`expected`: 0.10
── Failure ('test-meanEquivTest-results-methods.R:691:3'): meanEquivTest return for CL-type variance-covariance matrix (no cluster index) ──
meanEquivTest_results$minimum_equiv_threshold (`actual`) not equal to 0.238615231822536 (`expected`).
`actual`: 0.12
`expected`: 0.24
── Failure ('test-meanEquivTest-results-methods.R:699:3'): meanEquivTest return for CL-type variance-covariance matrix (no cluster index) ──
`p_val` (`actual`) not equal to `alpha` (`expected`).
`actual`: 0.49
`expected`: 0.10
[ FAIL 10 | WARN 0 | SKIP 9 | PASS 442 ]
Error: Test failures
Execution halted
Flavor: r-devel-linux-x86_64-fedora-gcc