Last updated on 2025-02-20 09:50:48 CET.
Flavor | Version | Tinstall | Tcheck | Ttotal | Status | Flags |
---|---|---|---|---|---|---|
r-devel-linux-x86_64-debian-clang | 1.1.0 | 1679.15 | 247.46 | 1926.61 | OK | |
r-devel-linux-x86_64-debian-gcc | 1.1.0 | 1339.88 | 283.34 | 1623.22 | OK | |
r-devel-linux-x86_64-fedora-clang | 1.1.0 | 2664.82 | NOTE | |||
r-devel-linux-x86_64-fedora-gcc | 1.1.0 | 4062.07 | NOTE | |||
r-devel-macos-arm64 | 1.1.0 | 765.00 | OK | |||
r-devel-macos-x86_64 | 1.1.0 | 952.00 | OK | |||
r-devel-windows-x86_64 | 1.1.0 | 1436.00 | 370.00 | 1806.00 | OK | |
r-patched-linux-x86_64 | 1.1.0 | 1904.05 | 366.92 | 2270.97 | OK | |
r-release-linux-x86_64 | 1.1.0 | 1897.85 | 365.85 | 2263.70 | OK | |
r-release-macos-arm64 | 1.1.0 | 405.00 | NOTE | |||
r-release-macos-x86_64 | 1.1.0 | 372.00 | NOTE | |||
r-release-windows-x86_64 | 1.1.0 | 1443.00 | 354.00 | 1797.00 | NOTE | |
r-oldrel-macos-arm64 | 1.1.0 | 1264.00 | NOTE | |||
r-oldrel-macos-x86_64 | 1.1.0 | 902.00 | NOTE | |||
r-oldrel-windows-x86_64 | 1.1.0 | 2079.00 | 444.00 | 2523.00 | NOTE |
Version: 1.1.0
Check: dependencies in R code
Result: NOTE
Namespaces in Imports field not imported from:
‘RcppParallel’ ‘rstantools’
All declared Imports should be used.
Flavors: r-devel-linux-x86_64-fedora-clang, r-devel-linux-x86_64-fedora-gcc
Version: 1.1.0
Check: installed package size
Result: NOTE
installed size is 224.4Mb
sub-directories of 1Mb or more:
doc 3.5Mb
libs 219.9Mb
Flavors: r-release-macos-arm64, r-release-macos-x86_64, r-release-windows-x86_64, r-oldrel-macos-arm64, r-oldrel-macos-x86_64, r-oldrel-windows-x86_64
Version: 1.1.0
Check: for GNU extensions in Makefiles
Result: NOTE
GNU make is a SystemRequirements.
Flavors: r-release-macos-arm64, r-release-macos-x86_64, r-oldrel-macos-arm64, r-oldrel-macos-x86_64