Last updated on 2025-02-16 09:50:37 CET.
Flavor | Version | Tinstall | Tcheck | Ttotal | Status | Flags |
---|---|---|---|---|---|---|
r-devel-linux-x86_64-debian-clang | 2.5 | 187.29 | 70.67 | 257.96 | NOTE | |
r-devel-linux-x86_64-debian-gcc | 2.5 | 141.15 | 55.70 | 196.85 | NOTE | |
r-devel-linux-x86_64-fedora-clang | 2.5 | 533.15 | NOTE | |||
r-devel-linux-x86_64-fedora-gcc | 2.5 | 537.74 | NOTE | |||
r-devel-macos-arm64 | 2.5 | 104.00 | NOTE | |||
r-devel-macos-x86_64 | 2.5 | 113.00 | NOTE | |||
r-devel-windows-x86_64 | 2.5 | 175.00 | 111.00 | 286.00 | NOTE | |
r-patched-linux-x86_64 | 2.5 | 197.48 | 72.89 | 270.37 | NOTE | |
r-release-linux-x86_64 | 2.5 | 193.15 | 70.39 | 263.54 | NOTE | |
r-release-macos-arm64 | 2.5 | 113.00 | NOTE | |||
r-release-macos-x86_64 | 2.5 | 104.00 | NOTE | |||
r-release-windows-x86_64 | 2.5 | 187.00 | 110.00 | 297.00 | NOTE | |
r-oldrel-macos-arm64 | 2.5 | 130.00 | NOTE | |||
r-oldrel-macos-x86_64 | 2.5 | 226.00 | NOTE | |||
r-oldrel-windows-x86_64 | 2.5 | 231.00 | 131.00 | 362.00 | NOTE |
Version: 2.5
Check: Rd files
Result: NOTE
checkRd: (-1) AM.Rd:95-98: Lost braces in \itemize; meant \describe ?
checkRd: (-1) AM.Rd:99-102: Lost braces in \itemize; meant \describe ?
checkRd: (-1) AM.Rd:103: Lost braces in \itemize; meant \describe ?
checkRd: (-1) AM.Rd:123-125: Lost braces in \itemize; meant \describe ?
checkRd: (-1) AM.Rd:126-133: Lost braces in \itemize; meant \describe ?
checkRd: (-1) AM.Rd:134-135: Lost braces in \itemize; meant \describe ?
checkRd: (-1) AM.Rd:136-137: Lost braces in \itemize; meant \describe ?
checkRd: (-1) AM.Rd:163-165: Lost braces in \itemize; meant \describe ?
checkRd: (-1) AM.Rd:166-173: Lost braces in \itemize; meant \describe ?
checkRd: (-1) AM.Rd:174-176: Lost braces in \itemize; meant \describe ?
checkRd: (-1) AM.Rd:177-178: Lost braces in \itemize; meant \describe ?
checkRd: (-1) AM.Rd:179-180: Lost braces in \itemize; meant \describe ?
Flavors: r-devel-linux-x86_64-debian-clang, r-devel-linux-x86_64-debian-gcc, r-devel-linux-x86_64-fedora-clang, r-devel-linux-x86_64-fedora-gcc, r-devel-macos-arm64, r-devel-macos-x86_64, r-devel-windows-x86_64, r-patched-linux-x86_64, r-release-linux-x86_64, r-release-macos-arm64, r-release-macos-x86_64, r-release-windows-x86_64
Version: 2.5
Check: C++ specification
Result: NOTE
Specified C++11: please drop specification unless essential
Flavors: r-devel-windows-x86_64, r-release-windows-x86_64, r-oldrel-windows-x86_64
Version: 2.5
Check: installed package size
Result: NOTE
installed size is 12.7Mb
sub-directories of 1Mb or more:
libs 11.3Mb
shiny_app 1.1Mb
Flavors: r-release-macos-arm64, r-release-macos-x86_64, r-oldrel-macos-arm64, r-oldrel-macos-x86_64