Last updated on 2025-02-19 09:50:48 CET.
Flavor | Version | Tinstall | Tcheck | Ttotal | Status | Flags |
---|---|---|---|---|---|---|
r-devel-linux-x86_64-debian-clang | 0.1.0 | 2.60 | 45.14 | 47.74 | OK | |
r-devel-linux-x86_64-debian-gcc | 0.1.0 | 1.87 | 34.09 | 35.96 | OK | |
r-devel-linux-x86_64-fedora-clang | 0.1.0 | 74.45 | OK | |||
r-devel-linux-x86_64-fedora-gcc | 0.1.0 | 87.45 | OK | |||
r-devel-macos-arm64 | 0.1.0 | 35.00 | OK | |||
r-devel-macos-x86_64 | 0.1.0 | 68.00 | OK | |||
r-devel-windows-x86_64 | 0.1.0 | 5.00 | 71.00 | 76.00 | OK | |
r-patched-linux-x86_64 | 0.1.0 | 2.41 | 42.87 | 45.28 | OK | |
r-release-linux-x86_64 | 0.1.0 | 2.16 | 42.33 | 44.49 | OK | |
r-release-macos-arm64 | 0.1.0 | 35.00 | OK | |||
r-release-macos-x86_64 | 0.1.0 | 51.00 | OK | |||
r-release-windows-x86_64 | 0.1.0 | 4.00 | 70.00 | 74.00 | OK | |
r-oldrel-macos-arm64 | 0.1.0 | 36.00 | OK | |||
r-oldrel-macos-x86_64 | 0.1.0 | 53.00 | NOTE | |||
r-oldrel-windows-x86_64 | 0.1.0 | 5.00 | 109.00 | 114.00 | OK |
Version: 0.1.0
Check: package dependencies
Result: NOTE
Package suggested but not available for checking: ‘PerformanceAnalytics’
Flavor: r-oldrel-macos-x86_64