CRAN Package Check Results for Package ENMeval

Last updated on 2025-02-16 09:50:38 CET.

Flavor Version Tinstall Tcheck Ttotal Status Flags
r-devel-linux-x86_64-debian-clang 2.0.5 33.01 611.08 644.09 OK
r-devel-linux-x86_64-debian-gcc 2.0.5 22.21 360.83 383.04 OK
r-devel-linux-x86_64-fedora-clang 2.0.5 1073.59 OK
r-devel-linux-x86_64-fedora-gcc 2.0.5 982.27 OK
r-devel-macos-arm64 2.0.5 5.00 ERROR
r-devel-macos-x86_64 2.0.5 284.00 OK
r-devel-windows-x86_64 2.0.5 29.00 539.00 568.00 OK
r-patched-linux-x86_64 2.0.5 32.25 574.15 606.40 OK
r-release-linux-x86_64 2.0.5 27.13 565.18 592.31 OK
r-release-macos-arm64 2.0.5 116.00 ERROR
r-release-macos-x86_64 2.0.5 319.00 OK
r-release-windows-x86_64 2.0.5 33.00 556.00 589.00 OK
r-oldrel-macos-arm64 2.0.4 195.00 OK
r-oldrel-macos-x86_64 2.0.5 436.00 OK
r-oldrel-windows-x86_64 2.0.5 25.00 639.00 664.00 OK

Check Details

Version: 2.0.5
Check: package dependencies
Result: ERROR Package required but not available: ‘terra’ See section ‘The DESCRIPTION file’ in the ‘Writing R Extensions’ manual. Flavor: r-devel-macos-arm64

Version: 2.0.5
Check: tests
Result: ERROR Running ‘testthat.R’ [24s/24s] Running the tests in ‘tests/testthat.R’ failed. Complete output: > Sys.setenv("R_TESTS" = "") > library(testthat) > library(ENMeval) This is ENMeval version 2.0.5. For worked examples, please consult the vignette: <https://jamiemkass.github.io/ENMeval/articles/ENMeval-2.0-vignette.html>. > > testthat::test_check("ENMeval") *** caught illegal operation *** address 0x1426cef78, cause 'illegal trap' Traceback: 1: rJava::.jcall(mxe, "S", "fit", c("autorun", "-e", afn, "-o", dirout, "-s", pfn, args), rJava::.jarray(factors)) 2: .local(x, p, ...) 3: (new("standardGeneric", .Data = function (x, p, ...) standardGeneric("MaxEnt"), generic = "MaxEnt", package = "predicts", group = list(), valueClass = character(0), signature = c("x", "p"), default = NULL, skeleton = (function (x, p, ...) stop(gettextf("invalid call in method dispatch to '%s' (no default method)", "MaxEnt"), domain = NA))(x, p, ...)))(x = list(bio1 = c(263, 253, 243, 252, 240, 275, 271, 274, 266, 266, 239, 251, 271, 269, 270, 254, 263, 260, 263, 260, 270, 270, 270, 181, 258, 216, 199, 261, 232, 268, 244, 254, 264, 251, 263, 260, 242, 272, 278, 250, 150, 272, 276, 187, 256, 246, 188, 261, 257, 282, 272, 224, 261, 216, 167, 257, 251, 217, 244, 253, 244, 240, 226, 230, 218, 260, 252, 253, 254, 199, 231, 259, 261, 243, 264, 246, 267, 266, 261, 264, 268, 261, 263, 267, 263, 264, 249, 269, 236, 270, 230, 278, 266, 263, 234, 55, 257, 193, 248, 263, 257, 264, 112, 264, 167, 159, 265, 88, 183, 221, 192, 67, 242, 165, 257, 267, 264, 201, 257, 170, 141, 137, 265, 58, 250, 110, 186, 165, 263, 242, 264, 160, 260, 180, 225, 147, 157, 251, 242, 268, 147, 233, 252, 204, 266, 123, 149, 188, 44, 272, 230, 230, 272, 226, 183, 273, 237, 84, 258, 257, 163, 273, 263, 199, 203, 279, 257, 165, 237, 148, 53, 269, 171, 256, 156, 265, 254, 178, 262, 60, 73, 154, 198, 117, 167, 273, 213, 236, 113, 147, 259, 179, 276, 73, 264, 185, 259, 140, 165, 130, 179, 270, 162, 173, 257, 248, 261, 135, 265, 120, 278, 268, 137, 261, 142, 157, 167, 51, 253, 221, 282, 248, 37, 252, 268, 146, 229, 252, 250, 210, 235, 178, 74, 146, 256, 213, 173, 150, 266, 120, 228, 276, 253, 232, 272, 170, 142, 257, 133, 210, 267, 183, 168, 263, 283, 79, 107, 118, 264, 124, 93, 156, 238, 150, 217, 143, 266, 266, 263, 249, 139, 208, 253, 221, 262, 265, 194, 114, 163, 85, 153, 215, 259, 260, 263, 157, 11, 243, 222, 125, 81, 257, 100, 134, 245, 251, 174, 154, 236, 210, 254, 145, 254, 175, 199, 250, 60, 70, 231, 253, 88, 229, 110, 161, 82, 253, 232, 219, 197, 141, 188, 72, 275, 71, 171, 264, 252, 186, 82, 96, 248, 270, 233, 223, 251, 264, 195, 227, 233, 190, 122, 251, 252, 223, 252, 267, 164, 185, 245, 225, 86, 267, 260, 219, 260, 147, 87, 274, 272, 250, 234, 165, 120, 268, 155, 265, 263, 272, 261, 200, 260, 240, 122, 163, 174, 84, 259, 267, 155, 154, 265, 257, 236, 249, 188, 267, 249, 256, 275, 232, 273, 72, 117, 218, 239, 131, 216, 121, 195, 264, 142, 166, 120, 250, 233, 248, 262, 265, 47, 270, 269, 250, 250, 264, 245, 243, 193, 170, 171, 95, 229, 167, 257, 235, 263, 254, 100, 219, 226, 266, 239, 124, 58, 209, 73, 185, 263, 205, 175, 134, 155, 267, 268, 132, 259, 207, 266, 241, 270, 61, 260, 249, 224, 252, 166, 250, 203, 265, 205, 149, 262, 118, 272, 113, 250, 230, 149, 264, 265, 256, 259, 189, 173, 253, 260, 254, 262, 105, 186, 47, 44, 270, 179, 243, 269, 130, 267, 264, 184, 54, 58, 259, 274, 179, 229, 244, 35, 171, 267, 125, 20, 203, 268, 252, 71, 128, 130, 260, 258, 265, 263, 250, 269, 144, 180, 249, 252, 212, 235, 260, 258, 204, 221, 256, 150, 199, 251, 248, 203, 111, 256, 268, 150, 263, 116, 257, 165, 113, 47, 248, 132, 189, 140, 252, 282, 194, 248, 266, 246, 271, 272, 273, 258, 269, 246, 149, 270, 228, 150, 203, 261, 175, 188, 257, 224, 252, 233, 243, 96, 214, 141, 149, 59, 233, 231, 236, 137, 284, 247, 202, 249, 194, 222, 119, 221, 251, 248, 248, 272, 253, 258, 80, 235, 247, 94, 229, 197, 259, 270, 197, 170, 189, 259, 240, 269, 233, 151, 265, 82, 233, 264, 72, 250, 165, 230, 257, 63, 265, 268, 239, 249, 248, 195, 242, 151, 234, 162, 251, 270, 186, 250, 192, 263, 65, 206, 252, 101, 206, 253, 248, 225, 158, 188, 182, 269, 265, 179, 261, 260, 231, 245, 269, 163, 197, 247, 185, 269, 145, 236, 92, 152, 119, 214, 164, 252, 93, 24, 231, 101, 221, 178, 169, 270, 203, 171, 153, 267, 270, 254, 148, 171, 265, 131, 202, 183, 195, 151, 154, 170, 260, 176, 147, 235, 264, 256, 183, 211, 250, 242, 197, 221, 265, 262, 153, 185, 138, 226, 190, 223, 191, 275, 83, 132, 79, 251, 256, 179, 260, 259, 267, 118, 227, 201, 244, 264, 216, 273, 187, 145, 271, 253, 272, 263, 267, 191, 258, 114, 234, 224, 162, 259, 121, 182, 87, 201, 253, 260, 229, 270, 108, 189, 266, 199, 61, 249, 211, 260, 228, 189, 207, 227, 198, 31, 79, 237, 156, 236, 270, 132, 260, 262, 246, 241, 261, 150, 259, 231, 166, 270, 120, 257, 192, 265, 101, 58, 53, 121, 272, 187, 233, 257, 140, 216, 263, 151, 123, 230, 119, 221, 243, 173, 267, 72, 203, 242, 189, 127, 257, 205, 109, 253, 233, 257, 158, 230, 190, 266, 190, 59, 65, 259, 266, 249, 226, 176, 252, 148, 189, 199, 56, 264, 236, 120, 165, 137, 256, 269, 213, 251, 126, 180, 230, 204, 149, 251, 264, 269, 234, 264, 232, 157, 147, 55, 172, 88, 253, 257, 252, 214, 272, 136, 102, 156, 264, 189, 268, 228, 154, 261, 188, 207, 159, 153, 254, 167, 135, 258, 228, 252, 135, 100, 263, 272, 151, 191, 106, 167, 262, 259, 256, 175, 97, 188, 224, 250, 160, 262, 264, 253, 166, 263, 251, 270, 257, 200, 210, 201, 202, 247, 269, 261, 270, 202, 97, 250, 153, 251, 124, 266), bio5 = c(338, 329, 318, 326, 317, 335, 327, 329, 320, 322, 313, 312, 325, 333, 331, 317, 326, 324, 324, 324, 331, 329, 330, 259, 313, 277, 262, 306, 290, 337, 313, 325, 312, 305, 316, 316, 290, 335, 347, 308, 206, 343, 330, 246, 299, 310, 247, 319, 315, 342, 340, 279, 305, 277, 224, 316, 325, 283, 299, 313, 303, 298, 283, 288, 290, 316, 319, 310, 307, 255, 286, 316, 310, 297, 313, 299, 322, 322, 314, 320, 327, 315, 318, 336, 322, 335, 316, 351, 306, 322, 295, 339, 328, 319, 310, 129, 292, 308, 326, 346, 310, 334, 220, 325, 361, 240, 328, 290, 347, 300, 332, 176, 308, 354, 342, 334, 348, 283, 329, 302, 256, 246, 321, 268, 300, 220, 279, 333, 352, 319, 324, 325, 353, 316, 302, 241, 250, 346, 313, 330, 254, 316, 321, 334, 349, 322, 326, 334, 125, 331, 318, 296, 321, 294, 343, 352, 313, 160, 315, 342, 350, 329, 350, 332, 354, 353, 319, 312, 326, 303, 123, 327, 240, 337, 336, 331, 325, 260, 323, 145, 222, 319, 355, 298, 369, 348, 277, 305, 206, 351, 312, 304, 342, 173, 341, 352, 325, 298, 336, 313, 319, 326, 275, 251, 325, 353, 309, 352, 323, 338, 350, 324, 299, 339, 286, 330, 287, 166, 336, 294, 334, 320, 119, 321, 338, 234, 294, 321, 298, 297, 367, 349, 190, 341, 318, 278, 329, 337, 324, 245, 297, 341, 329, 326, 347, 258, 285, 323, 300, 282, 327, 330, 298, 317, 337, 304, 288, 330, 334, 303, 268, 250, 312, 315, 355, 305, 310, 329, 345, 335, 326, 352, 326, 301, 312, 333, 333, 199, 323, 200, 248, 300, 315, 348, 332, 345, 223, 320, 291, 339, 165, 326, 296, 336, 329, 320, 327, 250, 339, 295, 345, 225, 315, 277, 314, 318, 215, 182, 317, 331, 320, 373, 329, 329, 142, 349, 311, 402, 291, 317, 328, 187, 353, 293, 236, 320, 308, 316, 170, 315, 317, 325, 309, 304, 327, 341, 327, 312, 292, 350, 202, 345, 335, 301, 350, 328, 288, 336, 315, 320, 314, 334, 351, 406, 347, 245, 186, 341, 322, 292, 316, 320, 281, 358, 352, 330, 333, 340, 323, 338, 343, 314, 262, 349, 249, 239, 332, 331, 304, 308, 325, 317, 312, 329, 356, 335, 305, 345, 322, 313, 349, 188, 316, 295, 312, 240, 288, 294, 318, 353, 218, 292, 316, 316, 348, 366, 310, 346, 128, 325, 351, 319, 312, 331, 324, 362, 310, 229, 350, 282, 326, 325, 333, 309, 317, 343, 326, 293, 361, 322, 346, 187, 171, 265, 290, 261, 336, 285, 365, 188, 350, 343, 345, 343, 342, 357, 331, 365, 330, 174, 330, 319, 301, 308, 329, 344, 328, 333, 286, 332, 335, 309, 324, 285, 321, 307, 333, 332, 346, 338, 325, 325, 251, 321, 321, 314, 322, 270, 321, 120, 193, 327, 289, 308, 327, 248, 329, 327, 280, 153, 137, 341, 340, 357, 317, 313, 246, 297, 332, 246, 216, 287, 331, 322, 185, 244, 304, 328, 320, 327, 344, 310, 353, 329, 322, 298, 320, 339, 335, 311, 324, 282, 309, 315, 332, 255, 344, 318, 326, 227, 340, 327, 327, 323, 274, 321, 354, 305, 166, 322, 340, 340, 258, 343, 337, 316, 300, 314, 335, 348, 360, 353, 320, 326, 309, 317, 331, 312, 306, 311, 336, 292, 277, 325, 297, 327, 308, 314, 176, 301, 344, 312, 163, 296, 293, 286, 330, 349, 313, 265, 333, 265, 304, 302, 308, 313, 296, 345, 331, 360, 323, 189, 313, 317, 174, 285, 330, 327, 329, 355, 342, 341, 345, 342, 334, 322, 298, 326, 138, 307, 330, 218, 341, 353, 304, 316, 142, 321, 324, 323, 345, 328, 301, 312, 357, 311, 321, 343, 328, 249, 328, 325, 333, 160, 278, 339, 300, 346, 318, 338, 292, 315, 362, 352, 325, 325, 331, 333, 327, 302, 331, 347, 361, 314, 338, 250, 333, 311, 303, 232, 249, 328, 284, 353, 359, 315, 144, 349, 203, 307, 332, 307, 318, 302, 306, 345, 322, 333, 329, 350, 325, 338, 318, 290, 335, 332, 316, 256, 334, 357, 297, 219, 310, 320, 322, 287, 290, 348, 376, 273, 276, 327, 316, 326, 330, 293, 354, 353, 310, 323, 349, 228, 302, 206, 327, 340, 295, 321, 314, 313, 234, 378, 278, 304, 344, 341, 339, 327, 275, 325, 308, 344, 330, 342, 272, 346, 332, 326, 324, 257, 343, 316, 265, 173, 320, 313, 327, 309, 325, 328, 326, 312, 355, 276, 332, 363, 328, 300, 335, 368, 303, 321, 131, 308, 326, 311, 323, 331, 238, 318, 317, 316, 325, 317, 323, 334, 345, 336, 320, 319, 314, 334, 349, 221, 162, 139, 174, 335, 310, 313, 309, 331, 359, 344, 325, 303, 301, 313, 305, 319, 258, 323, 149, 281, 339, 267, 320, 354, 329, 197, 330, 310, 315, 317, 356, 284, 320, 300, 137, 179, 330, 310, 324, 297, 274, 322, 305, 312, 256, 131, 323, 321, 290, 344, 294, 318, 330, 365, 334, 329, 349, 304, 313, 305, 341, 318, 342, 292, 334, 308, 322, 296, 144, 364, 296, 329, 303, 317, 336, 345, 263, 291, 308, 334, 267, 323, 303, 303, 328, 322, 330, 338, 317, 360, 318, 219, 335, 284, 328, 305, 219, 318, 349, 298, 328, 308, 242, 330, 332, 320, 328, 288, 321, 323, 310, 219, 332, 333, 319, 318, 333, 323, 327, 344, 357, 273, 285, 291, 348, 319, 344, 328, 288, 299, 322, 346, 306, 337, 323), bio6 = c(191, 150, 150, 154, 150, 231, 220, 227, 214, 219, 165, 194, 224, 219, 221, 197, 204, 204, 212, 203, 214, 216, 214, 86, 200, 160, 143, 220, 171, 199, 174, 185, 218, 204, 213, 213, 198, 216, 213, 197, 91, 218, 222, 131, 217, 182, 125, 205, 204, 227, 207, 171, 221, 160, 111, 202, 187, 156, 195, 192, 190, 185, 171, 176, 146, 209, 194, 198, 202, 141, 175, 206, 218, 196, 219, 201, 223, 211, 206, 206, 207, 204, 205, 195, 205, 192, 190, 198, 162, 216, 160, 209, 209, 208, 146, -8, 225, 51, 159, 176, 207, 166, 32, 204, -24, 86, 212, -100, 11, 140, 36, -54, 179, 24, 171, 205, 175, 120, 177, 33, 12, 9, 215, -108, 198, 34, 102, 9, 173, 142, 212, 1, 164, 64, 142, 63, 61, 152, 175, 211, 37, 154, 194, 59, 183, -86, 4, 30, -62, 219, 126, 164, 221, 153, -1, 205, 163, -10, 203, 167, 17, 216, 180, 44, 27, 191, 187, 7, 156, -12, -5, 220, 105, 164, -13, 218, 185, 70, 195, -6, -18, 18, 37, -69, -15, 217, 152, 188, 2, -58, 202, 78, 220, -44, 189, 13, 213, 7, 7, -58, 63, 228, 39, 110, 207, 152, 210, -59, 210, -93, 214, 221, -35, 184, 41, -5, 69, -93, 163, 142, 226, 176, -33, 203, 214, 43, 170, 201, 197, 99, 77, 16, -63, -58, 188, 141, 7, -45, 208, -33, 178, 222, 176, 149, 217, 90, 23, 196, -40, 142, 207, 13, 30, 208, 229, -100, -73, -75, 212, -55, -83, 51, 170, -21, 61, 25, 218, 219, 177, 146, 7, 54, 167, 130, 217, 197, 38, 10, -7, -62, 69, 104, 215, 171, 211, -40, -203, 160, 139, -56, -26, 180, -89, -69, 143, 197, 7, 62, 131, 104, 163, 48, 196, 66, 85, 165, -50, -32, 124, 174, -98, 68, -102, -15, 33, 155, 124, 54, 90, -40, 44, -70, 215, -98, 112, 215, 189, 75, -27, -81, 163, 223, 139, 115, 156, 181, 45, 149, 170, 22, 24, 161, 166, 138, 145, 219, 63, 19, 180, 127, -83, 216, 165, 52, 167, 27, -44, 213, 232, 214, 131, 46, -14, 175, -48, 204, 190, 208, 207, 42, 164, 151, 3, -29, 107, -51, 176, 203, 4, 31, 212, 205, 140, 145, 15, 202, 195, 169, 230, 134, 215, -57, -88, 134, 153, 30, 116, -55, 50, 177, 66, 62, -61, 175, 112, 98, 216, 189, -26, 218, 198, 197, 185, 199, 169, 104, 43, 101, -17, -84, 131, -2, 156, 144, 212, 162, -115, 112, 76, 215, 106, 61, -30, 159, -118, 90, 189, 112, -22, 83, -45, 215, 202, -76, 171, 58, 208, 116, 214, -82, 185, 198, 148, 198, -3, 152, 56, 199, 103, -33, 192, -76, 231, -63, 179, 136, -41, 192, 181, 188, 202, 35, 81, 204, 216, 202, 202, -69, 71, -54, -78, 218, 82, 181, 214, -19, 212, 204, 73, -30, -4, 181, 214, -8, 130, 174, -157, 68, 210, -8, -167, 102, 205, 202, -81, -17, -37, 211, 198, 197, 181, 189, 194, -45, 64, 195, 179, 63, 120, 218, 182, 106, 115, 193, -37, 141, 163, 176, 60, 17, 168, 212, 6, 206, -53, 196, -21, -86, -97, 173, -71, 26, 17, 169, 224, 66, 196, 216, 153, 182, 183, 187, 198, 217, 184, 16, 207, 141, 16, 87, 178, 77, 101, 182, 144, 173, 126, 177, -10, 104, -65, 14, -54, 172, 176, 181, -61, 225, 186, 144, 166, 90, 109, -64, 125, 192, 203, 143, 218, 151, 198, -60, 156, 177, -7, 177, 44, 209, 216, 14, 6, 22, 170, 133, 217, 134, -3, 208, 34, 144, 213, -33, 151, -21, 133, 190, -2, 211, 209, 160, 136, 146, 79, 172, -25, 129, -9, 162, 220, 130, 179, 40, 194, -13, 103, 166, -97, 48, 178, 150, 160, -5, 18, 14, 210, 202, 12, 182, 210, 154, 160, 183, -41, 69, 147, 113, 218, 20, 166, -83, 49, -74, 155, 24, 134, -108, -125, 96, -11, 126, 13, 57, 220, 99, 61, -39, 219, 216, 157, -53, 6, 205, -65, 98, 12, 77, -20, 45, -6, 161, 53, 82, 142, 210, 180, 95, 118, 149, 97, 109, 168, 192, 206, 6, 25, 27, 95, 33, 133, 41, 190, -20, -12, -38, 151, 175, 31, 195, 207, 216, -13, 62, 89, 179, 172, 68, 211, 68, -1, 224, 187, 214, 197, 214, 131, 174, -101, 122, 104, 76, 176, -47, 108, -23, 60, 196, 184, 146, 220, -95, 41, 215, 37, -141, 166, 65, 187, 148, 29, 57, 135, 55, -74, -107, 129, 35, 129, 212, 13, 201, 204, 170, 138, 206, 9, 177, 102, -14, 228, -74, 198, 37, 180, 0, -36, -12, 69, 225, 58, 157, 206, -55, 79, 184, -29, -62, 161, -77, 134, 159, 94, 219, -33, 116, 126, 122, -58, 160, 92, 45, 168, 161, 204, -14, 82, 100, 206, 82, -5, -44, 187, 231, 175, 141, 91, 174, 12, 81, 146, -40, 205, 144, -53, -22, 22, 189, 211, 44, 148, -40, -1, 160, 63, 16, 167, 209, 217, 179, 214, 138, -13, 30, -19, -30, -102, 150, 208, 192, 103, 219, -9, -85, 0, 203, 80, 217, 161, 7, 192, 64, 60, 2, -7, 154, 4, 34, 190, 169, 167, -40, -1, 211, 214, 39, 43, -86, 63, 211, 185, 182, 14, -74, 50, 123, 195, 101, 191, 192, 173, 35, 190, 181, 222, 165, 38, 149, 93, 97, 138, 221, 160, 220, 112, -75, 169, -41, 198, -88, 209), bio7 = c(147, 179, 168, 172, 168, 104, 107, 102, 105, 103, 148, 118, 101, 114, 110, 119, 121, 120, 112, 121, 117, 113, 116, 172, 113, 117, 119, 87, 119, 137, 139, 140, 94, 100, 104, 103, 93, 118, 134, 110, 115, 124, 108, 115, 81, 128, 123, 114, 111, 115, 133, 108, 83, 117, 113, 114, 139, 126, 104, 121, 113, 112, 112, 112, 144, 107, 124, 112, 105, 114, 111, 110, 92, 101, 94, 98, 99, 111, 108, 114, 120, 111, 113, 141, 117, 143, 126, 154, 145, 106, 135, 130, 119, 111, 164, 137, 67, 257, 167, 170, 103, 168, 189, 122, 384, 154, 116, 390, 336, 160, 295, 231, 128, 330, 171, 129, 173, 163, 152, 269, 244, 237, 106, 376, 102, 186, 177, 324, 179, 176, 113, 323, 189, 252, 160, 178, 189, 193, 137, 119, 217, 162, 127, 275, 165, 407, 322, 304, 188, 112, 193, 132, 100, 141, 344, 146, 150, 170, 112, 175, 333, 113, 170, 288, 327, 162, 131, 305, 171, 314, 128, 107, 134, 174, 349, 113, 140, 190, 128, 150, 240, 301, 318, 367, 384, 131, 125, 117, 204, 409, 110, 226, 122, 216, 152, 340, 112, 291, 329, 371, 256, 98, 236, 141, 117, 201, 99, 411, 113, 431, 135, 103, 334, 155, 244, 334, 218, 259, 173, 151, 108, 144, 151, 118, 124, 191, 125, 120, 102, 198, 291, 333, 253, 398, 130, 138, 322, 381, 116, 279, 119, 119, 152, 178, 130, 169, 262, 127, 340, 140, 120, 317, 268, 110, 108, 404, 361, 405, 122, 358, 351, 199, 142, 337, 294, 280, 92, 110, 168, 189, 319, 298, 158, 172, 94, 136, 295, 189, 330, 263, 179, 197, 100, 177, 120, 385, 426, 160, 152, 395, 191, 146, 385, 405, 187, 123, 320, 189, 209, 191, 182, 176, 119, 211, 229, 153, 265, 214, 192, 156, 418, 305, 431, 345, 109, 194, 186, 348, 201, 357, 284, 257, 139, 391, 124, 105, 119, 241, 197, 396, 153, 102, 170, 189, 171, 160, 282, 163, 122, 328, 178, 184, 169, 163, 205, 109, 225, 317, 135, 194, 397, 118, 186, 354, 180, 219, 230, 128, 90, 78, 186, 273, 295, 183, 399, 126, 142, 132, 116, 297, 179, 163, 260, 378, 142, 290, 156, 128, 300, 277, 113, 112, 172, 184, 341, 133, 110, 176, 92, 179, 134, 246, 403, 161, 159, 210, 171, 349, 268, 176, 152, 230, 377, 141, 236, 268, 94, 157, 154, 107, 154, 122, 126, 132, 155, 259, 267, 128, 367, 366, 196, 327, 177, 165, 104, 181, 442, 180, 285, 106, 240, 126, 201, 106, 407, 170, 147, 174, 386, 105, 395, 127, 143, 419, 171, 299, 123, 250, 117, 257, 145, 121, 154, 110, 332, 192, 272, 133, 183, 365, 143, 385, 93, 349, 142, 171, 374, 140, 165, 150, 122, 291, 170, 117, 105, 111, 120, 339, 250, 174, 271, 108, 207, 127, 113, 267, 117, 123, 208, 183, 141, 159, 126, 365, 187, 139, 404, 228, 122, 254, 383, 185, 126, 120, 266, 261, 342, 117, 122, 130, 163, 121, 159, 374, 259, 102, 141, 276, 214, 93, 141, 177, 194, 122, 369, 114, 181, 142, 266, 210, 172, 115, 321, 117, 328, 125, 376, 391, 263, 148, 411, 314, 241, 174, 113, 250, 104, 99, 181, 166, 177, 166, 122, 110, 125, 301, 124, 172, 290, 223, 158, 215, 176, 143, 153, 154, 182, 137, 186, 197, 409, 298, 217, 124, 117, 106, 391, 124, 126, 121, 167, 176, 195, 366, 184, 122, 93, 202, 112, 209, 125, 249, 157, 140, 180, 108, 287, 118, 113, 341, 337, 319, 176, 209, 116, 188, 301, 118, 104, 163, 117, 251, 189, 374, 171, 126, 144, 110, 116, 163, 209, 181, 222, 139, 382, 182, 330, 181, 108, 119, 149, 284, 139, 173, 175, 173, 397, 297, 141, 188, 131, 319, 345, 338, 115, 123, 319, 151, 116, 147, 171, 165, 403, 244, 191, 138, 115, 291, 137, 314, 200, 403, 129, 330, 225, 424, 269, 252, 215, 181, 319, 249, 98, 202, 245, 384, 103, 116, 172, 403, 319, 133, 383, 192, 323, 255, 336, 210, 340, 196, 244, 137, 168, 110, 142, 192, 172, 199, 280, 164, 108, 135, 111, 320, 306, 266, 259, 319, 177, 283, 159, 248, 314, 245, 176, 165, 263, 125, 107, 97, 247, 317, 189, 125, 172, 273, 128, 259, 275, 101, 121, 130, 133, 127, 141, 171, 433, 205, 220, 182, 167, 363, 157, 197, 260, 117, 143, 163, 105, 423, 285, 97, 319, 416, 166, 298, 141, 153, 306, 310, 167, 266, 204, 415, 197, 276, 194, 119, 225, 117, 113, 146, 187, 112, 313, 158, 244, 350, 92, 393, 117, 297, 169, 220, 198, 151, 104, 110, 251, 155, 103, 387, 280, 161, 354, 365, 141, 390, 171, 160, 164, 104, 182, 165, 213, 145, 378, 194, 237, 152, 162, 148, 111, 331, 274, 184, 114, 218, 142, 223, 143, 79, 150, 156, 183, 147, 293, 231, 110, 171, 117, 177, 343, 366, 272, 129, 118, 321, 186, 369, 350, 143, 250, 289, 174, 108, 125, 113, 120, 170, 335, 266, 163, 394, 398, 179, 95, 124, 233, 126, 272, 376, 308, 131, 187, 106, 141, 296, 136, 258, 270, 336, 324, 206, 314, 185, 145, 115, 160, 345, 220, 107, 136, 259, 284, 394, 178, 119, 147, 138, 315, 362, 271, 201, 115, 117, 141, 141, 147, 283, 143, 142, 105, 179, 319, 124, 192, 194, 211, 98, 184, 108, 177, 374, 152, 387, 108, 425, 114), bio8 = c(261, 271, 264, 270, 261, 270, 266, 269, 262, 262, 252, 246, 267, 263, 266, 251, 257, 256, 259, 255, 267, 268, 268, 206, 259, 212, 196, 260, 229, 265, 240, 251, 263, 246, 262, 258, 242, 270, 274, 247, 148, 263, 278, 184, 258, 248, 189, 255, 250, 278, 268, 220, 257, 215, 166, 258, 246, 217, 252, 261, 251, 236, 223, 239, 221, 254, 254, 255, 258, 198, 230, 252, 254, 237, 260, 240, 262, 268, 262, 262, 268, 260, 262, 267, 263, 265, 243, 260, 235, 268, 232, 278, 263, 257, 248, 74, 260, 238, 266, 267, 254, 280, 77, 263, 253, 132, 260, 178, 196, 226, 105, 105, 238, 85, 256, 260, 263, 237, 265, 198, 157, 170, 261, 20, 258, 79, 188, 236, 263, 252, 259, 231, 276, 235, 226, 120, 171, 250, 250, 264, 156, 247, 250, 266, 267, 223, 217, 99, 54, 266, 238, 244, 265, 237, 252, 265, 246, 94, 258, 259, 98, 266, 273, 268, 245, 281, 267, 204, 262, 241, 71, 266, 171, 266, 224, 262, 251, 203, 264, 62, 28, 198, 235, 113, 247, 262, 211, 257, 117, 231, 260, 162, 274, 82, 258, 224, 257, 137, 237, 130, 235, 264, 188, 175, 253, 242, 263, 226, 259, 221, 273, 265, 49, 257, 94, 232, 202, 84, 258, 233, 285, 249, 37, 248, 260, 161, 235, 248, 255, 238, 276, 260, 107, 239, 256, 223, 259, 238, 265, 153, 247, 274, 249, 263, 264, 176, 143, 252, 193, 211, 268, 240, 189, 258, 287, 119, 195, 219, 255, 140, 176, 157, 235, 245, 264, 207, 272, 263, 266, 255, 68, 270, 274, 235, 262, 260, 266, 119, 84, 120, 181, 242, 258, 276, 255, 204, 111, 270, 226, 41, 93, 260, 202, 232, 264, 248, 97, 188, 270, 237, 251, 149, 250, 203, 196, 254, 9, 119, 239, 250, 74, 273, 210, 162, 63, 250, 247, 311, 230, 140, 253, 96, 263, 52, 168, 262, 243, 195, 88, 36, 252, 265, 242, 237, 268, 265, 270, 231, 232, 229, 127, 247, 250, 230, 283, 261, 220, 224, 259, 250, 66, 263, 273, 316, 259, 159, 98, 269, 266, 255, 256, 224, 78, 283, 242, 262, 275, 267, 254, 261, 265, 245, 82, 245, 144, 42, 275, 262, 222, 207, 264, 254, 254, 265, 228, 264, 252, 272, 275, 252, 261, 114, 218, 218, 241, 139, 228, 202, 267, 273, 120, 221, 206, 258, 267, 300, 262, 260, 69, 266, 260, 247, 250, 259, 242, 306, 233, 172, 254, 175, 263, 256, 269, 250, 259, 251, 197, 237, 268, 261, 279, 125, 14, 206, 146, 211, 261, 231, 221, 133, 222, 258, 265, 226, 266, 260, 262, 250, 263, 85, 258, 246, 236, 249, 233, 248, 267, 261, 215, 148, 261, 216, 265, 194, 246, 238, 148, 267, 263, 248, 255, 246, 200, 249, 260, 250, 262, 184, 217, 57, -7, 267, 141, 239, 261, 171, 264, 262, 212, 31, 59, 255, 270, 223, 229, 240, 53, 204, 260, 174, 112, 221, 268, 249, 96, 171, 227, 254, 267, 265, 267, 262, 261, 144, 237, 255, 249, 261, 263, 258, 259, 219, 242, 256, 150, 198, 246, 273, 270, 62, 255, 265, 218, 257, 35, 269, 247, 212, 84, 245, 222, 241, 171, 248, 287, 213, 254, 268, 245, 277, 271, 274, 267, 264, 249, 182, 271, 242, 147, 228, 263, 137, 156, 260, 235, 274, 245, 230, 107, 242, 229, 89, 91, 237, 230, 245, 243, 282, 244, 199, 246, 213, 248, 178, 222, 251, 244, 280, 264, 248, 254, 104, 248, 243, 98, 240, 268, 254, 268, 268, 248, 248, 258, 273, 264, 233, 206, 261, 102, 248, 260, 20, 249, 243, 237, 259, 96, 266, 260, 243, 253, 261, 199, 255, 67, 256, 252, 249, 265, 182, 244, 239, 259, 99, 224, 254, 202, 270, 256, 247, 221, 78, 269, 250, 271, 266, 104, 265, 257, 231, 243, 271, 216, 225, 246, 195, 263, 176, 235, 134, 158, 217, 202, 83, 288, 185, 57, 277, 107, 237, 143, 134, 279, 204, 132, 240, 263, 267, 270, 233, 94, 258, 179, 220, 243, 244, 79, 140, 136, 273, 194, 134, 248, 266, 267, 142, 222, 248, 310, 198, 229, 275, 263, 155, 113, 190, 287, 259, 229, 264, 280, 31, 71, 78, 263, 251, 221, 260, 257, 271, 158, 274, 218, 242, 269, 262, 267, 242, 195, 267, 261, 264, 261, 258, 161, 266, 207, 274, 276, 147, 260, 211, 170, 100, 271, 250, 264, 243, 267, 203, 240, 264, 236, 139, 248, 150, 261, 230, 266, 260, 233, 269, 61, 112, 250, 216, 245, 276, 145, 260, 262, 246, 265, 257, 209, 265, 261, 168, 267, 226, 257, 108, 265, 46, 74, 54, 120, 267, 200, 235, 254, 139, 272, 260, 151, 206, 233, 190, 229, 266, 189, 264, 82, 235, 271, 214, 215, 253, 233, 88, 272, 240, 250, 78, 272, 226, 265, 215, 91, 59, 258, 263, 246, 234, 177, 251, 158, 189, 197, 62, 264, 251, 199, 209, 182, 257, 267, 255, 262, 183, 221, 244, 239, 185, 264, 271, 259, 230, 258, 244, 114, 196, 34, 245, 185, 271, 263, 248, 213, 261, 183, 196, 243, 261, 211, 267, 225, 221, 260, 146, 268, 224, 223, 250, 253, 137, 251, 237, 270, 213, 44, 263, 262, 209, 250, 196, 191, 258, 266, 258, 236, 185, 211, 230, 245, 161, 258, 264, 256, 222, 270, 249, 266, 254, 227, 207, 222, 232, 280, 264, 275, 265, 239, 191, 270, 201, 250, 226, 260), bio9 = c(263, 253, 243, 252, 240, 275, 271, 274, 266, 266, 239, 251, 271, 269, 270, 254, 263, 260, 263, 260, 270, 270, 270, 181, 258, 216, 199, 261, 232, 268, 244, 254, 264, 251, 263, 260, 242, 272, 278, 250, 150, 272, 276, 187, 256, 246, 188, 261, 257, 282, 272, 224, 261, 216, 167, 257, 251, 217, 244, 253, 244, 240, 226, 230, 218, 260, 252, 253, 254, 199, 231, 259, 261, 243, 264, 246, 267, 266, 261, 264, 268, 261, 263, 267, 263, 264, 249, 269, 236, 270, 230, 278, 266, 263, 234, 55, 257, 193, 248, 263, 257, 264, 112, 264, 167, 159, 265, 88, 183, 221, 192, 67, 242, 165, 257, 267, 264, 201, 257, 170, 141, 137, 265, 58, 250, 110, 186, 165, 263, 242, 264, 160, 260, 180, 225, 147, 157, 251, 242, 268, 147, 233, 252, 204, 266, 123, 149, 188, 44, 272, 230, 230, 272, 226, 183, 273, 237, 84, 258, 257, 163, 273, 263, 199, 203, 279, 257, 165, 237, 148, 53, 269, 171, 256, 156, 265, 254, 178, 262, 60, 73, 154, 198, 117, 167, 273, 213, 236, 113, 147, 259, 179, 276, 73, 264, 185, 259, 140, 165, 130, 179, 270, 162, 173, 257, 248, 261, 135, 265, 120, 278, 268, 137, 261, 142, 157, 167, 51, 253, 221, 282, 248, 37, 252, 268, 146, 229, 252, 250, 210, 235, 178, 74, 146, 256, 213, 173, 150, 266, 120, 228, 276, 253, 232, 272, 170, 142, 257, 133, 210, 267, 183, 168, 263, 283, 79, 107, 118, 264, 124, 93, 156, 238, 150, 217, 143, 266, 266, 263, 249, 139, 208, 253, 221, 262, 265, 194, 114, 163, 85, 153, 215, 259, 260, 263, 157, 11, 243, 222, 125, 81, 257, 100, 134, 245, 251, 174, 154, 236, 210, 254, 145, 254, 175, 199, 250, 60, 70, 231, 253, 88, 229, 110, 161, 82, 253, 232, 219, 197, 141, 188, 72, 275, 71, 171, 264, 252, 186, 82, 96, 248, 270, 233, 223, 251, 264, 195, 227, 233, 190, 122, 251, 252, 223, 252, 267, 164, 185, 245, 225, 86, 267, 260, 219, 260, 147, 87, 274, 272, 250, 234, 165, 120, 268, 155, 265, 263, 272, 261, 200, 260, 240, 122, 163, 174, 84, 259, 267, 155, 154, 265, 257, 236, 249, 188, 267, 249, 256, 275, 232, 273, 72, 117, 218, 239, 131, 216, 121, 195, 264, 142, 166, 120, 250, 233, 248, 262, 265, 47, 270, 269, 250, 250, 264, 245, 243, 193, 170, 171, 95, 229, 167, 257, 235, 263, 254, 100, 219, 226, 266, 239, 124, 58, 209, 73, 185, 263, 205, 175, 134, 155, 267, 268, 132, 259, 207, 266, 241, 270, 61, 260, 249, 224, 252, 166, 250, 203, 265, 205, 149, 262, 118, 272, 113, 250, 230, 149, 264, 265, 256, 259, 189, 173, 253, 260, 254, 262, 105, 186, 47, 44, 270, 179, 243, 269, 130, 267, 264, 184, 54, 58, 259, 274, 179, 229, 244, 35, 171, 267, 125, 20, 203, 268, 252, 71, 128, 130, 260, 258, 265, 263, 250, 269, 144, 180, 249, 252, 212, 235, 260, 258, 204, 221, 256, 150, 199, 251, 248, 203, 111, 256, 268, 150, 263, 116, 257, 165, 113, 47, 248, 132, 189, 140, 252, 282, 194, 248, 266, 246, 271, 272, 273, 258, 269, 246, 149, 270, 228, 150, 203, 261, 175, 188, 257, 224, 252, 233, 243, 96, 214, 141, 149, 59, 233, 231, 236, 137, 284, 247, 202, 249, 194, 222, 119, 221, 251, 248, 248, 272, 253, 258, 80, 235, 247, 94, 229, 197, 259, 270, 197, 170, 189, 259, 240, 269, 233, 151, 265, 82, 233, 264, 72, 250, 165, 230, 257, 63, 265, 268, 239, 249, 248, 195, 242, 151, 234, 162, 251, 270, 186, 250, 192, 263, 65, 206, 252, 101, 206, 253, 248, 225, 158, 188, 182, 269, 265, 179, 261, 260, 231, 245, 269, 163, 197, 247, 185, 269, 145, 236, 92, 152, 119, 214, 164, 252, 93, 24, 231, 101, 221, 178, 169, 270, 203, 171, 153, 267, 270, 254, 148, 171, 265, 131, 202, 183, 195, 151, 154, 170, 260, 176, 147, 235, 264, 256, 183, 211, 250, 242, 197, 221, 265, 262, 153, 185, 138, 226, 190, 223, 191, 275, 83, 132, 79, 251, 256, 179, 260, 259, 267, 118, 227, 201, 244, 264, 216, 273, 187, 145, 271, 253, 272, 263, 267, 191, 258, 114, 234, 224, 162, 259, 121, 182, 87, 201, 253, 260, 229, 270, 108, 189, 266, 199, 61, 249, 211, 260, 228, 189, 207, 227, 198, 31, 79, 237, 156, 236, 270, 132, 260, 262, 246, 241, 261, 150, 259, 231, 166, 270, 120, 257, 192, 265, 101, 58, 53, 121, 272, 187, 233, 257, 140, 216, 263, 151, 123, 230, 119, 221, 243, 173, 267, 72, 203, 242, 189, 127, 257, 205, 109, 253, 233, 257, 158, 230, 190, 266, 190, 59, 65, 259, 266, 249, 226, 176, 252, 148, 189, 199, 56, 264, 236, 120, 165, 137, 256, 269, 213, 251, 126, 180, 230, 204, 149, 251, 264, 269, 234, 264, 232, 157, 147, 55, 172, 88, 253, 257, 252, 214, 272, 136, 102, 156, 264, 189, 268, 228, 154, 261, 188, 207, 159, 153, 254, 167, 135, 258, 228, 252, 135, 100, 263, 272, 151, 191, 106, 167, 262, 259, 256, 175, 97, 188, 224, 250, 160, 262, 264, 253, 166, 263, 251, 270, 257, 200, 210, 201, 202, 247, 269, 261, 270, 202, 97, 250, 153, 251, 124, 266), bio12 = c(1639, 3624, 1693, 2501, 1214, 2259, 2212, 2233, 2592, 2608, 1194, 1617, 2599, 2211, 2274, 2084, 1842, 1945, 1878, 1882, 2479, 2487, 2413, 1372, 2677, 2835, 2005, 2192, 3921, 1369, 1526, 1499, 7682, 3719, 7091, 2706, 2233, 1656, 1556, 2651, 1053, 2955, 372, 3155, 4820, 2253, 1449, 2945, 2780, 2768, 1227, 2496, 7024, 3285, 3159, 3575, 3727, 1261, 2824, 1280, 1934, 3326, 4080, 2819, 1892, 5066, 2471, 3424, 3799, 2740, 3226, 2574, 2791, 2945, 1993, 2924, 1912, 2413, 3207, 2827, 2403, 2915, 2921, 1933, 2084, 1877, 3182, 2702, 1072, 1190, 1238, 2741, 3286, 2821, 897, 2574, 2712, 688, 1422, 548, 3360, 940, 1714, 2865, 222, 110, 1866, 323, 1094, 1239, 1523, 90, 2139, 266, 1781, 3271, 1444, 1567, 1801, 313, 632, 39, 2501, 280, 1542, 2172, 24, 329, 1592, 1412, 2148, 480, 1057, 988, 2228, 54, 1549, 2016, 2058, 2204, 728, 471, 2527, 1211, 769, 909, 472, 1511, 687, 1526, 1142, 1013, 986, 726, 298, 2765, 622, 904, 2579, 687, 320, 1910, 2625, 1334, 576, 1268, 1371, 532, 79, 1099, 1484, 2365, 1119, 1501, 472, 2395, 1499, 1551, 2377, 381, 933, 731, 1012, 1103, 258, 2379, 3093, 384, 819, 678, 2829, 1173, 1690, 845, 1184, 1044, 2466, 229, 393, 1148, 1046, 2951, 463, 1, 1955, 2427, 2028, 149, 2902, 595, 1483, 2460, 1511, 1551, 772, 535, 1095, 86, 1478, 902, 562, 909, 616, 2228, 3112, 135, 461, 2231, 2314, 1217, 645, 411, 37, 515, 2333, 1370, 1184, 316, 2127, 255, 568, 3076, 1189, 30, 2564, 2, 277, 815, 493, 1071, 2536, 237, 419, 2806, 367, 181, 957, 240, 2932, 1141, 1267, 1135, 759, 1178, 777, 908, 1047, 2235, 1497, 1530, 1101, 574, 1196, 904, 2784, 2310, 1322, 752, 1438, 132, 1757, 1222, 2218, 1326, 3151, 918, 548, 1454, 1444, 143, 753, 1860, 420, 817, 1283, 2361, 1243, 3, 1201, 1223, 2444, 1230, 3908, 1113, 1600, 1865, 771, 189, 1460, 1677, 352, 516, 552, 1330, 2192, 2216, 1440, 166, 1538, 1249, 428, 412, 2306, 265, 2231, 2199, 1909, 1513, 799, 310, 2170, 2231, 1574, 1356, 1274, 1678, 1506, 1372, 1751, 826, 972, 2227, 2109, 794, 820, 1680, 961, 408, 1108, 1360, 268, 2054, 1268, 100, 1514, 1331, 741, 1205, 2944, 1667, 1398, 1054, 135, 1024, 528, 1021, 755, 785, 1821, 470, 1681, 1542, 176, 231, 3, 417, 1084, 2346, 604, 592, 4394, 1675, 1352, 1559, 907, 1036, 3455, 2217, 389, 1346, 2195, 159, 978, 2069, 1379, 236, 1569, 1163, 1521, 1837, 414, 992, 467, 2728, 803, 357, 2629, 1044, 593, 2178, 2702, 2347, 1495, 2585, 1774, 292, 662, 1119, 320, 423, 1314, 1221, 1267, 1428, 2697, 1600, 371, 1357, 606, 2570, 275, 1019, 999, 1706, 425, 1361, 1546, 1975, 716, 1925, 667, 2534, 1152, 504, 1505, 652, 1185, 827, 1437, 371, 2216, 2280, 607, 2664, 138, 2201, 1327, 2242, 1846, 1213, 896, 1033, 3034, 1184, 1865, 1629, 1236, 1712, 1807, 2507, 1772, 272, 1635, 2332, 2533, 3592, 2703, 1103, 1373, 732, 545, 2587, 1266, 2541, 1675, 460, 1855, 2451, 24, 764, 758, 1867, 1121, 776, 1937, 1526, 513, 1167, 2640, 171, 731, 1312, 2181, 2185, 396, 275, 1106, 2319, 745, 2326, 1514, 3146, 1618, 1217, 1008, 1973, 1474, 998, 984, 2054, 1819, 1433, 1446, 2689, 1238, 2740, 2344, 1289, 1585, 199, 2228, 2393, 410, 1808, 1664, 916, 252, 945, 93, 1962, 440, 1340, 753, 981, 734, 734, 2531, 1533, 1897, 1629, 2473, 1892, 745, 2115, 2750, 722, 2343, 1170, 262, 1756, 1510, 1259, 1486, 1903, 536, 1176, 1394, 1113, 753, 1242, 577, 270, 85, 760, 1524, 2762, 468, 2364, 601, 2397, 2012, 1502, 1172, 1135, 1938, 1379, 1610, 1173, 1549, 2259, 806, 446, 1074, 1874, 968, 819, 1434, 2208, 2487, 313, 460, 319, 1452, 1266, 1913, 1923, 148, 2278, 4501, 1441, 3707, 451, 1994, 338, 1407, 2428, 491, 2140, 2258, 492, 1915, 1486, 1441, 1238, 163, 1204, 1189, 2168, 2217, 2776, 786, 278, 2341, 263, 1461, 1604, 390, 439, 2341, 1921, 2622, 1306, 363, 525, 627, 2453, 1465, 1799, 3159, 1677, 2021, 1606, 604, 1098, 1997, 2022, 1604, 790, 1181, 195, 37, 287, 849, 541, 714, 393, 56, 687, 783, 1234, 1363, 1265, 2725, 1667, 1262, 254, 2607, 1895, 2186, 726, 1293, 3182, 1091, 1274, 288, 1028, 1434, 1931, 1383, 1380, 550, 1021, 1491, 2862, 1086, 1446, 874, 1939, 164, 1769, 2432, 1057, 3298, 280, 1296, 773, 202, 494, 713, 1265, 1771, 541, 155, 178, 1875, 2201, 625, 2500, 3543, 2006, 89, 483, 1509, 1970, 1583, 907, 752, 1077, 151, 2599, 2108, 1793, 2337, 2020, 14, 2157, 368, 1306, 1248, 1966, 1527, 587, 3, 500, 1553, 1334, 1917, 1217, 2362, 453, 332, 2112, 979, 525, 2019, 82, 1837, 2247, 1213, 60, 1619, 1550, 99, 306, 1156, 1008, 1420, 624, 1042, 2619, 3056, 1579, 1382, 630, 504, 1728, 1062, 1323, 1969, 386, 2496, 1531, 1703, 226, 425, 425, 1311, 2412, 735, 1412, 3467, 1164, 954, 1820, 1405, 1175, 1474, 975, 2465, 1461, 1, 2642, 529, 1924, 592, 18, 321, 2281, 1097, 2342, 1347, 1690, 2780, 1466, 728, 1576, 681, 1935, 508, 200, 2050, 2283, 1953, 797, 1743, 1598, 275, 1667, 2312, 999, 2525, 1179, 1274, 1061, 709, 2535, 2308, 594, 1484, 336, 757, 534, 909, 352, 1694, 1148, 2860, 3490, 2389, 2040, 1208, 610, 1336, 631, 334, 3624, 1866, 1606, 1508, 2749, 114, 1034, 1221, 1592, 1601, 1154, 3218, 523, 1996, 171, 1312, 517, 277, 2203, 1345, 926, 1148, 1096, 1327, 1194, 234, 2789, 1999, 925, 622, 356, 1608, 2212, 1619, 1974, 269, 557, 785, 1115, 2657, 1734, 2529, 1695, 2005, 791, 978, 1919, 2200, 1508, 1039, 2111, 1417, 1309, 959, 2134, 1334, 1657, 1637, 353, 1458, 812, 1126, 728, 1858), bio16 = c(724, 1547, 775, 1081, 516, 956, 807, 877, 872, 957, 540, 808, 1250, 981, 1008, 1011, 818, 880, 893, 845, 1277, 1221, 1286, 650, 879, 985, 657, 739, 1364, 531, 631, 606, 2426, 1469, 2065, 964, 793, 680, 690, 926, 360, 1271, 215, 1240, 1663, 865, 559, 1040, 945, 1072, 503, 859, 2458, 1218, 1168, 1295, 1550, 710, 1381, 885, 1110, 1057, 1300, 1481, 805, 1706, 1094, 1512, 1689, 986, 1109, 812, 1077, 1162, 776, 1263, 851, 678, 939, 851, 723, 916, 868, 620, 646, 631, 1249, 1345, 476, 501, 589, 1054, 1071, 939, 425, 728, 1042, 398, 623, 295, 1012, 642, 736, 1067, 132, 80, 853, 166, 327, 415, 426, 58, 836, 138, 772, 1186, 708, 578, 781, 130, 333, 28, 869, 79, 628, 999, 17, 138, 767, 710, 992, 217, 502, 383, 883, 40, 699, 959, 797, 1157, 354, 218, 973, 362, 465, 351, 172, 436, 345, 891, 659, 380, 363, 298, 198, 1318, 360, 510, 861, 357, 164, 972, 1108, 513, 204, 652, 522, 359, 69, 325, 431, 1014, 495, 695, 270, 942, 606, 760, 767, 113, 472, 250, 305, 325, 157, 1035, 1274, 194, 407, 266, 882, 324, 740, 520, 615, 323, 946, 68, 173, 351, 358, 1289, 179, 1, 870, 1095, 746, 53, 947, 261, 748, 874, 436, 717, 490, 288, 294, 81, 692, 407, 284, 577, 175, 934, 1233, 111, 278, 942, 796, 554, 291, 195, 33, 222, 875, 614, 402, 160, 654, 186, 242, 1172, 610, 26, 1034, 1, 88, 542, 339, 662, 767, 146, 233, 891, 233, 53, 281, 104, 1134, 338, 370, 517, 293, 360, 275, 306, 384, 904, 683, 747, 550, 290, 651, 466, 997, 921, 484, 327, 444, 116, 488, 586, 787, 809, 1188, 327, 176, 568, 697, 47, 403, 702, 202, 323, 575, 941, 381, 3, 407, 605, 1060, 518, 1675, 677, 458, 793, 416, 59, 684, 788, 108, 207, 264, 412, 660, 1021, 724, 66, 527, 358, 238, 252, 1093, 83, 865, 762, 858, 423, 402, 91, 891, 771, 722, 694, 572, 860, 449, 533, 524, 277, 406, 1015, 1002, 462, 324, 729, 284, 272, 458, 456, 89, 967, 697, 38, 777, 654, 413, 626, 1532, 754, 531, 329, 44, 538, 219, 498, 329, 495, 907, 248, 805, 780, 63, 123, 3, 156, 463, 916, 283, 194, 1359, 836, 551, 728, 291, 530, 1327, 1269, 201, 520, 1010, 107, 325, 812, 711, 90, 788, 335, 521, 800, 242, 300, 216, 1140, 297, 255, 940, 573, 190, 820, 1345, 954, 576, 1029, 903, 213, 388, 458, 155, 238, 468, 414, 568, 588, 890, 784, 185, 703, 233, 909, 192, 371, 396, 610, 137, 640, 825, 811, 252, 620, 253, 1042, 640, 232, 699, 303, 572, 496, 816, 254, 981, 956, 235, 919, 77, 1024, 540, 906, 841, 370, 586, 318, 1507, 348, 860, 764, 379, 614, 860, 1316, 952, 123, 712, 946, 957, 1220, 1022, 328, 385, 381, 267, 1215, 359, 939, 941, 290, 950, 936, 23, 239, 232, 834, 568, 267, 957, 631, 143, 327, 967, 118, 222, 694, 685, 955, 260, 194, 315, 1013, 309, 739, 697, 1449, 959, 379, 364, 717, 598, 327, 652, 760, 710, 805, 498, 983, 384, 986, 1070, 546, 494, 73, 1008, 1255, 146, 851, 473, 386, 148, 306, 69, 842, 202, 381, 480, 471, 318, 479, 968, 613, 926, 809, 1357, 917, 309, 888, 1217, 246, 696, 593, 78, 542, 816, 355, 402, 714, 272, 462, 746, 464, 406, 533, 235, 112, 51, 233, 623, 934, 213, 877, 391, 821, 888, 749, 563, 339, 915, 527, 717, 438, 894, 1054, 499, 281, 496, 845, 413, 274, 524, 969, 1221, 152, 259, 182, 764, 447, 937, 939, 92, 1129, 1195, 594, 1614, 231, 957, 194, 677, 803, 148, 623, 1068, 174, 957, 688, 882, 512, 69, 529, 395, 986, 892, 1134, 474, 144, 936, 84, 739, 740, 201, 236, 928, 925, 1025, 397, 207, 299, 416, 752, 448, 758, 1323, 850, 885, 810, 240, 667, 969, 858, 864, 271, 496, 141, 31, 132, 370, 283, 294, 201, 50, 362, 429, 666, 404, 336, 1021, 1021, 334, 144, 932, 991, 958, 282, 395, 1489, 351, 664, 173, 353, 434, 546, 394, 712, 286, 468, 658, 890, 448, 407, 501, 910, 106, 701, 1333, 451, 956, 86, 398, 239, 125, 325, 383, 487, 905, 282, 51, 57, 844, 981, 377, 971, 1125, 700, 57, 199, 776, 968, 816, 332, 483, 360, 101, 1250, 795, 847, 978, 795, 7, 940, 175, 621, 577, 534, 706, 207, 2, 367, 550, 634, 820, 580, 849, 225, 186, 744, 307, 168, 903, 35, 761, 736, 421, 29, 772, 507, 51, 89, 531, 351, 669, 420, 613, 729, 874, 799, 558, 274, 170, 756, 719, 379, 1065, 190, 725, 427, 749, 78, 132, 128, 448, 1056, 464, 734, 1062, 353, 390, 832, 417, 347, 671, 305, 1023, 560, 1, 928, 328, 773, 286, 13, 167, 1031, 365, 1031, 550, 608, 945, 455, 309, 523, 454, 525, 155, 68, 872, 868, 865, 479, 481, 498, 81, 463, 725, 442, 734, 608, 354, 358, 229, 1025, 1263, 211, 715, 109, 263, 263, 478, 112, 852, 369, 1140, 1092, 1053, 891, 341, 202, 390, 221, 140, 1547, 756, 699, 444, 1101, 76, 325, 405, 803, 791, 581, 1418, 265, 832, 97, 553, 208, 127, 1042, 480, 364, 761, 371, 536, 329, 80, 943, 960, 279, 303, 183, 776, 996, 687, 783, 157, 219, 534, 708, 960, 598, 1007, 590, 848, 302, 390, 824, 881, 736, 311, 909, 721, 454, 365, 1166, 636, 944, 595, 126, 610, 309, 674, 309, 808), bio17 = c(62, 373, 186, 280, 146, 208, 281, 230, 498, 306, 130, 97, 136, 196, 191, 137, 176, 143, 122, 170, 154, 182, 140, 114, 419, 267, 256, 222, 365, 88, 75, 90, 1496, 170, 1372, 170, 176, 94, 52, 213, 151, 247, 25, 269, 957, 314, 182, 405, 398, 207, 64, 403, 937, 300, 312, 359, 256, 32, 234, 9, 89, 658, 766, 180, 99, 636, 172, 221, 268, 290, 402, 495, 148, 131, 95, 77, 54, 493, 667, 554, 407, 554, 607, 281, 327, 242, 407, 116, 46, 141, 83, 176, 670, 372, 87, 590, 391, 11, 93, 8, 664, 10, 219, 265, 15, 0, 128, 41, 211, 187, 320, 4, 306, 2, 35, 518, 14, 250, 187, 31, 28, 0, 306, 61, 165, 207, 1, 24, 16, 47, 165, 28, 82, 105, 235, 0, 149, 33, 215, 103, 41, 32, 233, 234, 4, 85, 47, 301, 15, 20, 12, 120, 99, 67, 12, 134, 22, 25, 361, 2, 17, 164, 281, 205, 76, 8, 146, 16, 0, 238, 332, 298, 122, 86, 34, 250, 90, 94, 336, 69, 78, 80, 204, 230, 14, 89, 312, 44, 54, 66, 511, 243, 59, 33, 32, 197, 278, 47, 24, 239, 161, 186, 56, 0, 149, 41, 232, 24, 414, 43, 24, 319, 303, 41, 21, 33, 253, 0, 50, 108, 13, 27, 123, 171, 334, 1, 15, 167, 293, 125, 65, 27, 0, 42, 225, 112, 215, 30, 378, 1, 88, 190, 20, 0, 201, 0, 58, 8, 24, 19, 440, 15, 22, 426, 20, 38, 185, 28, 291, 242, 278, 80, 113, 237, 121, 129, 162, 241, 82, 12, 22, 22, 75, 66, 368, 179, 212, 32, 278, 0, 385, 101, 376, 51, 374, 120, 105, 193, 30, 27, 22, 173, 31, 76, 122, 208, 225, 0, 140, 95, 80, 112, 288, 47, 307, 86, 53, 32, 66, 64, 68, 62, 35, 241, 482, 42, 45, 9, 291, 249, 14, 11, 74, 54, 261, 265, 143, 337, 47, 58, 159, 302, 74, 30, 137, 20, 317, 107, 311, 159, 53, 46, 46, 7, 63, 168, 176, 12, 155, 188, 44, 186, 55, 6, 10, 96, 18, 28, 39, 166, 140, 171, 25, 48, 46, 60, 72, 9, 192, 17, 18, 27, 32, 16, 0, 70, 64, 225, 33, 88, 602, 171, 118, 132, 178, 36, 282, 110, 34, 135, 63, 4, 134, 221, 20, 37, 46, 257, 290, 161, 1, 175, 41, 297, 75, 3, 344, 11, 103, 387, 116, 197, 227, 185, 9, 6, 11, 65, 28, 39, 162, 230, 52, 118, 513, 15, 22, 66, 85, 314, 2, 111, 149, 227, 73, 109, 52, 211, 99, 347, 71, 166, 9, 38, 72, 35, 75, 12, 32, 4, 92, 177, 56, 334, 8, 41, 193, 196, 152, 252, 19, 195, 64, 263, 107, 59, 262, 194, 19, 83, 84, 22, 169, 199, 338, 524, 255, 241, 292, 25, 52, 159, 258, 391, 126, 11, 129, 206, 0, 152, 146, 57, 29, 123, 39, 75, 113, 249, 286, 3, 120, 50, 340, 153, 8, 3, 253, 315, 115, 349, 93, 263, 43, 252, 132, 274, 237, 168, 32, 353, 145, 33, 183, 279, 255, 290, 59, 128, 319, 36, 73, 154, 47, 194, 358, 111, 20, 143, 2, 120, 31, 288, 32, 8, 23, 20, 175, 134, 36, 13, 14, 24, 114, 284, 138, 78, 398, 77, 54, 331, 20, 263, 335, 162, 11, 131, 26, 144, 32, 124, 55, 16, 6, 115, 199, 400, 40, 131, 15, 378, 51, 62, 81, 240, 46, 148, 134, 125, 100, 38, 10, 8, 105, 115, 65, 128, 240, 146, 182, 27, 26, 12, 12, 143, 184, 36, 8, 130, 1025, 119, 160, 41, 39, 24, 27, 283, 90, 413, 216, 59, 23, 97, 34, 169, 20, 95, 231, 46, 266, 274, 10, 23, 156, 44, 65, 50, 25, 16, 166, 34, 306, 265, 17, 38, 6, 405, 271, 109, 169, 17, 54, 15, 60, 43, 33, 178, 134, 83, 63, 1, 0, 31, 70, 11, 46, 24, 0, 19, 31, 48, 240, 274, 235, 31, 282, 17, 354, 104, 225, 73, 240, 92, 167, 62, 12, 131, 277, 445, 261, 74, 31, 103, 106, 520, 120, 320, 18, 31, 2, 192, 112, 86, 739, 54, 222, 139, 4, 26, 7, 201, 19, 50, 31, 36, 165, 75, 12, 211, 705, 219, 5, 58, 59, 83, 16, 141, 12, 146, 5, 136, 186, 42, 131, 82, 1, 191, 26, 125, 175, 458, 39, 53, 0, 5, 293, 118, 104, 111, 388, 31, 23, 246, 201, 85, 70, 1, 82, 332, 210, 2, 43, 305, 12, 62, 75, 130, 65, 9, 35, 553, 657, 15, 132, 100, 60, 131, 27, 283, 27, 23, 555, 333, 31, 43, 86, 79, 184, 280, 25, 10, 684, 251, 60, 39, 260, 256, 65, 177, 265, 173, 0, 406, 9, 215, 26, 0, 39, 47, 143, 214, 118, 177, 398, 276, 55, 291, 7, 447, 93, 29, 94, 332, 99, 7, 388, 268, 54, 378, 409, 58, 474, 70, 264, 173, 110, 230, 108, 85, 65, 45, 127, 31, 13, 54, 98, 177, 193, 706, 316, 188, 262, 96, 291, 76, 40, 373, 212, 186, 269, 157, 5, 199, 236, 36, 82, 113, 153, 25, 103, 2, 185, 40, 22, 45, 240, 66, 10, 192, 121, 262, 44, 418, 45, 171, 26, 37, 120, 190, 126, 145, 10, 51, 17, 12, 449, 247, 130, 199, 106, 62, 104, 103, 270, 11, 217, 175, 58, 197, 93, 30, 81, 29, 272, 46, 132, 93, 33, 58, 186), biome = c(1L, 1L, 1L, 1L, 2L, 1L, 1L, 1L, 1L, 1L, 1L, 1L, 1L, 1L, 1L, 1L, 1L, 1L, 1L, 1L, 1L, 1L, 1L, 1L, 1L, 1L, 1L, 1L, 1L, 12L, 2L, 12L, 1L, 1L, 1L, 1L, 1L, 1L, 1L, 1L, 1L, 1L, 12L, 1L, 1L, 1L, 1L, 1L, 1L, 1L, 1L, 1L, 1L, 1L, 1L, 1L, 1L, 1L, 1L, 8L, 2L, 1L, 1L, 1L, 1L, 1L, 1L, 1L, 13L, 1L, 1L, 1L, 1L, 1L, 1L, 1L, 1L, 1L, 1L, 1L, 1L, 1L, 1L, 1L, 1L, 1L, 1L, 1L, 12L, 12L, 12L, 1L, 1L, 1L, 1L, 4L, 13L, 2L, 2L, 12L, 1L, 2L, 4L, 1L, 12L, 11L, 1L, 12L, 5L, 1L, 4L, 9L, 1L, 7L, 1L, 1L, 6L, 1L, 1L, 12L, 12L, 9L, 1L, 12L, 1L, 4L, 12L, 7L, 1L, 6L, 1L, 7L, 2L, 7L, 1L, 11L, 1L, 1L, 3L, 1L, 3L, 12L, 1L, 6L, 12L, 7L, 7L, 4L, 9L, 1L, 6L, 1L, 12L, 2L, 12L, 1L, 12L, 9L, 1L, 12L, 11L, 1L, 1L, 5L, 7L, 2L, 1L, 3L, 2L, 5L, 4L, 1L, 1L, 6L, 3L, 1L, 12L, 1L, 1L, 7L, 4L, 7L, 4L, 4L, 12L, 6L, 1L, 12L, 1L, 7L, 1L, 6L, 1L, 9L, 6L, 4L, 1L, 7L, 7L, 4L, 7L, 1L, 3L, 12L, 1L, 1L, 1L, 12L, 1L, 7L, 2L, 1L, 4L, 6L, 11L, 3L, 6L, 9L, 6L, 1L, 2L, 12L, 4L, 1L, 1L, 12L, 12L, 1L, 1L, 1L, 12L, 12L, 9L, 7L, 1L, 1L, 5L, 12L, 1L, 9L, 12L, 1L, 12L, 12L, 1L, 12L, 7L, 1L, 3L, 1L, 1L, 7L, 12L, 1L, 12L, 12L, 4L, 12L, 1L, 4L, 4L, 1L, 12L, 5L, 6L, 7L, 12L, 1L, 6L, 6L, 5L, 2L, 2L, 1L, 1L, 1L, 5L, 1L, 4L, 9L, 1L, 1L, 1L, 2L, 1L, 7L, 5L, 13L, 6L, 12L, 9L, 1L, 7L, 7L, 2L, 1L, 4L, 12L, 6L, 1L, 1L, 1L, 1L, 3L, 1L, 1L, 4L, 7L, 2L, 6L, 12L, 12L, 7L, 4L, 4L, 1L, 6L, 12L, 1L, 4L, 6L, 9L, 6L, 12L, 1L, 1L, 1L, 6L, 1L, 12L, 1L, 1L, 6L, 6L, 2L, 6L, 4L, 1L, 1L, 7L, 2L, 1L, 1L, 2L, 2L, 1L, 7L, 12L, 1L, 6L, 12L, 1L, 2L, 12L, 6L, 1L, 9L, 6L, 1L, 1L, 6L, 7L, 7L, 2L, 7L, 6L, 1L, 12L, 1L, 2L, 1L, 6L, 7L, 12L, 12L, 9L, 2L, 1L, 7L, 7L, 1L, 1L, 6L, 2L, 7L, 6L, 1L, 1L, 12L, 6L, 6L, 9L, 7L, 1L, 6L, 7L, 6L, 4L, 5L, 1L, 11L, 7L, 5L, 1L, 6L, 2L, 1L, 6L, 4L, 1L, 1L, 1L, 1L, 1L, 6L, 12L, 2L, 1L, 12L, 5L, 6L, 5L, 6L, 6L, 1L, 6L, 7L, 6L, 12L, 1L, 2L, 1L, 4L, 1L, 12L, 1L, 6L, 1L, 7L, 1L, 7L, 1L, 2L, 7L, 6L, 2L, 6L, 2L, 1L, 9L, 1L, 1L, 12L, 1L, 7L, 1L, 5L, 1L, 1L, 4L, 12L, 7L, 1L, 4L, 1L, 6L, 4L, 1L, 6L, 1L, 1L, 12L, 1L, 1L, 1L, 1L, 1L, 4L, 6L, 12L, 9L, 1L, 6L, 1L, 1L, 1L, 1L, 1L, 12L, 7L, 4L, 1L, 6L, 7L, 6L, 2L, 12L, 6L, 1L, 9L, 5L, 1L, 1L, 1L, 9L, 9L, 5L, 1L, 2L, 1L, 6L, 1L, 1L, 4L, 8L, 1L, 1L, 6L, 2L, 1L, 1L, 6L, 1L, 1L, 4L, 1L, 1L, 13L, 6L, 7L, 1L, 1L, 7L, 1L, 4L, 2L, 12L, 7L, 9L, 1L, 7L, 5L, 3L, 6L, 2L, 2L, 3L, 13L, 1L, 1L, 2L, 6L, 2L, 1L, 1L, 7L, 1L, 1L, 7L, 1L, 6L, 6L, 1L, 1L, 12L, 2L, 6L, 1L, 2L, 1L, 7L, 11L, 9L, 1L, 1L, 1L, 7L, 1L, 12L, 1L, 1L, 1L, 1L, 4L, 6L, 1L, 1L, 2L, 6L, 1L, 12L, 9L, 1L, 1L, 1L, 1L, 5L, 1L, 1L, 3L, 12L, 6L, 6L, 6L, 1L, 1L, 7L, 1L, 4L, 6L, 1L, 7L, 1L, 12L, 6L, 1L, 7L, 1L, 1L, 12L, 1L, 6L, 3L, 13L, 12L, 6L, 5L, 1L, 1L, 1L, 12L, 12L, 1L, 7L, 6L, 1L, 7L, 6L, 1L, 1L, 1L, 4L, 12L, 12L, 12L, 1L, 4L, 1L, 1L, 6L, 1L, 6L, 7L, 3L, 1L, 1L, 1L, 7L, 1L, 9L, 12L, 12L, 1L, 7L, 2L, 7L, 9L, 2L, 9L, 1L, 4L, 6L, 3L, 3L, 6L, 12L, 1L, 1L, 1L, 7L, 4L, 1L, 7L, 1L, 7L, 8L, 4L, 1L, 5L, 1L, 12L, 4L, 6L, 1L, 1L, 6L, 6L, 1L, 12L, 1L, 1L, 1L, 1L, 7L, 4L, 7L, 12L, 12L, 12L, 5L, 6L, 7L, 7L, 7L, 6L, 1L, 2L, 1L, 1L, 1L, 9L, 12L, 6L, 13L, 6L, 6L, 12L, 8L, 9L, 1L, 1L, 6L, 1L, 6L, 12L, 1L, 7L, 8L, 5L, 1L, 1L, 5L, 12L, 12L, 6L, 12L, 1L, 1L, 1L, 7L, 12L, 1L, 4L, 12L, 1L, 12L, 1L, 1L, 5L, 12L, 6L, 5L, 9L, 12L, 2L, 7L, 2L, 12L, 3L, 1L, 1L, 6L, 6L, 1L, 7L, 6L, 3L, 5L, 1L, 7L, 1L, 6L, 1L, 7L, 4L, 7L, 9L, 1L, 2L, 2L, 1L, 4L, 6L, 6L, 4L, 4L, 2L, 7L, 1L, 1L, 12L, 1L, 12L, 1L, 2L, 12L, 12L, 1L, 6L, 4L, 2L, 3L, 1L, 4L, 12L, 1L, 12L, 1L, 7L, 7L, 1L, 1L, 1L, 12L, 1L, 1L, 7L, 6L, 1L, 9L, 1L, 1L, 4L, 7L, 7L, 1L, 1L, 12L, 6L, 12L, 7L, 12L, 2L, 7L, 1L, 1L, 1L, 1L, 1L, 1L, 4L, 7L, 4L, 7L, 5L, 1L, 1L, 1L, 6L, 6L, 9L, 4L, 5L, 1L, 1L, 2L, 1L, 6L, 1L, 12L, 5L, 7L, 7L, 1L, 5L, 1L, 12L, 1L, 2L, 4L, 7L, 1L, 6L, 7L, 6L, 12L, 1L, 1L, 1L, 1L, 7L, 5L, 2L, 2L, 1L, 1L, 1L, 1L, 1L, 7L, 2L, 1L, 1L, 6L, 7L, 6L, 1L, 1L, 2L, 1L, 8L, 1L, 1L, 5L, 3L, 7L, 1L, 7L, 1L)), p = c(1, 1, 1, 1, 1, 1, 1, 1, 1, 1, 1, 1, 1, 1, 1, 1, 1, 1, 1, 1, 1, 1, 1, 1, 1, 1, 1, 1, 1, 1, 1, 1, 1, 1, 1, 1, 1, 1, 1, 1, 1, 1, 1, 1, 1, 1, 1, 1, 1, 1, 1, 1, 1, 1, 1, 1, 1, 1, 1, 1, 1, 1, 1, 1, 1, 1, 1, 1, 1, 1, 1, 1, 1, 1, 1, 1, 1, 1, 1, 1, 1, 1, 1, 1, 1, 1, 1, 1, 1, 1, 1, 1, 0, 0, 0, 0, 0, 0, 0, 0, 0, 0, 0, 0, 0, 0, 0, 0, 0, 0, 0, 0, 0, 0, 0, 0, 0, 0, 0, 0, 0, 0, 0, 0, 0, 0, 0, 0, 0, 0, 0, 0, 0, 0, 0, 0, 0, 0, 0, 0, 0, 0, 0, 0, 0, 0, 0, 0, 0, 0, 0, 0, 0, 0, 0, 0, 0, 0, 0, 0, 0, 0, 0, 0, 0, 0, 0, 0, 0, 0, 0, 0, 0, 0, 0, 0, 0, 0, 0, 0, 0, 0, 0, 0, 0, 0, 0, 0, 0, 0, 0, 0, 0, 0, 0, 0, 0, 0, 0, 0, 0, 0, 0, 0, 0, 0, 0, 0, 0, 0, 0, 0, 0, 0, 0, 0, 0, 0, 0, 0, 0, 0, 0, 0, 0, 0, 0, 0, 0, 0, 0, 0, 0, 0, 0, 0, 0, 0, 0, 0, 0, 0, 0, 0, 0, 0, 0, 0, 0, 0, 0, 0, 0, 0, 0, 0, 0, 0, 0, 0, 0, 0, 0, 0, 0, 0, 0, 0, 0, 0, 0, 0, 0, 0, 0, 0, 0, 0, 0, 0, 0, 0, 0, 0, 0, 0, 0, 0, 0, 0, 0, 0, 0, 0, 0, 0, 0, 0, 0, 0, 0, 0, 0, 0, 0, 0, 0, 0, 0, 0, 0, 0, 0, 0, 0, 0, 0, 0, 0, 0, 0, 0, 0, 0, 0, 0, 0, 0, 0, 0, 0, 0, 0, 0, 0, 0, 0, 0, 0, 0, 0, 0, 0, 0, 0, 0, 0, 0, 0, 0, 0, 0, 0, 0, 0, 0, 0, 0, 0, 0, 0, 0, 0, 0, 0, 0, 0, 0, 0, 0, 0, 0, 0, 0, 0, 0, 0, 0, 0, 0, 0, 0, 0, 0, 0, 0, 0, 0, 0, 0, 0, 0, 0, 0, 0, 0, 0, 0, 0, 0, 0, 0, 0, 0, 0, 0, 0, 0, 0, 0, 0, 0, 0, 0, 0, 0, 0, 0, 0, 0, 0, 0, 0, 0, 0, 0, 0, 0, 0, 0, 0, 0, 0, 0, 0, 0, 0, 0, 0, 0, 0, 0, 0, 0, 0, 0, 0, 0, 0, 0, 0, 0, 0, 0, 0, 0, 0, 0, 0, 0, 0, 0, 0, 0, 0, 0, 0, 0, 0, 0, 0, 0, 0, 0, 0, 0, 0, 0, 0, 0, 0, 0, 0, 0, 0, 0, 0, 0, 0, 0, 0, 0, 0, 0, 0, 0, 0, 0, 0, 0, 0, 0, 0, 0, 0, 0, 0, 0, 0, 0, 0, 0, 0, 0, 0, 0, 0, 0, 0, 0, 0, 0, 0, 0, 0, 0, 0, 0, 0, 0, 0, 0, 0, 0, 0, 0, 0, 0, 0, 0, 0, 0, 0, 0, 0, 0, 0, 0, 0, 0, 0, 0, 0, 0, 0, 0, 0, 0, 0, 0, 0, 0, 0, 0, 0, 0, 0, 0, 0, 0, 0, 0, 0, 0, 0, 0, 0, 0, 0, 0, 0, 0, 0, 0, 0, 0, 0, 0, 0, 0, 0, 0, 0, 0, 0, 0, 0, 0, 0, 0, 0, 0, 0, 0, 0, 0, 0, 0, 0, 0, 0, 0, 0, 0, 0, 0, 0, 0, 0, 0, 0, 0, 0, 0, 0, 0, 0, 0, 0, 0, 0, 0, 0, 0, 0, 0, 0, 0, 0, 0, 0, 0, 0, 0, 0, 0, 0, 0, 0, 0, 0, 0, 0, 0, 0, 0, 0, 0, 0, 0, 0, 0, 0, 0, 0, 0, 0, 0, 0, 0, 0, 0, 0, 0, 0, 0, 0, 0, 0, 0, 0, 0, 0, 0, 0, 0, 0, 0, 0, 0, 0, 0, 0, 0, 0, 0, 0, 0, 0, 0, 0, 0, 0, 0, 0, 0, 0, 0, 0, 0, 0, 0, 0, 0, 0, 0, 0, 0, 0, 0, 0, 0, 0, 0, 0, 0, 0, 0, 0, 0, 0, 0, 0, 0, 0, 0, 0, 0, 0, 0, 0, 0, 0, 0, 0, 0, 0, 0, 0, 0, 0, 0, 0, 0, 0, 0, 0, 0, 0, 0, 0, 0, 0, 0, 0, 0, 0, 0, 0, 0, 0, 0, 0, 0, 0, 0, 0, 0, 0, 0, 0, 0, 0, 0, 0, 0, 0, 0, 0, 0, 0, 0, 0, 0, 0, 0, 0, 0, 0, 0, 0, 0, 0, 0, 0, 0, 0, 0, 0, 0, 0, 0, 0, 0, 0, 0, 0, 0, 0, 0, 0, 0, 0, 0, 0, 0, 0, 0, 0, 0, 0, 0, 0, 0, 0, 0, 0, 0, 0, 0, 0, 0, 0, 0, 0, 0, 0, 0, 0, 0, 0, 0, 0, 0, 0, 0, 0, 0, 0, 0, 0, 0, 0, 0, 0, 0, 0, 0, 0, 0, 0, 0, 0, 0, 0, 0, 0, 0, 0, 0, 0, 0, 0, 0, 0, 0, 0, 0, 0, 0, 0, 0, 0, 0, 0, 0, 0, 0, 0, 0, 0, 0, 0, 0, 0, 0, 0, 0, 0, 0, 0, 0, 0, 0, 0, 0, 0, 0, 0), args = c("noremoveDuplicates", "noautofeature", "noquadratic", "nohinge", "noproduct", "nothreshold", "betamultiplier=2")) 4: (new("standardGeneric", .Data = function (x, p, ...) standardGeneric("MaxEnt"), generic = "MaxEnt", package = "predicts", group = list(), valueClass = character(0), signature = c("x", "p"), default = NULL, skeleton = (function (x, p, ...) stop(gettextf("invalid call in method dispatch to '%s' (no default method)", "MaxEnt"), domain = NA))(x, p, ...)))(x = list(bio1 = c(263, 253, 243, 252, 240, 275, 271, 274, 266, 266, 239, 251, 271, 269, 270, 254, 263, 260, 263, 260, 270, 270, 270, 181, 258, 216, 199, 261, 232, 268, 244, 254, 264, 251, 263, 260, 242, 272, 278, 250, 150, 272, 276, 187, 256, 246, 188, 261, 257, 282, 272, 224, 261, 216, 167, 257, 251, 217, 244, 253, 244, 240, 226, 230, 218, 260, 252, 253, 254, 199, 231, 259, 261, 243, 264, 246, 267, 266, 261, 264, 268, 261, 263, 267, 263, 264, 249, 269, 236, 270, 230, 278, 266, 263, 234, 55, 257, 193, 248, 263, 257, 264, 112, 264, 167, 159, 265, 88, 183, 221, 192, 67, 242, 165, 257, 267, 264, 201, 257, 170, 141, 137, 265, 58, 250, 110, 186, 165, 263, 242, 264, 160, 260, 180, 225, 147, 157, 251, 242, 268, 147, 233, 252, 204, 266, 123, 149, 188, 44, 272, 230, 230, 272, 226, 183, 273, 237, 84, 258, 257, 163, 273, 263, 199, 203, 279, 257, 165, 237, 148, 53, 269, 171, 256, 156, 265, 254, 178, 262, 60, 73, 154, 198, 117, 167, 273, 213, 236, 113, 147, 259, 179, 276, 73, 264, 185, 259, 140, 165, 130, 179, 270, 162, 173, 257, 248, 261, 135, 265, 120, 278, 268, 137, 261, 142, 157, 167, 51, 253, 221, 282, 248, 37, 252, 268, 146, 229, 252, 250, 210, 235, 178, 74, 146, 256, 213, 173, 150, 266, 120, 228, 276, 253, 232, 272, 170, 142, 257, 133, 210, 267, 183, 168, 263, 283, 79, 107, 118, 264, 124, 93, 156, 238, 150, 217, 143, 266, 266, 263, 249, 139, 208, 253, 221, 262, 265, 194, 114, 163, 85, 153, 215, 259, 260, 263, 157, 11, 243, 222, 125, 81, 257, 100, 134, 245, 251, 174, 154, 236, 210, 254, 145, 254, 175, 199, 250, 60, 70, 231, 253, 88, 229, 110, 161, 82, 253, 232, 219, 197, 141, 188, 72, 275, 71, 171, 264, 252, 186, 82, 96, 248, 270, 233, 223, 251, 264, 195, 227, 233, 190, 122, 251, 252, 223, 252, 267, 164, 185, 245, 225, 86, 267, 260, 219, 260, 147, 87, 274, 272, 250, 234, 165, 120, 268, 155, 265, 263, 272, 261, 200, 260, 240, 122, 163, 174, 84, 259, 267, 155, 154, 265, 257, 236, 249, 188, 267, 249, 256, 275, 232, 273, 72, 117, 218, 239, 131, 216, 121, 195, 264, 142, 166, 120, 250, 233, 248, 262, 265, 47, 270, 269, 250, 250, 264, 245, 243, 193, 170, 171, 95, 229, 167, 257, 235, 263, 254, 100, 219, 226, 266, 239, 124, 58, 209, 73, 185, 263, 205, 175, 134, 155, 267, 268, 132, 259, 207, 266, 241, 270, 61, 260, 249, 224, 252, 166, 250, 203, 265, 205, 149, 262, 118, 272, 113, 250, 230, 149, 264, 265, 256, 259, 189, 173, 253, 260, 254, 262, 105, 186, 47, 44, 270, 179, 243, 269, 130, 267, 264, 184, 54, 58, 259, 274, 179, 229, 244, 35, 171, 267, 125, 20, 203, 268, 252, 71, 128, 130, 260, 258, 265, 263, 250, 269, 144, 180, 249, 252, 212, 235, 260, 258, 204, 221, 256, 150, 199, 251, 248, 203, 111, 256, 268, 150, 263, 116, 257, 165, 113, 47, 248, 132, 189, 140, 252, 282, 194, 248, 266, 246, 271, 272, 273, 258, 269, 246, 149, 270, 228, 150, 203, 261, 175, 188, 257, 224, 252, 233, 243, 96, 214, 141, 149, 59, 233, 231, 236, 137, 284, 247, 202, 249, 194, 222, 119, 221, 251, 248, 248, 272, 253, 258, 80, 235, 247, 94, 229, 197, 259, 270, 197, 170, 189, 259, 240, 269, 233, 151, 265, 82, 233, 264, 72, 250, 165, 230, 257, 63, 265, 268, 239, 249, 248, 195, 242, 151, 234, 162, 251, 270, 186, 250, 192, 263, 65, 206, 252, 101, 206, 253, 248, 225, 158, 188, 182, 269, 265, 179, 261, 260, 231, 245, 269, 163, 197, 247, 185, 269, 145, 236, 92, 152, 119, 214, 164, 252, 93, 24, 231, 101, 221, 178, 169, 270, 203, 171, 153, 267, 270, 254, 148, 171, 265, 131, 202, 183, 195, 151, 154, 170, 260, 176, 147, 235, 264, 256, 183, 211, 250, 242, 197, 221, 265, 262, 153, 185, 138, 226, 190, 223, 191, 275, 83, 132, 79, 251, 256, 179, 260, 259, 267, 118, 227, 201, 244, 264, 216, 273, 187, 145, 271, 253, 272, 263, 267, 191, 258, 114, 234, 224, 162, 259, 121, 182, 87, 201, 253, 260, 229, 270, 108, 189, 266, 199, 61, 249, 211, 260, 228, 189, 207, 227, 198, 31, 79, 237, 156, 236, 270, 132, 260, 262, 246, 241, 261, 150, 259, 231, 166, 270, 120, 257, 192, 265, 101, 58, 53, 121, 272, 187, 233, 257, 140, 216, 263, 151, 123, 230, 119, 221, 243, 173, 267, 72, 203, 242, 189, 127, 257, 205, 109, 253, 233, 257, 158, 230, 190, 266, 190, 59, 65, 259, 266, 249, 226, 176, 252, 148, 189, 199, 56, 264, 236, 120, 165, 137, 256, 269, 213, 251, 126, 180, 230, 204, 149, 251, 264, 269, 234, 264, 232, 157, 147, 55, 172, 88, 253, 257, 252, 214, 272, 136, 102, 156, 264, 189, 268, 228, 154, 261, 188, 207, 159, 153, 254, 167, 135, 258, 228, 252, 135, 100, 263, 272, 151, 191, 106, 167, 262, 259, 256, 175, 97, 188, 224, 250, 160, 262, 264, 253, 166, 263, 251, 270, 257, 200, 210, 201, 202, 247, 269, 261, 270, 202, 97, 250, 153, 251, 124, 266), bio5 = c(338, 329, 318, 326, 317, 335, 327, 329, 320, 322, 313, 312, 325, 333, 331, 317, 326, 324, 324, 324, 331, 329, 330, 259, 313, 277, 262, 306, 290, 337, 313, 325, 312, 305, 316, 316, 290, 335, 347, 308, 206, 343, 330, 246, 299, 310, 247, 319, 315, 342, 340, 279, 305, 277, 224, 316, 325, 283, 299, 313, 303, 298, 283, 288, 290, 316, 319, 310, 307, 255, 286, 316, 310, 297, 313, 299, 322, 322, 314, 320, 327, 315, 318, 336, 322, 335, 316, 351, 306, 322, 295, 339, 328, 319, 310, 129, 292, 308, 326, 346, 310, 334, 220, 325, 361, 240, 328, 290, 347, 300, 332, 176, 308, 354, 342, 334, 348, 283, 329, 302, 256, 246, 321, 268, 300, 220, 279, 333, 352, 319, 324, 325, 353, 316, 302, 241, 250, 346, 313, 330, 254, 316, 321, 334, 349, 322, 326, 334, 125, 331, 318, 296, 321, 294, 343, 352, 313, 160, 315, 342, 350, 329, 350, 332, 354, 353, 319, 312, 326, 303, 123, 327, 240, 337, 336, 331, 325, 260, 323, 145, 222, 319, 355, 298, 369, 348, 277, 305, 206, 351, 312, 304, 342, 173, 341, 352, 325, 298, 336, 313, 319, 326, 275, 251, 325, 353, 309, 352, 323, 338, 350, 324, 299, 339, 286, 330, 287, 166, 336, 294, 334, 320, 119, 321, 338, 234, 294, 321, 298, 297, 367, 349, 190, 341, 318, 278, 329, 337, 324, 245, 297, 341, 329, 326, 347, 258, 285, 323, 300, 282, 327, 330, 298, 317, 337, 304, 288, 330, 334, 303, 268, 250, 312, 315, 355, 305, 310, 329, 345, 335, 326, 352, 326, 301, 312, 333, 333, 199, 323, 200, 248, 300, 315, 348, 332, 345, 223, 320, 291, 339, 165, 326, 296, 336, 329, 320, 327, 250, 339, 295, 345, 225, 315, 277, 314, 318, 215, 182, 317, 331, 320, 373, 329, 329, 142, 349, 311, 402, 291, 317, 328, 187, 353, 293, 236, 320, 308, 316, 170, 315, 317, 325, 309, 304, 327, 341, 327, 312, 292, 350, 202, 345, 335, 301, 350, 328, 288, 336, 315, 320, 314, 334, 351, 406, 347, 245, 186, 341, 322, 292, 316, 320, 281, 358, 352, 330, 333, 340, 323, 338, 343, 314, 262, 349, 249, 239, 332, 331, 304, 308, 325, 317, 312, 329, 356, 335, 305, 345, 322, 313, 349, 188, 316, 295, 312, 240, 288, 294, 318, 353, 218, 292, 316, 316, 348, 366, 310, 346, 128, 325, 351, 319, 312, 331, 324, 362, 310, 229, 350, 282, 326, 325, 333, 309, 317, 343, 326, 293, 361, 322, 346, 187, 171, 265, 290, 261, 336, 285, 365, 188, 350, 343, 345, 343, 342, 357, 331, 365, 330, 174, 330, 319, 301, 308, 329, 344, 328, 333, 286, 332, 335, 309, 324, 285, 321, 307, 333, 332, 346, 338, 325, 325, 251, 321, 321, 314, 322, 270, 321, 120, 193, 327, 289, 308, 327, 248, 329, 327, 280, 153, 137, 341, 340, 357, 317, 313, 246, 297, 332, 246, 216, 287, 331, 322, 185, 244, 304, 328, 320, 327, 344, 310, 353, 329, 322, 298, 320, 339, 335, 311, 324, 282, 309, 315, 332, 255, 344, 318, 326, 227, 340, 327, 327, 323, 274, 321, 354, 305, 166, 322, 340, 340, 258, 343, 337, 316, 300, 314, 335, 348, 360, 353, 320, 326, 309, 317, 331, 312, 306, 311, 336, 292, 277, 325, 297, 327, 308, 314, 176, 301, 344, 312, 163, 296, 293, 286, 330, 349, 313, 265, 333, 265, 304, 302, 308, 313, 296, 345, 331, 360, 323, 189, 313, 317, 174, 285, 330, 327, 329, 355, 342, 341, 345, 342, 334, 322, 298, 326, 138, 307, 330, 218, 341, 353, 304, 316, 142, 321, 324, 323, 345, 328, 301, 312, 357, 311, 321, 343, 328, 249, 328, 325, 333, 160, 278, 339, 300, 346, 318, 338, 292, 315, 362, 352, 325, 325, 331, 333, 327, 302, 331, 347, 361, 314, 338, 250, 333, 311, 303, 232, 249, 328, 284, 353, 359, 315, 144, 349, 203, 307, 332, 307, 318, 302, 306, 345, 322, 333, 329, 350, 325, 338, 318, 290, 335, 332, 316, 256, 334, 357, 297, 219, 310, 320, 322, 287, 290, 348, 376, 273, 276, 327, 316, 326, 330, 293, 354, 353, 310, 323, 349, 228, 302, 206, 327, 340, 295, 321, 314, 313, 234, 378, 278, 304, 344, 341, 339, 327, 275, 325, 308, 344, 330, 342, 272, 346, 332, 326, 324, 257, 343, 316, 265, 173, 320, 313, 327, 309, 325, 328, 326, 312, 355, 276, 332, 363, 328, 300, 335, 368, 303, 321, 131, 308, 326, 311, 323, 331, 238, 318, 317, 316, 325, 317, 323, 334, 345, 336, 320, 319, 314, 334, 349, 221, 162, 139, 174, 335, 310, 313, 309, 331, 359, 344, 325, 303, 301, 313, 305, 319, 258, 323, 149, 281, 339, 267, 320, 354, 329, 197, 330, 310, 315, 317, 356, 284, 320, 300, 137, 179, 330, 310, 324, 297, 274, 322, 305, 312, 256, 131, 323, 321, 290, 344, 294, 318, 330, 365, 334, 329, 349, 304, 313, 305, 341, 318, 342, 292, 334, 308, 322, 296, 144, 364, 296, 329, 303, 317, 336, 345, 263, 291, 308, 334, 267, 323, 303, 303, 328, 322, 330, 338, 317, 360, 318, 219, 335, 284, 328, 305, 219, 318, 349, 298, 328, 308, 242, 330, 332, 320, 328, 288, 321, 323, 310, 219, 332, 333, 319, 318, 333, 323, 327, 344, 357, 273, 285, 291, 348, 319, 344, 328, 288, 299, 322, 346, 306, 337, 323), bio6 = c(191, 150, 150, 154, 150, 231, 220, 227, 214, 219, 165, 194, 224, 219, 221, 197, 204, 204, 212, 203, 214, 216, 214, 86, 200, 160, 143, 220, 171, 199, 174, 185, 218, 204, 213, 213, 198, 216, 213, 197, 91, 218, 222, 131, 217, 182, 125, 205, 204, 227, 207, 171, 221, 160, 111, 202, 187, 156, 195, 192, 190, 185, 171, 176, 146, 209, 194, 198, 202, 141, 175, 206, 218, 196, 219, 201, 223, 211, 206, 206, 207, 204, 205, 195, 205, 192, 190, 198, 162, 216, 160, 209, 209, 208, 146, -8, 225, 51, 159, 176, 207, 166, 32, 204, -24, 86, 212, -100, 11, 140, 36, -54, 179, 24, 171, 205, 175, 120, 177, 33, 12, 9, 215, -108, 198, 34, 102, 9, 173, 142, 212, 1, 164, 64, 142, 63, 61, 152, 175, 211, 37, 154, 194, 59, 183, -86, 4, 30, -62, 219, 126, 164, 221, 153, -1, 205, 163, -10, 203, 167, 17, 216, 180, 44, 27, 191, 187, 7, 156, -12, -5, 220, 105, 164, -13, 218, 185, 70, 195, -6, -18, 18, 37, -69, -15, 217, 152, 188, 2, -58, 202, 78, 220, -44, 189, 13, 213, 7, 7, -58, 63, 228, 39, 110, 207, 152, 210, -59, 210, -93, 214, 221, -35, 184, 41, -5, 69, -93, 163, 142, 226, 176, -33, 203, 214, 43, 170, 201, 197, 99, 77, 16, -63, -58, 188, 141, 7, -45, 208, -33, 178, 222, 176, 149, 217, 90, 23, 196, -40, 142, 207, 13, 30, 208, 229, -100, -73, -75, 212, -55, -83, 51, 170, -21, 61, 25, 218, 219, 177, 146, 7, 54, 167, 130, 217, 197, 38, 10, -7, -62, 69, 104, 215, 171, 211, -40, -203, 160, 139, -56, -26, 180, -89, -69, 143, 197, 7, 62, 131, 104, 163, 48, 196, 66, 85, 165, -50, -32, 124, 174, -98, 68, -102, -15, 33, 155, 124, 54, 90, -40, 44, -70, 215, -98, 112, 215, 189, 75, -27, -81, 163, 223, 139, 115, 156, 181, 45, 149, 170, 22, 24, 161, 166, 138, 145, 219, 63, 19, 180, 127, -83, 216, 165, 52, 167, 27, -44, 213, 232, 214, 131, 46, -14, 175, -48, 204, 190, 208, 207, 42, 164, 151, 3, -29, 107, -51, 176, 203, 4, 31, 212, 205, 140, 145, 15, 202, 195, 169, 230, 134, 215, -57, -88, 134, 153, 30, 116, -55, 50, 177, 66, 62, -61, 175, 112, 98, 216, 189, -26, 218, 198, 197, 185, 199, 169, 104, 43, 101, -17, -84, 131, -2, 156, 144, 212, 162, -115, 112, 76, 215, 106, 61, -30, 159, -118, 90, 189, 112, -22, 83, -45, 215, 202, -76, 171, 58, 208, 116, 214, -82, 185, 198, 148, 198, -3, 152, 56, 199, 103, -33, 192, -76, 231, -63, 179, 136, -41, 192, 181, 188, 202, 35, 81, 204, 216, 202, 202, -69, 71, -54, -78, 218, 82, 181, 214, -19, 212, 204, 73, -30, -4, 181, 214, -8, 130, 174, -157, 68, 210, -8, -167, 102, 205, 202, -81, -17, -37, 211, 198, 197, 181, 189, 194, -45, 64, 195, 179, 63, 120, 218, 182, 106, 115, 193, -37, 141, 163, 176, 60, 17, 168, 212, 6, 206, -53, 196, -21, -86, -97, 173, -71, 26, 17, 169, 224, 66, 196, 216, 153, 182, 183, 187, 198, 217, 184, 16, 207, 141, 16, 87, 178, 77, 101, 182, 144, 173, 126, 177, -10, 104, -65, 14, -54, 172, 176, 181, -61, 225, 186, 144, 166, 90, 109, -64, 125, 192, 203, 143, 218, 151, 198, -60, 156, 177, -7, 177, 44, 209, 216, 14, 6, 22, 170, 133, 217, 134, -3, 208, 34, 144, 213, -33, 151, -21, 133, 190, -2, 211, 209, 160, 136, 146, 79, 172, -25, 129, -9, 162, 220, 130, 179, 40, 194, -13, 103, 166, -97, 48, 178, 150, 160, -5, 18, 14, 210, 202, 12, 182, 210, 154, 160, 183, -41, 69, 147, 113, 218, 20, 166, -83, 49, -74, 155, 24, 134, -108, -125, 96, -11, 126, 13, 57, 220, 99, 61, -39, 219, 216, 157, -53, 6, 205, -65, 98, 12, 77, -20, 45, -6, 161, 53, 82, 142, 210, 180, 95, 118, 149, 97, 109, 168, 192, 206, 6, 25, 27, 95, 33, 133, 41, 190, -20, -12, -38, 151, 175, 31, 195, 207, 216, -13, 62, 89, 179, 172, 68, 211, 68, -1, 224, 187, 214, 197, 214, 131, 174, -101, 122, 104, 76, 176, -47, 108, -23, 60, 196, 184, 146, 220, -95, 41, 215, 37, -141, 166, 65, 187, 148, 29, 57, 135, 55, -74, -107, 129, 35, 129, 212, 13, 201, 204, 170, 138, 206, 9, 177, 102, -14, 228, -74, 198, 37, 180, 0, -36, -12, 69, 225, 58, 157, 206, -55, 79, 184, -29, -62, 161, -77, 134, 159, 94, 219, -33, 116, 126, 122, -58, 160, 92, 45, 168, 161, 204, -14, 82, 100, 206, 82, -5, -44, 187, 231, 175, 141, 91, 174, 12, 81, 146, -40, 205, 144, -53, -22, 22, 189, 211, 44, 148, -40, -1, 160, 63, 16, 167, 209, 217, 179, 214, 138, -13, 30, -19, -30, -102, 150, 208, 192, 103, 219, -9, -85, 0, 203, 80, 217, 161, 7, 192, 64, 60, 2, -7, 154, 4, 34, 190, 169, 167, -40, -1, 211, 214, 39, 43, -86, 63, 211, 185, 182, 14, -74, 50, 123, 195, 101, 191, 192, 173, 35, 190, 181, 222, 165, 38, 149, 93, 97, 138, 221, 160, 220, 112, -75, 169, -41, 198, -88, 209), bio7 = c(147, 179, 168, 172, 168, 104, 107, 102, 105, 103, 148, 118, 101, 114, 110, 119, 121, 120, 112, 121, 117, 113, 116, 172, 113, 117, 119, 87, 119, 137, 139, 140, 94, 100, 104, 103, 93, 118, 134, 110, 115, 124, 108, 115, 81, 128, 123, 114, 111, 115, 133, 108, 83, 117, 113, 114, 139, 126, 104, 121, 113, 112, 112, 112, 144, 107, 124, 112, 105, 114, 111, 110, 92, 101, 94, 98, 99, 111, 108, 114, 120, 111, 113, 141, 117, 143, 126, 154, 145, 106, 135, 130, 119, 111, 164, 137, 67, 257, 167, 170, 103, 168, 189, 122, 384, 154, 116, 390, 336, 160, 295, 231, 128, 330, 171, 129, 173, 163, 152, 269, 244, 237, 106, 376, 102, 186, 177, 324, 179, 176, 113, 323, 189, 252, 160, 178, 189, 193, 137, 119, 217, 162, 127, 275, 165, 407, 322, 304, 188, 112, 193, 132, 100, 141, 344, 146, 150, 170, 112, 175, 333, 113, 170, 288, 327, 162, 131, 305, 171, 314, 128, 107, 134, 174, 349, 113, 140, 190, 128, 150, 240, 301, 318, 367, 384, 131, 125, 117, 204, 409, 110, 226, 122, 216, 152, 340, 112, 291, 329, 371, 256, 98, 236, 141, 117, 201, 99, 411, 113, 431, 135, 103, 334, 155, 244, 334, 218, 259, 173, 151, 108, 144, 151, 118, 124, 191, 125, 120, 102, 198, 291, 333, 253, 398, 130, 138, 322, 381, 116, 279, 119, 119, 152, 178, 130, 169, 262, 127, 340, 140, 120, 317, 268, 110, 108, 404, 361, 405, 122, 358, 351, 199, 142, 337, 294, 280, 92, 110, 168, 189, 319, 298, 158, 172, 94, 136, 295, 189, 330, 263, 179, 197, 100, 177, 120, 385, 426, 160, 152, 395, 191, 146, 385, 405, 187, 123, 320, 189, 209, 191, 182, 176, 119, 211, 229, 153, 265, 214, 192, 156, 418, 305, 431, 345, 109, 194, 186, 348, 201, 357, 284, 257, 139, 391, 124, 105, 119, 241, 197, 396, 153, 102, 170, 189, 171, 160, 282, 163, 122, 328, 178, 184, 169, 163, 205, 109, 225, 317, 135, 194, 397, 118, 186, 354, 180, 219, 230, 128, 90, 78, 186, 273, 295, 183, 399, 126, 142, 132, 116, 297, 179, 163, 260, 378, 142, 290, 156, 128, 300, 277, 113, 112, 172, 184, 341, 133, 110, 176, 92, 179, 134, 246, 403, 161, 159, 210, 171, 349, 268, 176, 152, 230, 377, 141, 236, 268, 94, 157, 154, 107, 154, 122, 126, 132, 155, 259, 267, 128, 367, 366, 196, 327, 177, 165, 104, 181, 442, 180, 285, 106, 240, 126, 201, 106, 407, 170, 147, 174, 386, 105, 395, 127, 143, 419, 171, 299, 123, 250, 117, 257, 145, 121, 154, 110, 332, 192, 272, 133, 183, 365, 143, 385, 93, 349, 142, 171, 374, 140, 165, 150, 122, 291, 170, 117, 105, 111, 120, 339, 250, 174, 271, 108, 207, 127, 113, 267, 117, 123, 208, 183, 141, 159, 126, 365, 187, 139, 404, 228, 122, 254, 383, 185, 126, 120, 266, 261, 342, 117, 122, 130, 163, 121, 159, 374, 259, 102, 141, 276, 214, 93, 141, 177, 194, 122, 369, 114, 181, 142, 266, 210, 172, 115, 321, 117, 328, 125, 376, 391, 263, 148, 411, 314, 241, 174, 113, 250, 104, 99, 181, 166, 177, 166, 122, 110, 125, 301, 124, 172, 290, 223, 158, 215, 176, 143, 153, 154, 182, 137, 186, 197, 409, 298, 217, 124, 117, 106, 391, 124, 126, 121, 167, 176, 195, 366, 184, 122, 93, 202, 112, 209, 125, 249, 157, 140, 180, 108, 287, 118, 113, 341, 337, 319, 176, 209, 116, 188, 301, 118, 104, 163, 117, 251, 189, 374, 171, 126, 144, 110, 116, 163, 209, 181, 222, 139, 382, 182, 330, 181, 108, 119, 149, 284, 139, 173, 175, 173, 397, 297, 141, 188, 131, 319, 345, 338, 115, 123, 319, 151, 116, 147, 171, 165, 403, 244, 191, 138, 115, 291, 137, 314, 200, 403, 129, 330, 225, 424, 269, 252, 215, 181, 319, 249, 98, 202, 245, 384, 103, 116, 172, 403, 319, 133, 383, 192, 323, 255, 336, 210, 340, 196, 244, 137, 168, 110, 142, 192, 172, 199, 280, 164, 108, 135, 111, 320, 306, 266, 259, 319, 177, 283, 159, 248, 314, 245, 176, 165, 263, 125, 107, 97, 247, 317, 189, 125, 172, 273, 128, 259, 275, 101, 121, 130, 133, 127, 141, 171, 433, 205, 220, 182, 167, 363, 157, 197, 260, 117, 143, 163, 105, 423, 285, 97, 319, 416, 166, 298, 141, 153, 306, 310, 167, 266, 204, 415, 197, 276, 194, 119, 225, 117, 113, 146, 187, 112, 313, 158, 244, 350, 92, 393, 117, 297, 169, 220, 198, 151, 104, 110, 251, 155, 103, 387, 280, 161, 354, 365, 141, 390, 171, 160, 164, 104, 182, 165, 213, 145, 378, 194, 237, 152, 162, 148, 111, 331, 274, 184, 114, 218, 142, 223, 143, 79, 150, 156, 183, 147, 293, 231, 110, 171, 117, 177, 343, 366, 272, 129, 118, 321, 186, 369, 350, 143, 250, 289, 174, 108, 125, 113, 120, 170, 335, 266, 163, 394, 398, 179, 95, 124, 233, 126, 272, 376, 308, 131, 187, 106, 141, 296, 136, 258, 270, 336, 324, 206, 314, 185, 145, 115, 160, 345, 220, 107, 136, 259, 284, 394, 178, 119, 147, 138, 315, 362, 271, 201, 115, 117, 141, 141, 147, 283, 143, 142, 105, 179, 319, 124, 192, 194, 211, 98, 184, 108, 177, 374, 152, 387, 108, 425, 114), bio8 = c(261, 271, 264, 270, 261, 270, 266, 269, 262, 262, 252, 246, 267, 263, 266, 251, 257, 256, 259, 255, 267, 268, 268, 206, 259, 212, 196, 260, 229, 265, 240, 251, 263, 246, 262, 258, 242, 270, 274, 247, 148, 263, 278, 184, 258, 248, 189, 255, 250, 278, 268, 220, 257, 215, 166, 258, 246, 217, 252, 261, 251, 236, 223, 239, 221, 254, 254, 255, 258, 198, 230, 252, 254, 237, 260, 240, 262, 268, 262, 262, 268, 260, 262, 267, 263, 265, 243, 260, 235, 268, 232, 278, 263, 257, 248, 74, 260, 238, 266, 267, 254, 280, 77, 263, 253, 132, 260, 178, 196, 226, 105, 105, 238, 85, 256, 260, 263, 237, 265, 198, 157, 170, 261, 20, 258, 79, 188, 236, 263, 252, 259, 231, 276, 235, 226, 120, 171, 250, 250, 264, 156, 247, 250, 266, 267, 223, 217, 99, 54, 266, 238, 244, 265, 237, 252, 265, 246, 94, 258, 259, 98, 266, 273, 268, 245, 281, 267, 204, 262, 241, 71, 266, 171, 266, 224, 262, 251, 203, 264, 62, 28, 198, 235, 113, 247, 262, 211, 257, 117, 231, 260, 162, 274, 82, 258, 224, 257, 137, 237, 130, 235, 264, 188, 175, 253, 242, 263, 226, 259, 221, 273, 265, 49, 257, 94, 232, 202, 84, 258, 233, 285, 249, 37, 248, 260, 161, 235, 248, 255, 238, 276, 260, 107, 239, 256, 223, 259, 238, 265, 153, 247, 274, 249, 263, 264, 176, 143, 252, 193, 211, 268, 240, 189, 258, 287, 119, 195, 219, 255, 140, 176, 157, 235, 245, 264, 207, 272, 263, 266, 255, 68, 270, 274, 235, 262, 260, 266, 119, 84, 120, 181, 242, 258, 276, 255, 204, 111, 270, 226, 41, 93, 260, 202, 232, 264, 248, 97, 188, 270, 237, 251, 149, 250, 203, 196, 254, 9, 119, 239, 250, 74, 273, 210, 162, 63, 250, 247, 311, 230, 140, 253, 96, 263, 52, 168, 262, 243, 195, 88, 36, 252, 265, 242, 237, 268, 265, 270, 231, 232, 229, 127, 247, 250, 230, 283, 261, 220, 224, 259, 250, 66, 263, 273, 316, 259, 159, 98, 269, 266, 255, 256, 224, 78, 283, 242, 262, 275, 267, 254, 261, 265, 245, 82, 245, 144, 42, 275, 262, 222, 207, 264, 254, 254, 265, 228, 264, 252, 272, 275, 252, 261, 114, 218, 218, 241, 139, 228, 202, 267, 273, 120, 221, 206, 258, 267, 300, 262, 260, 69, 266, 260, 247, 250, 259, 242, 306, 233, 172, 254, 175, 263, 256, 269, 250, 259, 251, 197, 237, 268, 261, 279, 125, 14, 206, 146, 211, 261, 231, 221, 133, 222, 258, 265, 226, 266, 260, 262, 250, 263, 85, 258, 246, 236, 249, 233, 248, 267, 261, 215, 148, 261, 216, 265, 194, 246, 238, 148, 267, 263, 248, 255, 246, 200, 249, 260, 250, 262, 184, 217, 57, -7, 267, 141, 239, 261, 171, 264, 262, 212, 31, 59, 255, 270, 223, 229, 240, 53, 204, 260, 174, 112, 221, 268, 249, 96, 171, 227, 254, 267, 265, 267, 262, 261, 144, 237, 255, 249, 261, 263, 258, 259, 219, 242, 256, 150, 198, 246, 273, 270, 62, 255, 265, 218, 257, 35, 269, 247, 212, 84, 245, 222, 241, 171, 248, 287, 213, 254, 268, 245, 277, 271, 274, 267, 264, 249, 182, 271, 242, 147, 228, 263, 137, 156, 260, 235, 274, 245, 230, 107, 242, 229, 89, 91, 237, 230, 245, 243, 282, 244, 199, 246, 213, 248, 178, 222, 251, 244, 280, 264, 248, 254, 104, 248, 243, 98, 240, 268, 254, 268, 268, 248, 248, 258, 273, 264, 233, 206, 261, 102, 248, 260, 20, 249, 243, 237, 259, 96, 266, 260, 243, 253, 261, 199, 255, 67, 256, 252, 249, 265, 182, 244, 239, 259, 99, 224, 254, 202, 270, 256, 247, 221, 78, 269, 250, 271, 266, 104, 265, 257, 231, 243, 271, 216, 225, 246, 195, 263, 176, 235, 134, 158, 217, 202, 83, 288, 185, 57, 277, 107, 237, 143, 134, 279, 204, 132, 240, 263, 267, 270, 233, 94, 258, 179, 220, 243, 244, 79, 140, 136, 273, 194, 134, 248, 266, 267, 142, 222, 248, 310, 198, 229, 275, 263, 155, 113, 190, 287, 259, 229, 264, 280, 31, 71, 78, 263, 251, 221, 260, 257, 271, 158, 274, 218, 242, 269, 262, 267, 242, 195, 267, 261, 264, 261, 258, 161, 266, 207, 274, 276, 147, 260, 211, 170, 100, 271, 250, 264, 243, 267, 203, 240, 264, 236, 139, 248, 150, 261, 230, 266, 260, 233, 269, 61, 112, 250, 216, 245, 276, 145, 260, 262, 246, 265, 257, 209, 265, 261, 168, 267, 226, 257, 108, 265, 46, 74, 54, 120, 267, 200, 235, 254, 139, 272, 260, 151, 206, 233, 190, 229, 266, 189, 264, 82, 235, 271, 214, 215, 253, 233, 88, 272, 240, 250, 78, 272, 226, 265, 215, 91, 59, 258, 263, 246, 234, 177, 251, 158, 189, 197, 62, 264, 251, 199, 209, 182, 257, 267, 255, 262, 183, 221, 244, 239, 185, 264, 271, 259, 230, 258, 244, 114, 196, 34, 245, 185, 271, 263, 248, 213, 261, 183, 196, 243, 261, 211, 267, 225, 221, 260, 146, 268, 224, 223, 250, 253, 137, 251, 237, 270, 213, 44, 263, 262, 209, 250, 196, 191, 258, 266, 258, 236, 185, 211, 230, 245, 161, 258, 264, 256, 222, 270, 249, 266, 254, 227, 207, 222, 232, 280, 264, 275, 265, 239, 191, 270, 201, 250, 226, 260), bio9 = c(263, 253, 243, 252, 240, 275, 271, 274, 266, 266, 239, 251, 271, 269, 270, 254, 263, 260, 263, 260, 270, 270, 270, 181, 258, 216, 199, 261, 232, 268, 244, 254, 264, 251, 263, 260, 242, 272, 278, 250, 150, 272, 276, 187, 256, 246, 188, 261, 257, 282, 272, 224, 261, 216, 167, 257, 251, 217, 244, 253, 244, 240, 226, 230, 218, 260, 252, 253, 254, 199, 231, 259, 261, 243, 264, 246, 267, 266, 261, 264, 268, 261, 263, 267, 263, 264, 249, 269, 236, 270, 230, 278, 266, 263, 234, 55, 257, 193, 248, 263, 257, 264, 112, 264, 167, 159, 265, 88, 183, 221, 192, 67, 242, 165, 257, 267, 264, 201, 257, 170, 141, 137, 265, 58, 250, 110, 186, 165, 263, 242, 264, 160, 260, 180, 225, 147, 157, 251, 242, 268, 147, 233, 252, 204, 266, 123, 149, 188, 44, 272, 230, 230, 272, 226, 183, 273, 237, 84, 258, 257, 163, 273, 263, 199, 203, 279, 257, 165, 237, 148, 53, 269, 171, 256, 156, 265, 254, 178, 262, 60, 73, 154, 198, 117, 167, 273, 213, 236, 113, 147, 259, 179, 276, 73, 264, 185, 259, 140, 165, 130, 179, 270, 162, 173, 257, 248, 261, 135, 265, 120, 278, 268, 137, 261, 142, 157, 167, 51, 253, 221, 282, 248, 37, 252, 268, 146, 229, 252, 250, 210, 235, 178, 74, 146, 256, 213, 173, 150, 266, 120, 228, 276, 253, 232, 272, 170, 142, 257, 133, 210, 267, 183, 168, 263, 283, 79, 107, 118, 264, 124, 93, 156, 238, 150, 217, 143, 266, 266, 263, 249, 139, 208, 253, 221, 262, 265, 194, 114, 163, 85, 153, 215, 259, 260, 263, 157, 11, 243, 222, 125, 81, 257, 100, 134, 245, 251, 174, 154, 236, 210, 254, 145, 254, 175, 199, 250, 60, 70, 231, 253, 88, 229, 110, 161, 82, 253, 232, 219, 197, 141, 188, 72, 275, 71, 171, 264, 252, 186, 82, 96, 248, 270, 233, 223, 251, 264, 195, 227, 233, 190, 122, 251, 252, 223, 252, 267, 164, 185, 245, 225, 86, 267, 260, 219, 260, 147, 87, 274, 272, 250, 234, 165, 120, 268, 155, 265, 263, 272, 261, 200, 260, 240, 122, 163, 174, 84, 259, 267, 155, 154, 265, 257, 236, 249, 188, 267, 249, 256, 275, 232, 273, 72, 117, 218, 239, 131, 216, 121, 195, 264, 142, 166, 120, 250, 233, 248, 262, 265, 47, 270, 269, 250, 250, 264, 245, 243, 193, 170, 171, 95, 229, 167, 257, 235, 263, 254, 100, 219, 226, 266, 239, 124, 58, 209, 73, 185, 263, 205, 175, 134, 155, 267, 268, 132, 259, 207, 266, 241, 270, 61, 260, 249, 224, 252, 166, 250, 203, 265, 205, 149, 262, 118, 272, 113, 250, 230, 149, 264, 265, 256, 259, 189, 173, 253, 260, 254, 262, 105, 186, 47, 44, 270, 179, 243, 269, 130, 267, 264, 184, 54, 58, 259, 274, 179, 229, 244, 35, 171, 267, 125, 20, 203, 268, 252, 71, 128, 130, 260, 258, 265, 263, 250, 269, 144, 180, 249, 252, 212, 235, 260, 258, 204, 221, 256, 150, 199, 251, 248, 203, 111, 256, 268, 150, 263, 116, 257, 165, 113, 47, 248, 132, 189, 140, 252, 282, 194, 248, 266, 246, 271, 272, 273, 258, 269, 246, 149, 270, 228, 150, 203, 261, 175, 188, 257, 224, 252, 233, 243, 96, 214, 141, 149, 59, 233, 231, 236, 137, 284, 247, 202, 249, 194, 222, 119, 221, 251, 248, 248, 272, 253, 258, 80, 235, 247, 94, 229, 197, 259, 270, 197, 170, 189, 259, 240, 269, 233, 151, 265, 82, 233, 264, 72, 250, 165, 230, 257, 63, 265, 268, 239, 249, 248, 195, 242, 151, 234, 162, 251, 270, 186, 250, 192, 263, 65, 206, 252, 101, 206, 253, 248, 225, 158, 188, 182, 269, 265, 179, 261, 260, 231, 245, 269, 163, 197, 247, 185, 269, 145, 236, 92, 152, 119, 214, 164, 252, 93, 24, 231, 101, 221, 178, 169, 270, 203, 171, 153, 267, 270, 254, 148, 171, 265, 131, 202, 183, 195, 151, 154, 170, 260, 176, 147, 235, 264, 256, 183, 211, 250, 242, 197, 221, 265, 262, 153, 185, 138, 226, 190, 223, 191, 275, 83, 132, 79, 251, 256, 179, 260, 259, 267, 118, 227, 201, 244, 264, 216, 273, 187, 145, 271, 253, 272, 263, 267, 191, 258, 114, 234, 224, 162, 259, 121, 182, 87, 201, 253, 260, 229, 270, 108, 189, 266, 199, 61, 249, 211, 260, 228, 189, 207, 227, 198, 31, 79, 237, 156, 236, 270, 132, 260, 262, 246, 241, 261, 150, 259, 231, 166, 270, 120, 257, 192, 265, 101, 58, 53, 121, 272, 187, 233, 257, 140, 216, 263, 151, 123, 230, 119, 221, 243, 173, 267, 72, 203, 242, 189, 127, 257, 205, 109, 253, 233, 257, 158, 230, 190, 266, 190, 59, 65, 259, 266, 249, 226, 176, 252, 148, 189, 199, 56, 264, 236, 120, 165, 137, 256, 269, 213, 251, 126, 180, 230, 204, 149, 251, 264, 269, 234, 264, 232, 157, 147, 55, 172, 88, 253, 257, 252, 214, 272, 136, 102, 156, 264, 189, 268, 228, 154, 261, 188, 207, 159, 153, 254, 167, 135, 258, 228, 252, 135, 100, 263, 272, 151, 191, 106, 167, 262, 259, 256, 175, 97, 188, 224, 250, 160, 262, 264, 253, 166, 263, 251, 270, 257, 200, 210, 201, 202, 247, 269, 261, 270, 202, 97, 250, 153, 251, 124, 266), bio12 = c(1639, 3624, 1693, 2501, 1214, 2259, 2212, 2233, 2592, 2608, 1194, 1617, 2599, 2211, 2274, 2084, 1842, 1945, 1878, 1882, 2479, 2487, 2413, 1372, 2677, 2835, 2005, 2192, 3921, 1369, 1526, 1499, 7682, 3719, 7091, 2706, 2233, 1656, 1556, 2651, 1053, 2955, 372, 3155, 4820, 2253, 1449, 2945, 2780, 2768, 1227, 2496, 7024, 3285, 3159, 3575, 3727, 1261, 2824, 1280, 1934, 3326, 4080, 2819, 1892, 5066, 2471, 3424, 3799, 2740, 3226, 2574, 2791, 2945, 1993, 2924, 1912, 2413, 3207, 2827, 2403, 2915, 2921, 1933, 2084, 1877, 3182, 2702, 1072, 1190, 1238, 2741, 3286, 2821, 897, 2574, 2712, 688, 1422, 548, 3360, 940, 1714, 2865, 222, 110, 1866, 323, 1094, 1239, 1523, 90, 2139, 266, 1781, 3271, 1444, 1567, 1801, 313, 632, 39, 2501, 280, 1542, 2172, 24, 329, 1592, 1412, 2148, 480, 1057, 988, 2228, 54, 1549, 2016, 2058, 2204, 728, 471, 2527, 1211, 769, 909, 472, 1511, 687, 1526, 1142, 1013, 986, 726, 298, 2765, 622, 904, 2579, 687, 320, 1910, 2625, 1334, 576, 1268, 1371, 532, 79, 1099, 1484, 2365, 1119, 1501, 472, 2395, 1499, 1551, 2377, 381, 933, 731, 1012, 1103, 258, 2379, 3093, 384, 819, 678, 2829, 1173, 1690, 845, 1184, 1044, 2466, 229, 393, 1148, 1046, 2951, 463, 1, 1955, 2427, 2028, 149, 2902, 595, 1483, 2460, 1511, 1551, 772, 535, 1095, 86, 1478, 902, 562, 909, 616, 2228, 3112, 135, 461, 2231, 2314, 1217, 645, 411, 37, 515, 2333, 1370, 1184, 316, 2127, 255, 568, 3076, 1189, 30, 2564, 2, 277, 815, 493, 1071, 2536, 237, 419, 2806, 367, 181, 957, 240, 2932, 1141, 1267, 1135, 759, 1178, 777, 908, 1047, 2235, 1497, 1530, 1101, 574, 1196, 904, 2784, 2310, 1322, 752, 1438, 132, 1757, 1222, 2218, 1326, 3151, 918, 548, 1454, 1444, 143, 753, 1860, 420, 817, 1283, 2361, 1243, 3, 1201, 1223, 2444, 1230, 3908, 1113, 1600, 1865, 771, 189, 1460, 1677, 352, 516, 552, 1330, 2192, 2216, 1440, 166, 1538, 1249, 428, 412, 2306, 265, 2231, 2199, 1909, 1513, 799, 310, 2170, 2231, 1574, 1356, 1274, 1678, 1506, 1372, 1751, 826, 972, 2227, 2109, 794, 820, 1680, 961, 408, 1108, 1360, 268, 2054, 1268, 100, 1514, 1331, 741, 1205, 2944, 1667, 1398, 1054, 135, 1024, 528, 1021, 755, 785, 1821, 470, 1681, 1542, 176, 231, 3, 417, 1084, 2346, 604, 592, 4394, 1675, 1352, 1559, 907, 1036, 3455, 2217, 389, 1346, 2195, 159, 978, 2069, 1379, 236, 1569, 1163, 1521, 1837, 414, 992, 467, 2728, 803, 357, 2629, 1044, 593, 2178, 2702, 2347, 1495, 2585, 1774, 292, 662, 1119, 320, 423, 1314, 1221, 1267, 1428, 2697, 1600, 371, 1357, 606, 2570, 275, 1019, 999, 1706, 425, 1361, 1546, 1975, 716, 1925, 667, 2534, 1152, 504, 1505, 652, 1185, 827, 1437, 371, 2216, 2280, 607, 2664, 138, 2201, 1327, 2242, 1846, 1213, 896, 1033, 3034, 1184, 1865, 1629, 1236, 1712, 1807, 2507, 1772, 272, 1635, 2332, 2533, 3592, 2703, 1103, 1373, 732, 545, 2587, 1266, 2541, 1675, 460, 1855, 2451, 24, 764, 758, 1867, 1121, 776, 1937, 1526, 513, 1167, 2640, 171, 731, 1312, 2181, 2185, 396, 275, 1106, 2319, 745, 2326, 1514, 3146, 1618, 1217, 1008, 1973, 1474, 998, 984, 2054, 1819, 1433, 1446, 2689, 1238, 2740, 2344, 1289, 1585, 199, 2228, 2393, 410, 1808, 1664, 916, 252, 945, 93, 1962, 440, 1340, 753, 981, 734, 734, 2531, 1533, 1897, 1629, 2473, 1892, 745, 2115, 2750, 722, 2343, 1170, 262, 1756, 1510, 1259, 1486, 1903, 536, 1176, 1394, 1113, 753, 1242, 577, 270, 85, 760, 1524, 2762, 468, 2364, 601, 2397, 2012, 1502, 1172, 1135, 1938, 1379, 1610, 1173, 1549, 2259, 806, 446, 1074, 1874, 968, 819, 1434, 2208, 2487, 313, 460, 319, 1452, 1266, 1913, 1923, 148, 2278, 4501, 1441, 3707, 451, 1994, 338, 1407, 2428, 491, 2140, 2258, 492, 1915, 1486, 1441, 1238, 163, 1204, 1189, 2168, 2217, 2776, 786, 278, 2341, 263, 1461, 1604, 390, 439, 2341, 1921, 2622, 1306, 363, 525, 627, 2453, 1465, 1799, 3159, 1677, 2021, 1606, 604, 1098, 1997, 2022, 1604, 790, 1181, 195, 37, 287, 849, 541, 714, 393, 56, 687, 783, 1234, 1363, 1265, 2725, 1667, 1262, 254, 2607, 1895, 2186, 726, 1293, 3182, 1091, 1274, 288, 1028, 1434, 1931, 1383, 1380, 550, 1021, 1491, 2862, 1086, 1446, 874, 1939, 164, 1769, 2432, 1057, 3298, 280, 1296, 773, 202, 494, 713, 1265, 1771, 541, 155, 178, 1875, 2201, 625, 2500, 3543, 2006, 89, 483, 1509, 1970, 1583, 907, 752, 1077, 151, 2599, 2108, 1793, 2337, 2020, 14, 2157, 368, 1306, 1248, 1966, 1527, 587, 3, 500, 1553, 1334, 1917, 1217, 2362, 453, 332, 2112, 979, 525, 2019, 82, 1837, 2247, 1213, 60, 1619, 1550, 99, 306, 1156, 1008, 1420, 624, 1042, 2619, 3056, 1579, 1382, 630, 504, 1728, 1062, 1323, 1969, 386, 2496, 1531, 1703, 226, 425, 425, 1311, 2412, 735, 1412, 3467, 1164, 954, 1820, 1405, 1175, 1474, 975, 2465, 1461, 1, 2642, 529, 1924, 592, 18, 321, 2281, 1097, 2342, 1347, 1690, 2780, 1466, 728, 1576, 681, 1935, 508, 200, 2050, 2283, 1953, 797, 1743, 1598, 275, 1667, 2312, 999, 2525, 1179, 1274, 1061, 709, 2535, 2308, 594, 1484, 336, 757, 534, 909, 352, 1694, 1148, 2860, 3490, 2389, 2040, 1208, 610, 1336, 631, 334, 3624, 1866, 1606, 1508, 2749, 114, 1034, 1221, 1592, 1601, 1154, 3218, 523, 1996, 171, 1312, 517, 277, 2203, 1345, 926, 1148, 1096, 1327, 1194, 234, 2789, 1999, 925, 622, 356, 1608, 2212, 1619, 1974, 269, 557, 785, 1115, 2657, 1734, 2529, 1695, 2005, 791, 978, 1919, 2200, 1508, 1039, 2111, 1417, 1309, 959, 2134, 1334, 1657, 1637, 353, 1458, 812, 1126, 728, 1858), bio16 = c(724, 1547, 775, 1081, 516, 956, 807, 877, 872, 957, 540, 808, 1250, 981, 1008, 1011, 818, 880, 893, 845, 1277, 1221, 1286, 650, 879, 985, 657, 739, 1364, 531, 631, 606, 2426, 1469, 2065, 964, 793, 680, 690, 926, 360, 1271, 215, 1240, 1663, 865, 559, 1040, 945, 1072, 503, 859, 2458, 1218, 1168, 1295, 1550, 710, 1381, 885, 1110, 1057, 1300, 1481, 805, 1706, 1094, 1512, 1689, 986, 1109, 812, 1077, 1162, 776, 1263, 851, 678, 939, 851, 723, 916, 868, 620, 646, 631, 1249, 1345, 476, 501, 589, 1054, 1071, 939, 425, 728, 1042, 398, 623, 295, 1012, 642, 736, 1067, 132, 80, 853, 166, 327, 415, 426, 58, 836, 138, 772, 1186, 708, 578, 781, 130, 333, 28, 869, 79, 628, 999, 17, 138, 767, 710, 992, 217, 502, 383, 883, 40, 699, 959, 797, 1157, 354, 218, 973, 362, 465, 351, 172, 436, 345, 891, 659, 380, 363, 298, 198, 1318, 360, 510, 861, 357, 164, 972, 1108, 513, 204, 652, 522, 359, 69, 325, 431, 1014, 495, 695, 270, 942, 606, 760, 767, 113, 472, 250, 305, 325, 157, 1035, 1274, 194, 407, 266, 882, 324, 740, 520, 615, 323, 946, 68, 173, 351, 358, 1289, 179, 1, 870, 1095, 746, 53, 947, 261, 748, 874, 436, 717, 490, 288, 294, 81, 692, 407, 284, 577, 175, 934, 1233, 111, 278, 942, 796, 554, 291, 195, 33, 222, 875, 614, 402, 160, 654, 186, 242, 1172, 610, 26, 1034, 1, 88, 542, 339, 662, 767, 146, 233, 891, 233, 53, 281, 104, 1134, 338, 370, 517, 293, 360, 275, 306, 384, 904, 683, 747, 550, 290, 651, 466, 997, 921, 484, 327, 444, 116, 488, 586, 787, 809, 1188, 327, 176, 568, 697, 47, 403, 702, 202, 323, 575, 941, 381, 3, 407, 605, 1060, 518, 1675, 677, 458, 793, 416, 59, 684, 788, 108, 207, 264, 412, 660, 1021, 724, 66, 527, 358, 238, 252, 1093, 83, 865, 762, 858, 423, 402, 91, 891, 771, 722, 694, 572, 860, 449, 533, 524, 277, 406, 1015, 1002, 462, 324, 729, 284, 272, 458, 456, 89, 967, 697, 38, 777, 654, 413, 626, 1532, 754, 531, 329, 44, 538, 219, 498, 329, 495, 907, 248, 805, 780, 63, 123, 3, 156, 463, 916, 283, 194, 1359, 836, 551, 728, 291, 530, 1327, 1269, 201, 520, 1010, 107, 325, 812, 711, 90, 788, 335, 521, 800, 242, 300, 216, 1140, 297, 255, 940, 573, 190, 820, 1345, 954, 576, 1029, 903, 213, 388, 458, 155, 238, 468, 414, 568, 588, 890, 784, 185, 703, 233, 909, 192, 371, 396, 610, 137, 640, 825, 811, 252, 620, 253, 1042, 640, 232, 699, 303, 572, 496, 816, 254, 981, 956, 235, 919, 77, 1024, 540, 906, 841, 370, 586, 318, 1507, 348, 860, 764, 379, 614, 860, 1316, 952, 123, 712, 946, 957, 1220, 1022, 328, 385, 381, 267, 1215, 359, 939, 941, 290, 950, 936, 23, 239, 232, 834, 568, 267, 957, 631, 143, 327, 967, 118, 222, 694, 685, 955, 260, 194, 315, 1013, 309, 739, 697, 1449, 959, 379, 364, 717, 598, 327, 652, 760, 710, 805, 498, 983, 384, 986, 1070, 546, 494, 73, 1008, 1255, 146, 851, 473, 386, 148, 306, 69, 842, 202, 381, 480, 471, 318, 479, 968, 613, 926, 809, 1357, 917, 309, 888, 1217, 246, 696, 593, 78, 542, 816, 355, 402, 714, 272, 462, 746, 464, 406, 533, 235, 112, 51, 233, 623, 934, 213, 877, 391, 821, 888, 749, 563, 339, 915, 527, 717, 438, 894, 1054, 499, 281, 496, 845, 413, 274, 524, 969, 1221, 152, 259, 182, 764, 447, 937, 939, 92, 1129, 1195, 594, 1614, 231, 957, 194, 677, 803, 148, 623, 1068, 174, 957, 688, 882, 512, 69, 529, 395, 986, 892, 1134, 474, 144, 936, 84, 739, 740, 201, 236, 928, 925, 1025, 397, 207, 299, 416, 752, 448, 758, 1323, 850, 885, 810, 240, 667, 969, 858, 864, 271, 496, 141, 31, 132, 370, 283, 294, 201, 50, 362, 429, 666, 404, 336, 1021, 1021, 334, 144, 932, 991, 958, 282, 395, 1489, 351, 664, 173, 353, 434, 546, 394, 712, 286, 468, 658, 890, 448, 407, 501, 910, 106, 701, 1333, 451, 956, 86, 398, 239, 125, 325, 383, 487, 905, 282, 51, 57, 844, 981, 377, 971, 1125, 700, 57, 199, 776, 968, 816, 332, 483, 360, 101, 1250, 795, 847, 978, 795, 7, 940, 175, 621, 577, 534, 706, 207, 2, 367, 550, 634, 820, 580, 849, 225, 186, 744, 307, 168, 903, 35, 761, 736, 421, 29, 772, 507, 51, 89, 531, 351, 669, 420, 613, 729, 874, 799, 558, 274, 170, 756, 719, 379, 1065, 190, 725, 427, 749, 78, 132, 128, 448, 1056, 464, 734, 1062, 353, 390, 832, 417, 347, 671, 305, 1023, 560, 1, 928, 328, 773, 286, 13, 167, 1031, 365, 1031, 550, 608, 945, 455, 309, 523, 454, 525, 155, 68, 872, 868, 865, 479, 481, 498, 81, 463, 725, 442, 734, 608, 354, 358, 229, 1025, 1263, 211, 715, 109, 263, 263, 478, 112, 852, 369, 1140, 1092, 1053, 891, 341, 202, 390, 221, 140, 1547, 756, 699, 444, 1101, 76, 325, 405, 803, 791, 581, 1418, 265, 832, 97, 553, 208, 127, 1042, 480, 364, 761, 371, 536, 329, 80, 943, 960, 279, 303, 183, 776, 996, 687, 783, 157, 219, 534, 708, 960, 598, 1007, 590, 848, 302, 390, 824, 881, 736, 311, 909, 721, 454, 365, 1166, 636, 944, 595, 126, 610, 309, 674, 309, 808), bio17 = c(62, 373, 186, 280, 146, 208, 281, 230, 498, 306, 130, 97, 136, 196, 191, 137, 176, 143, 122, 170, 154, 182, 140, 114, 419, 267, 256, 222, 365, 88, 75, 90, 1496, 170, 1372, 170, 176, 94, 52, 213, 151, 247, 25, 269, 957, 314, 182, 405, 398, 207, 64, 403, 937, 300, 312, 359, 256, 32, 234, 9, 89, 658, 766, 180, 99, 636, 172, 221, 268, 290, 402, 495, 148, 131, 95, 77, 54, 493, 667, 554, 407, 554, 607, 281, 327, 242, 407, 116, 46, 141, 83, 176, 670, 372, 87, 590, 391, 11, 93, 8, 664, 10, 219, 265, 15, 0, 128, 41, 211, 187, 320, 4, 306, 2, 35, 518, 14, 250, 187, 31, 28, 0, 306, 61, 165, 207, 1, 24, 16, 47, 165, 28, 82, 105, 235, 0, 149, 33, 215, 103, 41, 32, 233, 234, 4, 85, 47, 301, 15, 20, 12, 120, 99, 67, 12, 134, 22, 25, 361, 2, 17, 164, 281, 205, 76, 8, 146, 16, 0, 238, 332, 298, 122, 86, 34, 250, 90, 94, 336, 69, 78, 80, 204, 230, 14, 89, 312, 44, 54, 66, 511, 243, 59, 33, 32, 197, 278, 47, 24, 239, 161, 186, 56, 0, 149, 41, 232, 24, 414, 43, 24, 319, 303, 41, 21, 33, 253, 0, 50, 108, 13, 27, 123, 171, 334, 1, 15, 167, 293, 125, 65, 27, 0, 42, 225, 112, 215, 30, 378, 1, 88, 190, 20, 0, 201, 0, 58, 8, 24, 19, 440, 15, 22, 426, 20, 38, 185, 28, 291, 242, 278, 80, 113, 237, 121, 129, 162, 241, 82, 12, 22, 22, 75, 66, 368, 179, 212, 32, 278, 0, 385, 101, 376, 51, 374, 120, 105, 193, 30, 27, 22, 173, 31, 76, 122, 208, 225, 0, 140, 95, 80, 112, 288, 47, 307, 86, 53, 32, 66, 64, 68, 62, 35, 241, 482, 42, 45, 9, 291, 249, 14, 11, 74, 54, 261, 265, 143, 337, 47, 58, 159, 302, 74, 30, 137, 20, 317, 107, 311, 159, 53, 46, 46, 7, 63, 168, 176, 12, 155, 188, 44, 186, 55, 6, 10, 96, 18, 28, 39, 166, 140, 171, 25, 48, 46, 60, 72, 9, 192, 17, 18, 27, 32, 16, 0, 70, 64, 225, 33, 88, 602, 171, 118, 132, 178, 36, 282, 110, 34, 135, 63, 4, 134, 221, 20, 37, 46, 257, 290, 161, 1, 175, 41, 297, 75, 3, 344, 11, 103, 387, 116, 197, 227, 185, 9, 6, 11, 65, 28, 39, 162, 230, 52, 118, 513, 15, 22, 66, 85, 314, 2, 111, 149, 227, 73, 109, 52, 211, 99, 347, 71, 166, 9, 38, 72, 35, 75, 12, 32, 4, 92, 177, 56, 334, 8, 41, 193, 196, 152, 252, 19, 195, 64, 263, 107, 59, 262, 194, 19, 83, 84, 22, 169, 199, 338, 524, 255, 241, 292, 25, 52, 159, 258, 391, 126, 11, 129, 206, 0, 152, 146, 57, 29, 123, 39, 75, 113, 249, 286, 3, 120, 50, 340, 153, 8, 3, 253, 315, 115, 349, 93, 263, 43, 252, 132, 274, 237, 168, 32, 353, 145, 33, 183, 279, 255, 290, 59, 128, 319, 36, 73, 154, 47, 194, 358, 111, 20, 143, 2, 120, 31, 288, 32, 8, 23, 20, 175, 134, 36, 13, 14, 24, 114, 284, 138, 78, 398, 77, 54, 331, 20, 263, 335, 162, 11, 131, 26, 144, 32, 124, 55, 16, 6, 115, 199, 400, 40, 131, 15, 378, 51, 62, 81, 240, 46, 148, 134, 125, 100, 38, 10, 8, 105, 115, 65, 128, 240, 146, 182, 27, 26, 12, 12, 143, 184, 36, 8, 130, 1025, 119, 160, 41, 39, 24, 27, 283, 90, 413, 216, 59, 23, 97, 34, 169, 20, 95, 231, 46, 266, 274, 10, 23, 156, 44, 65, 50, 25, 16, 166, 34, 306, 265, 17, 38, 6, 405, 271, 109, 169, 17, 54, 15, 60, 43, 33, 178, 134, 83, 63, 1, 0, 31, 70, 11, 46, 24, 0, 19, 31, 48, 240, 274, 235, 31, 282, 17, 354, 104, 225, 73, 240, 92, 167, 62, 12, 131, 277, 445, 261, 74, 31, 103, 106, 520, 120, 320, 18, 31, 2, 192, 112, 86, 739, 54, 222, 139, 4, 26, 7, 201, 19, 50, 31, 36, 165, 75, 12, 211, 705, 219, 5, 58, 59, 83, 16, 141, 12, 146, 5, 136, 186, 42, 131, 82, 1, 191, 26, 125, 175, 458, 39, 53, 0, 5, 293, 118, 104, 111, 388, 31, 23, 246, 201, 85, 70, 1, 82, 332, 210, 2, 43, 305, 12, 62, 75, 130, 65, 9, 35, 553, 657, 15, 132, 100, 60, 131, 27, 283, 27, 23, 555, 333, 31, 43, 86, 79, 184, 280, 25, 10, 684, 251, 60, 39, 260, 256, 65, 177, 265, 173, 0, 406, 9, 215, 26, 0, 39, 47, 143, 214, 118, 177, 398, 276, 55, 291, 7, 447, 93, 29, 94, 332, 99, 7, 388, 268, 54, 378, 409, 58, 474, 70, 264, 173, 110, 230, 108, 85, 65, 45, 127, 31, 13, 54, 98, 177, 193, 706, 316, 188, 262, 96, 291, 76, 40, 373, 212, 186, 269, 157, 5, 199, 236, 36, 82, 113, 153, 25, 103, 2, 185, 40, 22, 45, 240, 66, 10, 192, 121, 262, 44, 418, 45, 171, 26, 37, 120, 190, 126, 145, 10, 51, 17, 12, 449, 247, 130, 199, 106, 62, 104, 103, 270, 11, 217, 175, 58, 197, 93, 30, 81, 29, 272, 46, 132, 93, 33, 58, 186), biome = c(1L, 1L, 1L, 1L, 2L, 1L, 1L, 1L, 1L, 1L, 1L, 1L, 1L, 1L, 1L, 1L, 1L, 1L, 1L, 1L, 1L, 1L, 1L, 1L, 1L, 1L, 1L, 1L, 1L, 12L, 2L, 12L, 1L, 1L, 1L, 1L, 1L, 1L, 1L, 1L, 1L, 1L, 12L, 1L, 1L, 1L, 1L, 1L, 1L, 1L, 1L, 1L, 1L, 1L, 1L, 1L, 1L, 1L, 1L, 8L, 2L, 1L, 1L, 1L, 1L, 1L, 1L, 1L, 13L, 1L, 1L, 1L, 1L, 1L, 1L, 1L, 1L, 1L, 1L, 1L, 1L, 1L, 1L, 1L, 1L, 1L, 1L, 1L, 12L, 12L, 12L, 1L, 1L, 1L, 1L, 4L, 13L, 2L, 2L, 12L, 1L, 2L, 4L, 1L, 12L, 11L, 1L, 12L, 5L, 1L, 4L, 9L, 1L, 7L, 1L, 1L, 6L, 1L, 1L, 12L, 12L, 9L, 1L, 12L, 1L, 4L, 12L, 7L, 1L, 6L, 1L, 7L, 2L, 7L, 1L, 11L, 1L, 1L, 3L, 1L, 3L, 12L, 1L, 6L, 12L, 7L, 7L, 4L, 9L, 1L, 6L, 1L, 12L, 2L, 12L, 1L, 12L, 9L, 1L, 12L, 11L, 1L, 1L, 5L, 7L, 2L, 1L, 3L, 2L, 5L, 4L, 1L, 1L, 6L, 3L, 1L, 12L, 1L, 1L, 7L, 4L, 7L, 4L, 4L, 12L, 6L, 1L, 12L, 1L, 7L, 1L, 6L, 1L, 9L, 6L, 4L, 1L, 7L, 7L, 4L, 7L, 1L, 3L, 12L, 1L, 1L, 1L, 12L, 1L, 7L, 2L, 1L, 4L, 6L, 11L, 3L, 6L, 9L, 6L, 1L, 2L, 12L, 4L, 1L, 1L, 12L, 12L, 1L, 1L, 1L, 12L, 12L, 9L, 7L, 1L, 1L, 5L, 12L, 1L, 9L, 12L, 1L, 12L, 12L, 1L, 12L, 7L, 1L, 3L, 1L, 1L, 7L, 12L, 1L, 12L, 12L, 4L, 12L, 1L, 4L, 4L, 1L, 12L, 5L, 6L, 7L, 12L, 1L, 6L, 6L, 5L, 2L, 2L, 1L, 1L, 1L, 5L, 1L, 4L, 9L, 1L, 1L, 1L, 2L, 1L, 7L, 5L, 13L, 6L, 12L, 9L, 1L, 7L, 7L, 2L, 1L, 4L, 12L, 6L, 1L, 1L, 1L, 1L, 3L, 1L, 1L, 4L, 7L, 2L, 6L, 12L, 12L, 7L, 4L, 4L, 1L, 6L, 12L, 1L, 4L, 6L, 9L, 6L, 12L, 1L, 1L, 1L, 6L, 1L, 12L, 1L, 1L, 6L, 6L, 2L, 6L, 4L, 1L, 1L, 7L, 2L, 1L, 1L, 2L, 2L, 1L, 7L, 12L, 1L, 6L, 12L, 1L, 2L, 12L, 6L, 1L, 9L, 6L, 1L, 1L, 6L, 7L, 7L, 2L, 7L, 6L, 1L, 12L, 1L, 2L, 1L, 6L, 7L, 12L, 12L, 9L, 2L, 1L, 7L, 7L, 1L, 1L, 6L, 2L, 7L, 6L, 1L, 1L, 12L, 6L, 6L, 9L, 7L, 1L, 6L, 7L, 6L, 4L, 5L, 1L, 11L, 7L, 5L, 1L, 6L, 2L, 1L, 6L, 4L, 1L, 1L, 1L, 1L, 1L, 6L, 12L, 2L, 1L, 12L, 5L, 6L, 5L, 6L, 6L, 1L, 6L, 7L, 6L, 12L, 1L, 2L, 1L, 4L, 1L, 12L, 1L, 6L, 1L, 7L, 1L, 7L, 1L, 2L, 7L, 6L, 2L, 6L, 2L, 1L, 9L, 1L, 1L, 12L, 1L, 7L, 1L, 5L, 1L, 1L, 4L, 12L, 7L, 1L, 4L, 1L, 6L, 4L, 1L, 6L, 1L, 1L, 12L, 1L, 1L, 1L, 1L, 1L, 4L, 6L, 12L, 9L, 1L, 6L, 1L, 1L, 1L, 1L, 1L, 12L, 7L, 4L, 1L, 6L, 7L, 6L, 2L, 12L, 6L, 1L, 9L, 5L, 1L, 1L, 1L, 9L, 9L, 5L, 1L, 2L, 1L, 6L, 1L, 1L, 4L, 8L, 1L, 1L, 6L, 2L, 1L, 1L, 6L, 1L, 1L, 4L, 1L, 1L, 13L, 6L, 7L, 1L, 1L, 7L, 1L, 4L, 2L, 12L, 7L, 9L, 1L, 7L, 5L, 3L, 6L, 2L, 2L, 3L, 13L, 1L, 1L, 2L, 6L, 2L, 1L, 1L, 7L, 1L, 1L, 7L, 1L, 6L, 6L, 1L, 1L, 12L, 2L, 6L, 1L, 2L, 1L, 7L, 11L, 9L, 1L, 1L, 1L, 7L, 1L, 12L, 1L, 1L, 1L, 1L, 4L, 6L, 1L, 1L, 2L, 6L, 1L, 12L, 9L, 1L, 1L, 1L, 1L, 5L, 1L, 1L, 3L, 12L, 6L, 6L, 6L, 1L, 1L, 7L, 1L, 4L, 6L, 1L, 7L, 1L, 12L, 6L, 1L, 7L, 1L, 1L, 12L, 1L, 6L, 3L, 13L, 12L, 6L, 5L, 1L, 1L, 1L, 12L, 12L, 1L, 7L, 6L, 1L, 7L, 6L, 1L, 1L, 1L, 4L, 12L, 12L, 12L, 1L, 4L, 1L, 1L, 6L, 1L, 6L, 7L, 3L, 1L, 1L, 1L, 7L, 1L, 9L, 12L, 12L, 1L, 7L, 2L, 7L, 9L, 2L, 9L, 1L, 4L, 6L, 3L, 3L, 6L, 12L, 1L, 1L, 1L, 7L, 4L, 1L, 7L, 1L, 7L, 8L, 4L, 1L, 5L, 1L, 12L, 4L, 6L, 1L, 1L, 6L, 6L, 1L, 12L, 1L, 1L, 1L, 1L, 7L, 4L, 7L, 12L, 12L, 12L, 5L, 6L, 7L, 7L, 7L, 6L, 1L, 2L, 1L, 1L, 1L, 9L, 12L, 6L, 13L, 6L, 6L, 12L, 8L, 9L, 1L, 1L, 6L, 1L, 6L, 12L, 1L, 7L, 8L, 5L, 1L, 1L, 5L, 12L, 12L, 6L, 12L, 1L, 1L, 1L, 7L, 12L, 1L, 4L, 12L, 1L, 12L, 1L, 1L, 5L, 12L, 6L, 5L, 9L, 12L, 2L, 7L, 2L, 12L, 3L, 1L, 1L, 6L, 6L, 1L, 7L, 6L, 3L, 5L, 1L, 7L, 1L, 6L, 1L, 7L, 4L, 7L, 9L, 1L, 2L, 2L, 1L, 4L, 6L, 6L, 4L, 4L, 2L, 7L, 1L, 1L, 12L, 1L, 12L, 1L, 2L, 12L, 12L, 1L, 6L, 4L, 2L, 3L, 1L, 4L, 12L, 1L, 12L, 1L, 7L, 7L, 1L, 1L, 1L, 12L, 1L, 1L, 7L, 6L, 1L, 9L, 1L, 1L, 4L, 7L, 7L, 1L, 1L, 12L, 6L, 12L, 7L, 12L, 2L, 7L, 1L, 1L, 1L, 1L, 1L, 1L, 4L, 7L, 4L, 7L, 5L, 1L, 1L, 1L, 6L, 6L, 9L, 4L, 5L, 1L, 1L, 2L, 1L, 6L, 1L, 12L, 5L, 7L, 7L, 1L, 5L, 1L, 12L, 1L, 2L, 4L, 7L, 1L, 6L, 7L, 6L, 12L, 1L, 1L, 1L, 1L, 7L, 5L, 2L, 2L, 1L, 1L, 1L, 1L, 1L, 7L, 2L, 1L, 1L, 6L, 7L, 6L, 1L, 1L, 2L, 1L, 8L, 1L, 1L, 5L, 3L, 7L, 1L, 7L, 1L)), p = c(1, 1, 1, 1, 1, 1, 1, 1, 1, 1, 1, 1, 1, 1, 1, 1, 1, 1, 1, 1, 1, 1, 1, 1, 1, 1, 1, 1, 1, 1, 1, 1, 1, 1, 1, 1, 1, 1, 1, 1, 1, 1, 1, 1, 1, 1, 1, 1, 1, 1, 1, 1, 1, 1, 1, 1, 1, 1, 1, 1, 1, 1, 1, 1, 1, 1, 1, 1, 1, 1, 1, 1, 1, 1, 1, 1, 1, 1, 1, 1, 1, 1, 1, 1, 1, 1, 1, 1, 1, 1, 1, 1, 0, 0, 0, 0, 0, 0, 0, 0, 0, 0, 0, 0, 0, 0, 0, 0, 0, 0, 0, 0, 0, 0, 0, 0, 0, 0, 0, 0, 0, 0, 0, 0, 0, 0, 0, 0, 0, 0, 0, 0, 0, 0, 0, 0, 0, 0, 0, 0, 0, 0, 0, 0, 0, 0, 0, 0, 0, 0, 0, 0, 0, 0, 0, 0, 0, 0, 0, 0, 0, 0, 0, 0, 0, 0, 0, 0, 0, 0, 0, 0, 0, 0, 0, 0, 0, 0, 0, 0, 0, 0, 0, 0, 0, 0, 0, 0, 0, 0, 0, 0, 0, 0, 0, 0, 0, 0, 0, 0, 0, 0, 0, 0, 0, 0, 0, 0, 0, 0, 0, 0, 0, 0, 0, 0, 0, 0, 0, 0, 0, 0, 0, 0, 0, 0, 0, 0, 0, 0, 0, 0, 0, 0, 0, 0, 0, 0, 0, 0, 0, 0, 0, 0, 0, 0, 0, 0, 0, 0, 0, 0, 0, 0, 0, 0, 0, 0, 0, 0, 0, 0, 0, 0, 0, 0, 0, 0, 0, 0, 0, 0, 0, 0, 0, 0, 0, 0, 0, 0, 0, 0, 0, 0, 0, 0, 0, 0, 0, 0, 0, 0, 0, 0, 0, 0, 0, 0, 0, 0, 0, 0, 0, 0, 0, 0, 0, 0, 0, 0, 0, 0, 0, 0, 0, 0, 0, 0, 0, 0, 0, 0, 0, 0, 0, 0, 0, 0, 0, 0, 0, 0, 0, 0, 0, 0, 0, 0, 0, 0, 0, 0, 0, 0, 0, 0, 0, 0, 0, 0, 0, 0, 0, 0, 0, 0, 0, 0, 0, 0, 0, 0, 0, 0, 0, 0, 0, 0, 0, 0, 0, 0, 0, 0, 0, 0, 0, 0, 0, 0, 0, 0, 0, 0, 0, 0, 0, 0, 0, 0, 0, 0, 0, 0, 0, 0, 0, 0, 0, 0, 0, 0, 0, 0, 0, 0, 0, 0, 0, 0, 0, 0, 0, 0, 0, 0, 0, 0, 0, 0, 0, 0, 0, 0, 0, 0, 0, 0, 0, 0, 0, 0, 0, 0, 0, 0, 0, 0, 0, 0, 0, 0, 0, 0, 0, 0, 0, 0, 0, 0, 0, 0, 0, 0, 0, 0, 0, 0, 0, 0, 0, 0, 0, 0, 0, 0, 0, 0, 0, 0, 0, 0, 0, 0, 0, 0, 0, 0, 0, 0, 0, 0, 0, 0, 0, 0, 0, 0, 0, 0, 0, 0, 0, 0, 0, 0, 0, 0, 0, 0, 0, 0, 0, 0, 0, 0, 0, 0, 0, 0, 0, 0, 0, 0, 0, 0, 0, 0, 0, 0, 0, 0, 0, 0, 0, 0, 0, 0, 0, 0, 0, 0, 0, 0, 0, 0, 0, 0, 0, 0, 0, 0, 0, 0, 0, 0, 0, 0, 0, 0, 0, 0, 0, 0, 0, 0, 0, 0, 0, 0, 0, 0, 0, 0, 0, 0, 0, 0, 0, 0, 0, 0, 0, 0, 0, 0, 0, 0, 0, 0, 0, 0, 0, 0, 0, 0, 0, 0, 0, 0, 0, 0, 0, 0, 0, 0, 0, 0, 0, 0, 0, 0, 0, 0, 0, 0, 0, 0, 0, 0, 0, 0, 0, 0, 0, 0, 0, 0, 0, 0, 0, 0, 0, 0, 0, 0, 0, 0, 0, 0, 0, 0, 0, 0, 0, 0, 0, 0, 0, 0, 0, 0, 0, 0, 0, 0, 0, 0, 0, 0, 0, 0, 0, 0, 0, 0, 0, 0, 0, 0, 0, 0, 0, 0, 0, 0, 0, 0, 0, 0, 0, 0, 0, 0, 0, 0, 0, 0, 0, 0, 0, 0, 0, 0, 0, 0, 0, 0, 0, 0, 0, 0, 0, 0, 0, 0, 0, 0, 0, 0, 0, 0, 0, 0, 0, 0, 0, 0, 0, 0, 0, 0, 0, 0, 0, 0, 0, 0, 0, 0, 0, 0, 0, 0, 0, 0, 0, 0, 0, 0, 0, 0, 0, 0, 0, 0, 0, 0, 0, 0, 0, 0, 0, 0, 0, 0, 0, 0, 0, 0, 0, 0, 0, 0, 0, 0, 0, 0, 0, 0, 0, 0, 0, 0, 0, 0, 0, 0, 0, 0, 0, 0, 0, 0, 0, 0, 0, 0, 0, 0, 0, 0, 0, 0, 0, 0, 0, 0, 0, 0, 0, 0, 0, 0, 0, 0, 0, 0, 0, 0, 0, 0, 0, 0, 0, 0, 0, 0, 0, 0, 0, 0, 0, 0, 0, 0, 0, 0, 0, 0, 0, 0, 0, 0, 0, 0, 0, 0, 0, 0, 0, 0, 0, 0, 0, 0, 0, 0, 0, 0, 0, 0, 0, 0, 0, 0, 0, 0, 0, 0, 0, 0, 0, 0, 0, 0, 0, 0, 0, 0, 0, 0, 0, 0, 0, 0, 0, 0, 0, 0, 0, 0, 0, 0, 0, 0, 0, 0, 0, 0, 0, 0, 0, 0, 0, 0, 0, 0, 0, 0, 0, 0, 0, 0, 0, 0, 0, 0, 0, 0, 0, 0, 0, 0, 0, 0, 0, 0, 0, 0, 0, 0, 0, 0, 0, 0, 0, 0, 0), args = c("noremoveDuplicates", "noautofeature", "noquadratic", "nohinge", "noproduct", "nothreshold", "betamultiplier=2")) 5: do.call(enm@fun, mod.full.args) 6: cv.enm(d, enm, partitions, tune.tbl.i, doClamp, other.settings, partition.settings, user.val.grps, occs.testing.z, user.eval, algorithm, quiet) 7: tune(d, enm, partitions, tune.tbl, doClamp, other.settings, partition.settings, user.val.grps, occs.testing.z, numCores, parallel, user.eval, algorithm, updateProgress, quiet) 8: ENMevaluate(occs, envs, bg, tune.args = tune.args, partitions = "block", algorithm = alg, categoricals = cats1, overlap = TRUE, quiet = TRUE) 9: eval(code, test_env) 10: eval(code, test_env) 11: withCallingHandlers({ eval(code, test_env) if (!handled && !is.null(test)) { skip_empty() }}, expectation = handle_expectation, skip = handle_skip, warning = handle_warning, message = handle_message, error = handle_error) 12: doTryCatch(return(expr), name, parentenv, handler) 13: tryCatchOne(expr, names, parentenv, handlers[[1L]]) 14: tryCatchList(expr, names[-nh], parentenv, handlers[-nh]) 15: doTryCatch(return(expr), name, parentenv, handler) 16: tryCatchOne(tryCatchList(expr, names[-nh], parentenv, handlers[-nh]), names[nh], parentenv, handlers[[nh]]) 17: tryCatchList(expr, classes, parentenv, handlers) 18: tryCatch(withCallingHandlers({ eval(code, test_env) if (!handled && !is.null(test)) { skip_empty() }}, expectation = handle_expectation, skip = handle_skip, warning = handle_warning, message = handle_message, error = handle_error), error = handle_fatal, skip = function(e) { }) 19: test_code(test = NULL, code = exprs, env = env, reporter = get_reporter() %||% StopReporter$new()) 20: source_file(path, env = env(env), desc = desc, error_call = error_call) 21: FUN(X[[i]], ...) 22: lapply(test_paths, test_one_file, env = env, desc = desc, error_call = error_call) 23: doTryCatch(return(expr), name, parentenv, handler) 24: tryCatchOne(expr, names, parentenv, handlers[[1L]]) 25: tryCatchList(expr, classes, parentenv, handlers) 26: tryCatch(code, testthat_abort_reporter = function(cnd) { cat(conditionMessage(cnd), "\n") NULL}) 27: with_reporter(reporters$multi, lapply(test_paths, test_one_file, env = env, desc = desc, error_call = error_call)) 28: test_files_serial(test_dir = test_dir, test_package = test_package, test_paths = test_paths, load_helpers = load_helpers, reporter = reporter, env = env, stop_on_failure = stop_on_failure, stop_on_warning = stop_on_warning, desc = desc, load_package = load_package, error_call = error_call) 29: test_files(test_dir = path, test_paths = test_paths, test_package = package, reporter = reporter, load_helpers = load_helpers, env = env, stop_on_failure = stop_on_failure, stop_on_warning = stop_on_warning, load_package = load_package, parallel = parallel) 30: test_dir("testthat", package = package, reporter = reporter, ..., load_package = "installed") 31: testthat::test_check("ENMeval") An irrecoverable exception occurred. R is aborting now ... Flavor: r-release-macos-arm64