CRAN Package Check Results for Package EMMREML

Last updated on 2025-07-05 09:49:22 CEST.

Flavor Version Tinstall Tcheck Ttotal Status Flags
r-devel-linux-x86_64-debian-clang 3.1 6.51 52.98 59.49 NOTE
r-devel-linux-x86_64-debian-gcc 3.1 4.22 39.74 43.96 NOTE
r-devel-linux-x86_64-fedora-clang 3.1 90.35 OK
r-devel-linux-x86_64-fedora-gcc 3.1 87.34 OK
r-devel-windows-x86_64 3.1 7.00 64.00 71.00 OK
r-patched-linux-x86_64 3.1 5.93 49.74 55.67 OK
r-release-linux-x86_64 3.1 6.46 49.45 55.91 OK
r-release-macos-arm64 3.1 33.00 OK
r-release-macos-x86_64 3.1 80.00 OK
r-release-windows-x86_64 3.1 7.00 64.00 71.00 OK
r-oldrel-macos-arm64 3.1 28.00 OK
r-oldrel-macos-x86_64 3.1 42.00 OK
r-oldrel-windows-x86_64 3.1 9.00 73.00 82.00 OK

Check Details

Version: 3.1
Check: CRAN incoming feasibility
Result: NOTE Maintainer: ‘Deniz Akdemir <deniz.akdemir.work@gmail.com>’ No Authors@R field in DESCRIPTION. Please add one, modifying Authors@R: c(person(given = "Deniz", family = "Akdemir", role = c("aut", "cre"), email = "deniz.akdemir.work@gmail.com"), person(given = c("Okeke", "Uche"), family = "Godfrey", role = "aut")) as necessary. Flavors: r-devel-linux-x86_64-debian-clang, r-devel-linux-x86_64-debian-gcc