Last updated on 2025-02-19 09:50:48 CET.
Flavor | Version | Tinstall | Tcheck | Ttotal | Status | Flags |
---|---|---|---|---|---|---|
r-devel-linux-x86_64-debian-clang | 1.2.1 | 6.73 | 89.74 | 96.47 | OK | |
r-devel-linux-x86_64-debian-gcc | 1.2.1 | 4.84 | 63.89 | 68.73 | OK | |
r-devel-linux-x86_64-fedora-clang | 1.2.1 | 151.11 | OK | |||
r-devel-linux-x86_64-fedora-gcc | 1.2.1 | 157.83 | OK | |||
r-devel-macos-arm64 | 1.2.1 | 76.00 | OK | |||
r-devel-macos-x86_64 | 1.2.1 | 184.00 | OK | |||
r-devel-windows-x86_64 | 1.2.1 | 11.00 | 125.00 | 136.00 | OK | |
r-patched-linux-x86_64 | 1.2.1 | 6.20 | 85.03 | 91.23 | OK | |
r-release-linux-x86_64 | 1.2.1 | 6.26 | 84.83 | 91.09 | OK | |
r-release-macos-arm64 | 1.2.1 | 67.00 | NOTE | |||
r-release-macos-x86_64 | 1.2.1 | 93.00 | NOTE | |||
r-release-windows-x86_64 | 1.2.1 | 10.00 | 149.00 | 159.00 | ERROR | |
r-oldrel-macos-arm64 | 1.2.1 | 63.00 | NOTE | |||
r-oldrel-macos-x86_64 | 1.2.1 | 124.00 | NOTE | |||
r-oldrel-windows-x86_64 | 1.2.1 | 12.00 | 138.00 | 150.00 | NOTE |
Version: 1.2.1
Check: installed package size
Result: NOTE
installed size is 10.4Mb
sub-directories of 1Mb or more:
doc 5.1Mb
extdata 5.1Mb
Flavors: r-release-macos-arm64, r-release-macos-x86_64, r-release-windows-x86_64, r-oldrel-macos-arm64, r-oldrel-macos-x86_64, r-oldrel-windows-x86_64
Version: 1.2.1
Check: re-building of vignette outputs
Result: ERROR
Error(s) in re-building vignettes:
--- re-building 'EHRtemporalVariability.Rmd' using rmarkdown
Quitting from lines 98-105 [EHRtemporalVariabilityObj1] (EHRtemporalVariability.Rmd)
Error: processing vignette 'EHRtemporalVariability.Rmd' failed with diagnostics:
cannot read from connection
--- failed re-building 'EHRtemporalVariability.Rmd'
SUMMARY: processing the following file failed:
'EHRtemporalVariability.Rmd'
Error: Vignette re-building failed.
Execution halted
Flavor: r-release-windows-x86_64