Last updated on 2025-02-19 09:50:48 CET.
Flavor | Version | Tinstall | Tcheck | Ttotal | Status | Flags |
---|---|---|---|---|---|---|
r-devel-linux-x86_64-debian-clang | 0.1.0 | 6.55 | 68.49 | 75.04 | NOTE | |
r-devel-linux-x86_64-debian-gcc | 0.1.0 | 4.43 | 50.62 | 55.05 | NOTE | |
r-devel-linux-x86_64-fedora-clang | 0.1.0 | 115.88 | NOTE | |||
r-devel-linux-x86_64-fedora-gcc | 0.1.0 | 124.80 | NOTE | |||
r-devel-macos-arm64 | 0.1.0 | 46.00 | OK | |||
r-devel-macos-x86_64 | 0.1.0 | 85.00 | NOTE | |||
r-devel-windows-x86_64 | 0.1.0 | 9.00 | 81.00 | 90.00 | NOTE | |
r-patched-linux-x86_64 | 0.1.0 | 6.43 | 62.93 | 69.36 | OK | |
r-release-linux-x86_64 | 0.1.0 | 5.76 | 63.88 | 69.64 | OK | |
r-release-macos-arm64 | 0.1.0 | 48.00 | OK | |||
r-release-macos-x86_64 | 0.1.0 | 66.00 | OK | |||
r-release-windows-x86_64 | 0.1.0 | 8.00 | 82.00 | 90.00 | OK | |
r-oldrel-macos-arm64 | 0.1.0 | 49.00 | OK | |||
r-oldrel-macos-x86_64 | 0.1.0 | 116.00 | OK | |||
r-oldrel-windows-x86_64 | 0.1.0 | 11.00 | 99.00 | 110.00 | OK |
Version: 0.1.0
Check: DESCRIPTION meta-information
Result: NOTE
Missing dependency on R >= 4.2.0 because package code uses the pipe
placeholder syntax added in R 4.2.0.
File(s) using such syntax:
‘ggm.R’ ‘wfdb-structures.R’
Flavors: r-devel-linux-x86_64-debian-clang, r-devel-linux-x86_64-debian-gcc, r-devel-linux-x86_64-fedora-clang, r-devel-linux-x86_64-fedora-gcc, r-devel-windows-x86_64
Version: 0.1.0
Check: DESCRIPTION meta-information
Result: NOTE
Missing dependency on R >= 4.1.0 because package code uses the pipe
|> or function shorthand \(...) syntax added in R 4.1.0.
File(s) using such syntax:
‘ggm.R’ ‘lspro.R’ ‘muse.R’ ‘wfdb-annotation.R’ ‘wfdb-io.R’
‘wfdb-structures.R’ ‘zzz.R’
Flavor: r-devel-macos-x86_64