Last updated on 2025-02-16 09:50:37 CET.
Flavor | Version | Tinstall | Tcheck | Ttotal | Status | Flags |
---|---|---|---|---|---|---|
r-devel-linux-x86_64-debian-clang | 0.1.2 | 3.14 | 39.67 | 42.81 | OK | |
r-devel-linux-x86_64-debian-gcc | 0.1.2 | 2.52 | 28.08 | 30.60 | OK | |
r-devel-linux-x86_64-fedora-clang | 0.1.2 | 73.07 | OK | |||
r-devel-linux-x86_64-fedora-gcc | 0.1.2 | 66.20 | OK | |||
r-devel-macos-arm64 | 0.1.2 | 23.00 | OK | |||
r-devel-macos-x86_64 | 0.1.2 | 41.00 | OK | |||
r-devel-windows-x86_64 | 0.1.2 | 7.00 | 61.00 | 68.00 | OK | |
r-patched-linux-x86_64 | 0.1.2 | 3.42 | 36.97 | 40.39 | OK | |
r-release-linux-x86_64 | 0.1.2 | 3.24 | 37.02 | 40.26 | OK | |
r-release-macos-arm64 | 0.1.2 | 35.00 | NOTE | |||
r-release-macos-x86_64 | 0.1.2 | 35.00 | NOTE | |||
r-release-windows-x86_64 | 0.1.2 | 6.00 | 68.00 | 74.00 | NOTE | |
r-oldrel-macos-arm64 | 0.1.2 | 31.00 | NOTE | |||
r-oldrel-macos-x86_64 | 0.1.2 | 64.00 | NOTE | |||
r-oldrel-windows-x86_64 | 0.1.2 | 7.00 | 70.00 | 77.00 | NOTE |
Version: 0.1.2
Check: installed package size
Result: NOTE
installed size is 5.8Mb
sub-directories of 1Mb or more:
extdata 5.6Mb
Flavors: r-release-macos-arm64, r-release-macos-x86_64, r-release-windows-x86_64, r-oldrel-macos-arm64, r-oldrel-macos-x86_64, r-oldrel-windows-x86_64