Last updated on 2025-10-27 08:49:51 CET.
| Flavor | Version | Tinstall | Tcheck | Ttotal | Status | Flags | 
|---|---|---|---|---|---|---|
| r-devel-linux-x86_64-debian-clang | 1.1 | 2.24 | 29.06 | 31.30 | NOTE | |
| r-devel-linux-x86_64-debian-gcc | 1.1 | 1.76 | 23.05 | 24.81 | NOTE | |
| r-devel-linux-x86_64-fedora-clang | 1.1 | 47.61 | OK | |||
| r-devel-linux-x86_64-fedora-gcc | 1.1 | 45.07 | OK | |||
| r-devel-windows-x86_64 | 1.1 | 3.00 | 48.00 | 51.00 | OK | |
| r-patched-linux-x86_64 | 1.1 | 2.11 | 27.63 | 29.74 | OK | |
| r-release-linux-x86_64 | 1.1 | 2.45 | 27.89 | 30.34 | OK | |
| r-release-macos-arm64 | 1.1 | 1.00 | 18.00 | 19.00 | OK | |
| r-release-macos-x86_64 | 1.1 | 2.00 | 31.00 | 33.00 | OK | |
| r-release-windows-x86_64 | 1.1 | 3.00 | 51.00 | 54.00 | OK | |
| r-oldrel-macos-arm64 | 1.1 | 1.00 | 17.00 | 18.00 | OK | |
| r-oldrel-macos-x86_64 | 1.1 | 3.00 | 25.00 | 28.00 | OK | |
| r-oldrel-windows-x86_64 | 1.1 | 4.00 | 49.00 | 53.00 | OK | 
Version: 1.1
Check: CRAN incoming feasibility
Result: NOTE
  Maintainer: ‘Sean Ruddy <s.ruddy@yahoo.com>’
  
  No Authors@R field in DESCRIPTION.
  Please add one, modifying
    Authors@R: person(given = "Sean",
                      family = "Ruddy",
                      role = c("aut", "cre"),
                      email = "s.ruddy@yahoo.com")
  as necessary.
Flavors: r-devel-linux-x86_64-debian-clang, r-devel-linux-x86_64-debian-gcc