CRAN Package Check Results for Package DetR

Last updated on 2025-02-20 09:50:46 CET.

Flavor Version Tinstall Tcheck Ttotal Status Flags
r-devel-linux-x86_64-debian-clang 0.0.5 43.87 32.03 75.90 NOTE
r-devel-linux-x86_64-debian-gcc 0.0.5 34.38 27.52 61.90 NOTE
r-devel-linux-x86_64-fedora-clang 0.0.5 134.37 NOTE
r-devel-linux-x86_64-fedora-gcc 0.0.5 137.43 NOTE
r-devel-macos-arm64 0.0.5 39.00 NOTE
r-devel-macos-x86_64 0.0.5 104.00 NOTE
r-devel-windows-x86_64 0.0.5 45.00 62.00 107.00 NOTE
r-patched-linux-x86_64 0.0.5 51.16 34.58 85.74 NOTE
r-release-linux-x86_64 0.0.5 49.94 34.65 84.59 NOTE
r-release-macos-arm64 0.0.5 38.00 NOTE
r-release-macos-x86_64 0.0.5 57.00 NOTE
r-release-windows-x86_64 0.0.5 45.00 61.00 106.00 NOTE
r-oldrel-macos-arm64 0.0.5 42.00 NOTE
r-oldrel-macos-x86_64 0.0.5 66.00 NOTE
r-oldrel-windows-x86_64 0.0.5 57.00 79.00 136.00 NOTE

Check Details

Version: 0.0.5
Check: C++ specification
Result: NOTE Specified C++11: please drop specification unless essential Flavors: r-devel-linux-x86_64-debian-clang, r-devel-linux-x86_64-debian-gcc, r-devel-linux-x86_64-fedora-clang, r-devel-linux-x86_64-fedora-gcc, r-devel-macos-arm64, r-devel-macos-x86_64, r-devel-windows-x86_64, r-patched-linux-x86_64, r-release-linux-x86_64, r-release-macos-arm64, r-release-macos-x86_64, r-release-windows-x86_64, r-oldrel-macos-arm64, r-oldrel-macos-x86_64, r-oldrel-windows-x86_64

Version: 0.0.5
Check: Rd cross-references
Result: NOTE Found the following Rd file(s) with Rd \link{} targets missing package anchors: DetLTS.Rd: h.alpha.n OGKCStep.Rd: h.alpha.n Please provide package anchors for all Rd \link{} targets not in the package itself and the base packages. Flavors: r-devel-linux-x86_64-debian-clang, r-devel-linux-x86_64-debian-gcc, r-devel-windows-x86_64

Version: 0.0.5
Check: installed package size
Result: NOTE installed size is 19.5Mb sub-directories of 1Mb or more: libs 18.7Mb Flavors: r-release-macos-arm64, r-release-macos-x86_64, r-oldrel-macos-arm64, r-oldrel-macos-x86_64