Last updated on 2025-02-16 09:50:37 CET.
Flavor | Version | Tinstall | Tcheck | Ttotal | Status | Flags |
---|---|---|---|---|---|---|
r-devel-linux-x86_64-debian-clang | 0.0.104 | 3.20 | 30.31 | 33.51 | OK | |
r-devel-linux-x86_64-debian-gcc | 0.0.104 | 1.98 | 22.92 | 24.90 | OK | |
r-devel-linux-x86_64-fedora-clang | 0.0.104 | 54.19 | NOTE | |||
r-devel-linux-x86_64-fedora-gcc | 0.0.104 | 50.00 | NOTE | |||
r-devel-macos-arm64 | 0.0.104 | 22.00 | OK | |||
r-devel-macos-x86_64 | 0.0.104 | 34.00 | OK | |||
r-devel-windows-x86_64 | 0.0.104 | 5.00 | 54.00 | 59.00 | OK | |
r-patched-linux-x86_64 | 0.0.104 | 3.52 | 28.58 | 32.10 | OK | |
r-release-linux-x86_64 | 0.0.104 | 2.83 | 28.45 | 31.28 | OK | |
r-release-macos-arm64 | 0.0.104 | 20.00 | OK | |||
r-release-macos-x86_64 | 0.0.104 | 48.00 | OK | |||
r-release-windows-x86_64 | 0.0.104 | 6.00 | 54.00 | 60.00 | OK | |
r-oldrel-macos-arm64 | 0.0.104 | 29.00 | OK | |||
r-oldrel-macos-x86_64 | 0.0.104 | 40.00 | OK | |||
r-oldrel-windows-x86_64 | 0.0.104 | 6.00 | 59.00 | 65.00 | OK |
Version: 0.0.104
Check: dependencies in R code
Result: NOTE
Namespaces in Imports field not imported from:
‘Hmisc’ ‘class’ ‘e1071’ ‘gam’ ‘gbm’ ‘glmnet’ ‘randomForest’ ‘weights’
‘xgboost’
All declared Imports should be used.
Flavors: r-devel-linux-x86_64-fedora-clang, r-devel-linux-x86_64-fedora-gcc