CRAN Package Check Results for Package DatastreamR

Last updated on 2025-04-16 09:52:57 CEST.

Flavor Version Tinstall Tcheck Ttotal Status Flags
r-devel-linux-x86_64-debian-clang 2.0.4 17.58 28.68 46.26 OK
r-devel-linux-x86_64-debian-gcc 2.0.4 11.60 22.20 33.80 OK
r-devel-linux-x86_64-fedora-clang 2.0.4 73.86 NOTE
r-devel-linux-x86_64-fedora-gcc 2.0.4 72.03 NOTE
r-devel-windows-x86_64 2.0.4 17.00 51.00 68.00 OK
r-patched-linux-x86_64 2.0.4 18.55 28.44 46.99 OK
r-release-linux-x86_64 2.0.4 14.50 28.28 42.78 OK
r-release-macos-arm64 2.0.4 39.00 OK
r-release-macos-x86_64 2.0.4 54.00 OK
r-release-windows-x86_64 2.0.4 17.00 51.00 68.00 OK
r-oldrel-macos-arm64 2.0.4 32.00 OK
r-oldrel-macos-x86_64 2.0.4 41.00 OK
r-oldrel-windows-x86_64 2.0.4 22.00 55.00 77.00 OK

Check Details

Version: 2.0.4
Check: dependencies in R code
Result: NOTE Namespaces in Imports field not imported from: ‘jsonlite’ ‘methods’ All declared Imports should be used. Flavors: r-devel-linux-x86_64-fedora-clang, r-devel-linux-x86_64-fedora-gcc