Last updated on 2025-02-19 09:50:47 CET.
Flavor | Version | Tinstall | Tcheck | Ttotal | Status | Flags |
---|---|---|---|---|---|---|
r-devel-linux-x86_64-debian-clang | 0.4.2 | 10.91 | 120.16 | 131.07 | OK | |
r-devel-linux-x86_64-debian-gcc | 0.4.2 | 7.00 | 83.41 | 90.41 | OK | |
r-devel-linux-x86_64-fedora-clang | 0.4.2 | 206.93 | NOTE | |||
r-devel-linux-x86_64-fedora-gcc | 0.4.2 | 206.37 | NOTE | |||
r-devel-macos-arm64 | 0.4.2 | 74.00 | OK | |||
r-devel-macos-x86_64 | 0.4.2 | 144.00 | OK | |||
r-devel-windows-x86_64 | 0.4.2 | 13.00 | 174.00 | 187.00 | OK | |
r-patched-linux-x86_64 | 0.4.2 | 11.92 | 113.90 | 125.82 | OK | |
r-release-linux-x86_64 | 0.4.2 | 9.97 | 111.97 | 121.94 | OK | |
r-release-macos-arm64 | 0.4.2 | 64.00 | OK | |||
r-release-macos-x86_64 | 0.4.2 | 166.00 | OK | |||
r-release-windows-x86_64 | 0.4.2 | 16.00 | 172.00 | 188.00 | OK | |
r-oldrel-macos-arm64 | 0.4.2 | 68.00 | OK | |||
r-oldrel-macos-x86_64 | 0.4.2 | 112.00 | OK | |||
r-oldrel-windows-x86_64 | 0.4.2 | 18.00 | 200.00 | 218.00 | OK |
Version: 0.4.2
Check: dependencies in R code
Result: NOTE
Namespace in Imports field not imported from: ‘DT’
All declared Imports should be used.
Flavors: r-devel-linux-x86_64-fedora-clang, r-devel-linux-x86_64-fedora-gcc