Last updated on 2025-02-16 09:50:37 CET.
Flavor | Version | Tinstall | Tcheck | Ttotal | Status | Flags |
---|---|---|---|---|---|---|
r-devel-linux-x86_64-debian-clang | 2.2 | 7.75 | 32.79 | 40.54 | NOTE | |
r-devel-linux-x86_64-debian-gcc | 2.2 | 4.93 | 24.67 | 29.60 | NOTE | |
r-devel-linux-x86_64-fedora-clang | 2.2 | 65.62 | NOTE | |||
r-devel-linux-x86_64-fedora-gcc | 2.2 | 60.17 | NOTE | |||
r-devel-macos-arm64 | 2.2 | 22.00 | OK | |||
r-devel-macos-x86_64 | 2.2 | 38.00 | NOTE | |||
r-devel-windows-x86_64 | 2.2 | 8.00 | 54.00 | 62.00 | NOTE | |
r-patched-linux-x86_64 | 2.2 | 6.59 | 31.09 | 37.68 | OK | |
r-release-linux-x86_64 | 2.2 | 6.97 | 30.94 | 37.91 | OK | |
r-release-macos-arm64 | 2.2 | 21.00 | OK | |||
r-release-macos-x86_64 | 2.2 | 32.00 | OK | |||
r-release-windows-x86_64 | 2.2 | 8.00 | 55.00 | 63.00 | OK | |
r-oldrel-macos-arm64 | 2.2 | 41.00 | OK | |||
r-oldrel-macos-x86_64 | 2.2 | 60.00 | OK | |||
r-oldrel-windows-x86_64 | 2.2 | 7.00 | 82.00 | 89.00 | OK |
Version: 2.2
Check: DESCRIPTION meta-information
Result: NOTE
Missing dependency on R >= 4.1.0 because package code uses the pipe
|> or function shorthand \(...) syntax added in R 4.1.0.
File(s) using such syntax:
‘Ahat.R’ ‘DTRreg.R’ ‘DWsurv.R’ ‘dtrProcedure.R’ ‘gest.R’
‘inputProcessing.R’ ‘interactive.R’ ‘treatmentClasses.R’ ‘utils.R’
‘varest.R’
Flavors: r-devel-linux-x86_64-debian-clang, r-devel-linux-x86_64-debian-gcc, r-devel-linux-x86_64-fedora-clang, r-devel-linux-x86_64-fedora-gcc, r-devel-macos-x86_64, r-devel-windows-x86_64