CRAN Package Check Results for Package DTAXG

Last updated on 2025-02-16 09:50:37 CET.

Flavor Version Tinstall Tcheck Ttotal Status Flags
r-devel-linux-x86_64-debian-clang 0.1.0 1.43 16.34 17.77 OK
r-devel-linux-x86_64-debian-gcc 0.1.0 1.34 13.81 15.15 OK
r-devel-linux-x86_64-fedora-clang 0.1.0 30.08 OK
r-devel-linux-x86_64-fedora-gcc 0.1.0 27.75 OK
r-devel-macos-arm64 0.1.0 16.00 OK
r-devel-macos-x86_64 0.1.0 22.00 OK
r-devel-windows-x86_64 0.1.0 2.00 36.00 38.00 OK
r-patched-linux-x86_64 0.1.0 1.75 15.51 17.26 NOTE
r-release-linux-x86_64 0.1.0 1.61 15.71 17.32 NOTE
r-release-macos-arm64 0.1.0 14.00 NOTE
r-release-macos-x86_64 0.1.0 21.00 NOTE
r-release-windows-x86_64 0.1.0 3.00 37.00 40.00 NOTE
r-oldrel-macos-arm64 0.1.0 16.00 NOTE
r-oldrel-macos-x86_64 0.1.0 18.00 NOTE
r-oldrel-windows-x86_64 0.1.0 5.00 37.00 42.00 NOTE

Check Details

Version: 0.1.0
Check: LazyData
Result: NOTE 'LazyData' is specified without a 'data' directory Flavors: r-patched-linux-x86_64, r-release-linux-x86_64, r-release-macos-arm64, r-release-macos-x86_64, r-release-windows-x86_64, r-oldrel-macos-arm64, r-oldrel-macos-x86_64, r-oldrel-windows-x86_64