Last updated on 2025-02-16 09:50:37 CET.
Flavor | Version | Tinstall | Tcheck | Ttotal | Status | Flags |
---|---|---|---|---|---|---|
r-devel-linux-x86_64-debian-clang | 0.3-7 | 14.35 | 142.86 | 157.21 | NOTE | |
r-devel-linux-x86_64-debian-gcc | 0.3-7 | 9.42 | 104.64 | 114.06 | NOTE | |
r-devel-linux-x86_64-fedora-clang | 0.3-7 | 246.40 | OK | |||
r-devel-linux-x86_64-fedora-gcc | 0.3-7 | 246.90 | OK | |||
r-devel-macos-arm64 | 0.3-7 | 89.00 | OK | |||
r-devel-macos-x86_64 | 0.3-7 | 145.00 | OK | |||
r-devel-windows-x86_64 | 0.3-7 | 17.00 | 188.00 | 205.00 | NOTE | |
r-patched-linux-x86_64 | 0.3-7 | 21.09 | 130.77 | 151.86 | OK | |
r-release-linux-x86_64 | 0.3-7 | 13.27 | 130.55 | 143.82 | OK | |
r-release-macos-arm64 | 0.3-7 | 80.00 | OK | |||
r-release-macos-x86_64 | 0.3-7 | 119.00 | OK | |||
r-release-windows-x86_64 | 0.3-7 | 16.00 | 189.00 | 205.00 | OK | |
r-oldrel-macos-arm64 | 0.3-7 | 91.00 | OK | |||
r-oldrel-macos-x86_64 | 0.3-7 | 192.00 | OK | |||
r-oldrel-windows-x86_64 | 0.3-7 | 19.00 | 230.00 | 249.00 | OK |
Version: 0.3-7
Check: Rd cross-references
Result: NOTE
Found the following Rd file(s) with Rd \link{} targets missing package
anchors:
Onoue.Friberg.Rd: pomp
Please provide package anchors for all Rd \link{} targets not in the
package itself and the base packages.
Flavors: r-devel-linux-x86_64-debian-clang, r-devel-linux-x86_64-debian-gcc, r-devel-windows-x86_64