Last updated on 2025-02-16 09:50:37 CET.
Flavor | Version | Tinstall | Tcheck | Ttotal | Status | Flags |
---|---|---|---|---|---|---|
r-devel-linux-x86_64-debian-clang | 0.1.1 | 43.76 | 124.48 | 168.24 | NOTE | |
r-devel-linux-x86_64-debian-gcc | 0.1.1 | 31.67 | 113.65 | 145.32 | NOTE | |
r-devel-linux-x86_64-fedora-clang | 0.1.1 | 309.33 | NOTE | |||
r-devel-linux-x86_64-fedora-gcc | 0.1.1 | 377.60 | NOTE | |||
r-devel-macos-arm64 | 0.1.1 | 136.00 | NOTE | |||
r-devel-macos-x86_64 | 0.1.1 | 257.00 | NOTE | |||
r-devel-windows-x86_64 | 0.1.1 | 49.00 | 175.00 | 224.00 | NOTE | |
r-patched-linux-x86_64 | 0.1.1 | 44.20 | 173.41 | 217.61 | NOTE | |
r-release-linux-x86_64 | 0.1.1 | 44.84 | 173.15 | 217.99 | NOTE | |
r-release-macos-arm64 | 0.1.1 | 122.00 | NOTE | |||
r-release-macos-x86_64 | 0.1.1 | 173.00 | NOTE | |||
r-release-windows-x86_64 | 0.1.1 | 50.00 | 181.00 | 231.00 | NOTE | |
r-oldrel-macos-arm64 | 0.1.1 | 135.00 | NOTE | |||
r-oldrel-macos-x86_64 | 0.1.1 | 206.00 | NOTE | |||
r-oldrel-windows-x86_64 | 0.1.1 | 61.00 | 236.00 | 297.00 | NOTE |
Version: 0.1.1
Check: C++ specification
Result: NOTE
Specified C++11: please drop specification unless essential
Flavors: r-devel-linux-x86_64-debian-clang, r-devel-linux-x86_64-debian-gcc, r-devel-linux-x86_64-fedora-clang, r-devel-linux-x86_64-fedora-gcc, r-devel-macos-arm64, r-devel-macos-x86_64, r-devel-windows-x86_64, r-patched-linux-x86_64, r-release-linux-x86_64, r-release-macos-arm64, r-release-macos-x86_64, r-release-windows-x86_64, r-oldrel-macos-arm64, r-oldrel-macos-x86_64, r-oldrel-windows-x86_64