Last updated on 2025-02-16 09:50:37 CET.
Flavor | Version | Tinstall | Tcheck | Ttotal | Status | Flags |
---|---|---|---|---|---|---|
r-devel-linux-x86_64-debian-clang | 0.0.4 | 7.75 | 202.97 | 210.72 | OK | |
r-devel-linux-x86_64-debian-gcc | 0.0.4 | 4.55 | 131.41 | 135.96 | OK | |
r-devel-linux-x86_64-fedora-clang | 0.0.4 | 339.39 | OK | |||
r-devel-linux-x86_64-fedora-gcc | 0.0.4 | 323.26 | OK | |||
r-devel-macos-arm64 | 0.0.4 | 86.00 | OK | |||
r-devel-macos-x86_64 | 0.0.4 | 229.00 | OK | |||
r-devel-windows-x86_64 | 0.0.4 | 8.00 | 183.00 | 191.00 | OK | |
r-patched-linux-x86_64 | 0.0.4 | 7.54 | 188.29 | 195.83 | NOTE | |
r-release-linux-x86_64 | 0.0.4 | 6.14 | 188.82 | 194.96 | NOTE | |
r-release-macos-arm64 | 0.0.4 | 84.00 | NOTE | |||
r-release-macos-x86_64 | 0.0.4 | 138.00 | NOTE | |||
r-release-windows-x86_64 | 0.0.4 | 10.00 | 176.00 | 186.00 | NOTE | |
r-oldrel-macos-arm64 | 0.0.4 | 91.00 | NOTE | |||
r-oldrel-macos-x86_64 | 0.0.4 | 175.00 | NOTE | |||
r-oldrel-windows-x86_64 | 0.0.4 | 11.00 | 227.00 | 238.00 | NOTE |
Version: 0.0.4
Check: LazyData
Result: NOTE
'LazyData' is specified without a 'data' directory
Flavors: r-patched-linux-x86_64, r-release-linux-x86_64, r-release-macos-arm64, r-release-macos-x86_64, r-release-windows-x86_64, r-oldrel-macos-arm64, r-oldrel-macos-x86_64, r-oldrel-windows-x86_64